{"id":10093,"date":"2024-03-01T16:25:11","date_gmt":"2024-03-01T15:25:11","guid":{"rendered":"https:\/\/archivista.ch\/cms\/?page_id=10093"},"modified":"2025-01-08T02:01:41","modified_gmt":"2025-01-08T01:01:41","slug":"fernzugriff-mit-2024-iii","status":"publish","type":"page","link":"https:\/\/archivista.ch\/cms\/de\/aktuell-blog\/blogs-2024\/fernzugriff-mit-2024-iii\/","title":{"rendered":"Fernzugriff mit 2024\/III"},"content":{"rendered":"<h1>ArchivistaBox in 5 Minuten im Internet<\/h1>\n<p><em><strong>Egg, 1. M\u00e4rz:<\/strong> Mit dem Release 2023\/III besteht neu die M\u00f6glichkeit, die eigene ArchivistaBox mit ein paar Klicks Im Internet verf\u00fcgbar zu machen. Wer m\u00f6chte, kann selbst den SSH-Zugang \u00f6ffnen. Letzteres ist z.B. f\u00fcr Support-Arbeiten hilfreich. Der Clou bei der neuen Version 2023\/III ist, dass f\u00fcr den Web-Zugang der ArchivistaBox keine Anpassungen am Router notwendig sind. Wie dies funktioniert, davon handelt dieser Blog. <\/em><\/p>\n<p><em><a href=\"https:\/\/archivista.ch\/cms\/wp-content\/uploads\/2024\/03\/sertig2.jpg\"><img loading=\"lazy\" decoding=\"async\" class=\"alignnone size-full wp-image-10098\" src=\"https:\/\/archivista.ch\/cms\/wp-content\/uploads\/2024\/03\/sertig2.jpg\" alt=\"\" width=\"1920\" height=\"1080\" srcset=\"https:\/\/archivista.ch\/cms\/wp-content\/uploads\/2024\/03\/sertig2.jpg 1920w, https:\/\/archivista.ch\/cms\/wp-content\/uploads\/2024\/03\/sertig2-300x169.jpg 300w, https:\/\/archivista.ch\/cms\/wp-content\/uploads\/2024\/03\/sertig2-1024x576.jpg 1024w, https:\/\/archivista.ch\/cms\/wp-content\/uploads\/2024\/03\/sertig2-768x432.jpg 768w, https:\/\/archivista.ch\/cms\/wp-content\/uploads\/2024\/03\/sertig2-600x338.jpg 600w, https:\/\/archivista.ch\/cms\/wp-content\/uploads\/2024\/03\/sertig2-1536x864.jpg 1536w, https:\/\/archivista.ch\/cms\/wp-content\/uploads\/2024\/03\/sertig2-624x351.jpg 624w\" sizes=\"auto, (max-width: 1920px) 100vw, 1920px\" \/><\/a><\/em><\/p>\n<h2>Quelloffene Remote-Software <strong><a href=\"https:\/\/pagekite.net\">pagekite.net<\/a><\/strong><\/h2>\n<p>Um vom Internet aus auf einen heimischen Rechner zugreifen zu k\u00f6nnen, gibt es zwei M\u00f6glichkeiten. Entweder wird die eigene Firewall (z.T. auch im Router integriert) angepasst oder aber es wird eine Software f\u00fcr die Fernwartung verwendet, welche das Zuordnen der privaten Adresse auf einen \u00f6ffentlichen Namen im Internet \u00fcbernimmt.<\/p>\n<p>Die erste M\u00f6glichkeit erfordert fundierte Kenntnisse einer Firewall bzw. des Routers und bei der zweiten L\u00f6sung fallen mitunter happige Lizenzgeb\u00fchren an. Abgesehen davon sind diese L\u00f6sungen meistens nicht wirklich transparent, da die verwendete Software im Quellcode (Sourcen) nicht offengelegt ist. Mitunter ist auch die Installation nicht wirklich einfach und Clients, welche mit Linux laufen (z.B. f\u00fcr ArchivistaBox bzw. AVMultimedia) gibt es auch nicht viele.<\/p>\n<p>Die L\u00f6sung des isl\u00e4ndischen Anbieters <strong><a href=\"https:\/\/pagekite.net\">pagekite.net<\/a><\/strong> bildet hier eine l\u00f6bliche Ausnahme. Erstens besteht die L\u00f6sung aus einer Datei (verf\u00fcgbar f\u00fcr Windows, Mac und Linux) und zweitens ist der Quellcode offengelegt. Wie oben erw\u00e4hnt, bedarf es bei L\u00f6sungen, welche ohne Konfiguration der Firewall bzw. des Routers auskommen, eines Dritten.<\/p>\n<p>Diesen Service bietet <strong><a href=\"https:\/\/pagekite.net\">pagekite.net<\/a><\/strong> zu sehr moderaten Konditionen an. Das Prinzip lautet: <strong>Pay What You Want.<\/strong> Im privaten Rahmen l\u00e4sst sich der Service kostenfrei nutzen. Im kommerziellen Rahmen fallen Lizenzgeb\u00fchren von derzeit j\u00e4hrlich 36 USD an. Wer mag, kann auch einen eigenen Mittler-Server aufbauen; dieses Szenario wird hier jedoch aus Gr\u00fcnden der Einfachheit nicht beschrieben.<\/p>\n<h2>Einrichten einer ArchivistaBox mit <strong><a href=\"https:\/\/pagekite.net\">pagekite.net<\/a><\/strong><\/h2>\n<p>Um eine ArchivistaBox (ab Version 2024\/III) im Internet verf\u00fcgbar zu machen, ist <strong>WebConfig<\/strong> aufzurufen. Dort finden sich bei den <strong>Dienste verwalten<\/strong> die folgenden Felder:<\/p>\n<p><a href=\"https:\/\/archivista.ch\/cms\/wp-content\/uploads\/2024\/03\/fernwartung.png\"><img loading=\"lazy\" decoding=\"async\" class=\"alignnone size-full wp-image-10095\" src=\"https:\/\/archivista.ch\/cms\/wp-content\/uploads\/2024\/03\/fernwartung.png\" alt=\"\" width=\"1044\" height=\"417\" srcset=\"https:\/\/archivista.ch\/cms\/wp-content\/uploads\/2024\/03\/fernwartung.png 1044w, https:\/\/archivista.ch\/cms\/wp-content\/uploads\/2024\/03\/fernwartung-300x120.png 300w, https:\/\/archivista.ch\/cms\/wp-content\/uploads\/2024\/03\/fernwartung-1024x409.png 1024w, https:\/\/archivista.ch\/cms\/wp-content\/uploads\/2024\/03\/fernwartung-768x307.png 768w, https:\/\/archivista.ch\/cms\/wp-content\/uploads\/2024\/03\/fernwartung-600x240.png 600w, https:\/\/archivista.ch\/cms\/wp-content\/uploads\/2024\/03\/fernwartung-624x249.png 624w\" sizes=\"auto, (max-width: 1044px) 100vw, 1044px\" \/><\/a><\/p>\n<p>Um die ArchivistaBox freizugeben, ist das <strong>H\u00e4kchen bei Fernwartung zu aktivieren<\/strong> (siehe oben). Bei <strong>Server f\u00fcr Remote-Zugriff<\/strong> ist eine Pagekite-Instanz anzugeben. Eine solche kann \u00fcber <strong><a href=\"https:\/\/pagekite.net\">pagekite.net<\/a><\/strong> angelegt werden. Bei den beiden Passwort-Feldern ist der Wert des Feldes <strong>&#8217;secret&#8216;,<\/strong> das im angelegten Konto festgelegt wird, einzutragen. Mit <strong>Einstellungen jetzt vornehmen<\/strong> erfolgt die Freigabe der ArchivistaBox im Internet (Web-Zugang).<\/p>\n<p>Aus Gr\u00fcnden der Sicherheit wird derzeit ArchivistaVM nicht freigeschaltet. Ebenfalls nicht freigeschaltet wird der ArchivistaBox-Desktop. Wer einen vollen Zugriff auf die ArchivistaBox gew\u00e4hren m\u00f6chte, kann <strong>SSH-Zugriff \u00f6ffnen<\/strong> aktivieren. <strong>Wer bei SSH nur Bahnhof versteht, l\u00e4sst das H\u00e4kchen deaktiviert.<\/strong><\/p>\n<p>Die ArchivistaBox kann nun \u00fcber die Webadresse, welche unter <strong>Server f\u00fcr Remote-Zugriff<\/strong> (obenstehend w\u00e4re dies yourname.pagekite.me) festgelegt wurde, erreicht werden. So einfach das Freischalten der ArchivistaBox ist, die Freigabe der ArchivistaBox im Internet bedeutet, dass alle Personen, welche die Passw\u00f6rter der betreffenden ArchivistaBox kennen, auch zugreifen k\u00f6nnen. <strong>Wird kein Zugriff ben\u00f6tigt, sollte daher das H\u00e4kchen bei Fernwartung deaktiviert werden.<\/strong><\/p>\n<p>Wird gew\u00fcnscht, dass explizit keine Fernwartung \u00fcber WebConfig m\u00f6glich ist, kann auf dem ArchivistaBox-Desktop im Ordner \/home\/archivista\/data die Datei remoteblock anlegen. Dann ist die Funktionalit\u00e4t \u00fcber das Web-Interface WebConfig dauerhaft deaktiviert.<strong><br \/>\n<\/strong><\/p>\n<p><em><a href=\"https:\/\/archivista.ch\/cms\/wp-content\/uploads\/2024\/03\/sertig3.jpg\"><img loading=\"lazy\" decoding=\"async\" class=\"alignnone size-full wp-image-10099\" src=\"https:\/\/archivista.ch\/cms\/wp-content\/uploads\/2024\/03\/sertig3.jpg\" alt=\"\" width=\"1920\" height=\"1080\" srcset=\"https:\/\/archivista.ch\/cms\/wp-content\/uploads\/2024\/03\/sertig3.jpg 1920w, https:\/\/archivista.ch\/cms\/wp-content\/uploads\/2024\/03\/sertig3-300x169.jpg 300w, https:\/\/archivista.ch\/cms\/wp-content\/uploads\/2024\/03\/sertig3-1024x576.jpg 1024w, https:\/\/archivista.ch\/cms\/wp-content\/uploads\/2024\/03\/sertig3-768x432.jpg 768w, https:\/\/archivista.ch\/cms\/wp-content\/uploads\/2024\/03\/sertig3-600x338.jpg 600w, https:\/\/archivista.ch\/cms\/wp-content\/uploads\/2024\/03\/sertig3-1536x864.jpg 1536w, https:\/\/archivista.ch\/cms\/wp-content\/uploads\/2024\/03\/sertig3-624x351.jpg 624w\" sizes=\"auto, (max-width: 1920px) 100vw, 1920px\" \/><\/a><\/em><\/p>\n<h2>Was bedeutet die neue L\u00f6sung f\u00fcr unsere Kundschaft ?<\/h2>\n<p>Die neue L\u00f6sung kann gerne im Support mit der ArchivistaBox verwendet werden. Sie bietet prim\u00e4r eine gute Alternative zu den kommerziellen Anbietern. Wie bereits in einem <strong><a href=\"https:\/\/archivista.ch\/cms\/de\/aktuell-blog\/blogs-2023\/x2go-und-auftragsstopp\/\">fr\u00fcheren Blog erw\u00e4hnt, k\u00f6nnen wir aus Gr\u00fcnden der Kapazit\u00e4t nicht jede L\u00f6sung im Standard-Wartungsvertrag unterst\u00fctzen.<\/a><\/strong><\/p>\n<p>Der Aufwand f\u00fcr das Einrichten einer individualisierten Software des Kunden ist nach wie vor m\u00f6glich. Die Erfahrung lehrt aber, dass der Aufwand in den letzten Jahren massiv angewachsen ist. Daher ist neu f\u00fcr <strong><a href=\"https:\/\/archivista.ch\/cms\/de\/support\/\">individualisierte Kunden-L\u00f6sungen bei der Fernwartung ein Platin-Wartungsvertrag notwendig.<\/a><\/strong> Dabei werden allf\u00e4llige Kosten f\u00fcr Lizenzen und der Aufwand f\u00fcr das Installieren der gew\u00fcnschten Fernwartung in Rechnung gestellt. Davon ausgenommen sind selbstverst\u00e4ndlich L\u00f6sungen, welche mit SSH realisiert sind.<\/p>\n<p><em><a href=\"https:\/\/archivista.ch\/cms\/wp-content\/uploads\/2024\/03\/sertig1.jpg\"><img loading=\"lazy\" decoding=\"async\" class=\"alignnone size-full wp-image-10097\" src=\"https:\/\/archivista.ch\/cms\/wp-content\/uploads\/2024\/03\/sertig1.jpg\" alt=\"\" width=\"1920\" height=\"1020\" srcset=\"https:\/\/archivista.ch\/cms\/wp-content\/uploads\/2024\/03\/sertig1.jpg 1920w, https:\/\/archivista.ch\/cms\/wp-content\/uploads\/2024\/03\/sertig1-300x159.jpg 300w, https:\/\/archivista.ch\/cms\/wp-content\/uploads\/2024\/03\/sertig1-1024x544.jpg 1024w, https:\/\/archivista.ch\/cms\/wp-content\/uploads\/2024\/03\/sertig1-768x408.jpg 768w, https:\/\/archivista.ch\/cms\/wp-content\/uploads\/2024\/03\/sertig1-600x319.jpg 600w, https:\/\/archivista.ch\/cms\/wp-content\/uploads\/2024\/03\/sertig1-1536x816.jpg 1536w, https:\/\/archivista.ch\/cms\/wp-content\/uploads\/2024\/03\/sertig1-624x332.jpg 624w\" sizes=\"auto, (max-width: 1920px) 100vw, 1920px\" \/><\/a><\/em><\/p>\n<h2>Darum gibt es die neue L\u00f6sung so nicht f\u00fcr AVMultimedia<\/h2>\n<p>Die realisierte L\u00f6sung bei der ArchivistaBox erfordert zwingend, dass ein Web-Server vorhanden ist. Dies ist bei AVMultimedia nicht der Fall. Der Einsatz von pagekite.py l\u00e4sst sich aber jederzeit \u00fcber das Herunterkopieren dieser Datei auf den AVMultimedia-Desktop realisieren, genauso wie der Einsatz ja f\u00fcr alle Desktop-Computer (Windows, Mac wie Linux) sehr einfach und jederzeit m\u00f6glich ist. Die Installation und Konfiguration ist auf der <strong><a href=\"https:\/\/pagekite.net\">pagekite.net-Homepage<\/a><\/strong> gut beschrieben.<\/p>\n<p>&nbsp;<\/p>\n\n\n\n\t<div class=\"dkpdf-button-container\" style=\"            text-align:right \">\n\n\t\t<a class=\"dkpdf-button\" href=\"\/cms\/wp-json\/wp\/v2\/pages\/10093?pdf=10093\" target=\"_blank\"><span class=\"dkpdf-button-icon\"><i class=\"fa fa-file-pdf-o\"><\/i><\/span> PDF Button<\/a>\n\n\t<\/div>\n\n\n\n\n\n","protected":false},"excerpt":{"rendered":"<p>ArchivistaBox in 5 Minuten im Internet Egg, 1. M\u00e4rz: Mit dem Release 2023\/III besteht neu die M\u00f6glichkeit, die eigene ArchivistaBox mit ein paar Klicks Im Internet verf\u00fcgbar zu machen. Wer m\u00f6chte, kann selbst den SSH-Zugang \u00f6ffnen. Letzteres ist z.B. f\u00fcr Support-Arbeiten hilfreich. Der Clou bei der neuen Version 2023\/III ist, dass f\u00fcr den Web-Zugang der [&hellip;]<\/p>\n","protected":false},"author":1,"featured_media":0,"parent":10635,"menu_order":33,"comment_status":"closed","ping_status":"closed","template":"","meta":{"_acf_changed":false,"footnotes":""},"class_list":["post-10093","page","type-page","status-publish","hentry"],"acf":[],"_links":{"self":[{"href":"https:\/\/archivista.ch\/cms\/wp-json\/wp\/v2\/pages\/10093","targetHints":{"allow":["GET"]}}],"collection":[{"href":"https:\/\/archivista.ch\/cms\/wp-json\/wp\/v2\/pages"}],"about":[{"href":"https:\/\/archivista.ch\/cms\/wp-json\/wp\/v2\/types\/page"}],"author":[{"embeddable":true,"href":"https:\/\/archivista.ch\/cms\/wp-json\/wp\/v2\/users\/1"}],"replies":[{"embeddable":true,"href":"https:\/\/archivista.ch\/cms\/wp-json\/wp\/v2\/comments?post=10093"}],"version-history":[{"count":11,"href":"https:\/\/archivista.ch\/cms\/wp-json\/wp\/v2\/pages\/10093\/revisions"}],"predecessor-version":[{"id":10101,"href":"https:\/\/archivista.ch\/cms\/wp-json\/wp\/v2\/pages\/10093\/revisions\/10101"}],"up":[{"embeddable":true,"href":"https:\/\/archivista.ch\/cms\/wp-json\/wp\/v2\/pages\/10635"}],"wp:attachment":[{"href":"https:\/\/archivista.ch\/cms\/wp-json\/wp\/v2\/media?parent=10093"}],"curies":[{"name":"wp","href":"https:\/\/api.w.org\/{rel}","templated":true}]}}