{"id":11288,"date":"2025-11-25T00:45:24","date_gmt":"2025-11-24T23:45:24","guid":{"rendered":"https:\/\/archivista.ch\/cms\/?page_id=11288"},"modified":"2026-02-28T10:47:13","modified_gmt":"2026-02-28T09:47:13","slug":"archivistavm-2025-xi","status":"publish","type":"page","link":"https:\/\/archivista.ch\/cms\/de\/aktuell-blog\/blogs-2025\/archivistavm-2025-xi\/","title":{"rendered":"ArchivistaVM 2025\/XI"},"content":{"rendered":"<h1>Windows11 einfach und easy<\/h1>\n<p><em><strong>Egg, 24. November 2025:<\/strong> Viele unserer Kunden haben in den letzten Monaten von Windows10 auf Windows11 migriert. F\u00fcr Kunden von ArchivistaDMS und\/oder ArchivistaERP \u00e4ndert sich nichts. Die Nutzung des Web-Browsers bleibt unter Windows11 gleich\u00a0 wie unter Windos10. Einzig Kunden, welche ArchivistaVM, unsere Virtualisierungsplattform, einsetzen, finden mit ArchivistaVM 2025\/XI ein Upgrade, um Windows11-Instanzen einfach(er) aufzusetzen und zu pflegen.<\/em><\/p>\n<p><a href=\"https:\/\/archivista.ch\/cms\/wp-content\/uploads\/2025\/11\/greifensee1a.jpg\"><img loading=\"lazy\" decoding=\"async\" class=\"alignnone size-full wp-image-11292\" src=\"https:\/\/archivista.ch\/cms\/wp-content\/uploads\/2025\/11\/greifensee1a.jpg\" alt=\"\" width=\"1920\" height=\"1080\" srcset=\"https:\/\/archivista.ch\/cms\/wp-content\/uploads\/2025\/11\/greifensee1a.jpg 1920w, https:\/\/archivista.ch\/cms\/wp-content\/uploads\/2025\/11\/greifensee1a-300x169.jpg 300w, https:\/\/archivista.ch\/cms\/wp-content\/uploads\/2025\/11\/greifensee1a-1024x576.jpg 1024w, https:\/\/archivista.ch\/cms\/wp-content\/uploads\/2025\/11\/greifensee1a-768x432.jpg 768w, https:\/\/archivista.ch\/cms\/wp-content\/uploads\/2025\/11\/greifensee1a-1536x864.jpg 1536w, https:\/\/archivista.ch\/cms\/wp-content\/uploads\/2025\/11\/greifensee1a-600x338.jpg 600w, https:\/\/archivista.ch\/cms\/wp-content\/uploads\/2025\/11\/greifensee1a-624x351.jpg 624w\" sizes=\"auto, (max-width: 1920px) 100vw, 1920px\" \/><\/a><\/p>\n<h2>Virtualisierung ist und bleibt Virtualisierung<\/h2>\n<p>Eines sei vorweg gesagt, Windows11 kann ohne Probleme auch auf einer \u00e4lteren Version der ArchivistaBox installiert werden. In diesem Sinne ist das Update nicht zwingend notwendig. Einige Dinge sind in Windows11 etwas speziell(er) gel\u00f6st, und darum ergibt das Update bzw. die Hilfestellung in diesem Beitrag doch Sinn.<\/p>\n<p>Da sind zun\u00e4chst einmal die &#8222;Systemvoraussetzung&#8220;, dass Windows11 an sich Trusted Plattform Manager 2.0 ben\u00f6tigt und weiter verlangt Windows11 ohne &#8222;Nachhilfe&#8220; SecureBoot. Beide Punkte sind in virtuellen Umgebungen eher sinnlos denn hilfreich.<\/p>\n<p>Der Vorteil der Virtualisierung liegt ja gerade darin, dass virtuelle Instanzen einfach von der Hardware A) auf B) migriert werden k\u00f6nnen. Sinn und Zweck (optimistisch formuliert) von SecureBoot und TPM 2.0 sind aber, dass Windows penibel \u00fcberpr\u00fcft, dass keine \u00c4nderungen an der Hardware vorgenommen werden.<\/p>\n<p>Im Prinzip k\u00f6nnen mit KVM (bzw. ArchivistaVM) sowohl TPM 2.0 als auch SecureBoot (inklusive Verschl\u00fcsselung mit BitLocker) genutzt werden, doch ist dies nicht zu empfehlen. Derart erstellte Instanzen k\u00f6nnen sp\u00e4ter entweder gar nicht oder dann nur mit erh\u00f6htem Aufwand auf eine neue Hard- oder Software bei der Virtualisierung &#8222;gez\u00fcgelt&#8220; werden.<\/p>\n<h2>Installation Windows11 mit bypass.iso<\/h2>\n<p>Nun ist die Installation von Windows11 aber auch ohne diese &#8222;Features&#8220; m\u00f6glich, sofern w\u00e4hrend der Installation ein paar Eintr\u00e4ge in der Registry (Systemeinstellungen) ge\u00e4ndert werden. Diese Befehle sind etwas kryptisch. Am einfachsten lassen sich diese Befehle \u00fcber eine gute alte <strong><a href=\"https:\/\/archivista.ch\/cms\/wp-content\/uploads\/2025\/11\/bypass.zip\">Batch-Datei aurufen. Diese findet sich (hier gezippt) zum Download.<\/a><\/strong> Die Datei &#8218;bypass.zip&#8216; auspacken und \u00fcber ArchivistaVM zu den ISO-Dateien hochladen. An erster Stelle sollte die Windows-Installations-ISO liegen, an zweiter Stelle bypass.iso.<\/p>\n<p>Nach dem Start von Windows11 kann mit Shift+F10 die Konsole aufgerufen werden. Danach einmal &#8218;d:&#8216; eingeben und danach &#8217;setup.bat&#8216;. Damit werden die notwendigen\u00a0 Registry-Eintr\u00e4ge aktiviert. Danach kann die Installation problemlos erfolgen. F\u00fcr jene, die wissen m\u00f6chten, was <strong>setup.bat<\/strong> macht, hier die Kopie:<\/p>\n<pre><strong>@echo off<\/strong>\r\n<strong>title \ufe0f Bypass Windows 11 Requirements - Safe Registry Tweaks<\/strong>\r\n<strong>color 0A<\/strong>\r\n\r\n<strong>echo ====================================================<\/strong>\r\n<strong>echo Windows 11 Bypass Script (TPM, RAM, Secure Boot)<\/strong>\r\n<strong>echo ====================================================<\/strong>\r\n<strong>echo.<\/strong>\r\n\r\n<strong>echo \u27a4 Adding Registry keys to skip hardware checks...<\/strong>\r\n\r\n<strong>reg add \"HKLM\\SYSTEM\\Setup\\LabConfig\" \/v BypassTPMCheck \/t REG_DWORD \/d 1 \/f<\/strong>\r\n<strong>reg add \"HKLM\\SYSTEM\\Setup\\LabConfig\" \/v BypassSecureBootCheck \/t REG_DWORD \/d 1 \/f<\/strong>\r\n<strong>reg add \"HKLM\\SYSTEM\\Setup\\LabConfig\" \/v BypassRAMCheck \/t REG_DWORD \/d 1 \/f<\/strong>\r\n<strong>reg add \"HKLM\\SYSTEM\\Setup\\LabConfig\" \/v BypassCPUCheck \/t REG_DWORD \/d 1 \/f<\/strong>\r\n<strong>reg add \"HKLM\\SYSTEM\\Setup\\LabConfig\" \/v BypassStorageCheck \/t REG_DWORD \/d 1 \/f<\/strong>\r\n\r\n<strong>echo.<\/strong>\r\n<strong>echo \u2705 Success: Windows 11 setup bypasses applied.<\/strong>\r\n<strong>pause<\/strong><\/pre>\n<p>Nat\u00fcrlich k\u00f6nnten die einzelnen Eintr\u00e4ge auch auf der Kommandozeile eingegeben werden, dies ist aber umst\u00e4ndlich, &#8217;setup.bat&#8216; ist deutlich einfacher. Am Ende der Installation sollten die \u00fcblichen Punkte bereinigt werden (z.B. Indizierung auf Laufwerke ausschalten, etc).<\/p>\n<h2>Optimierungen bei der CPU<\/h2>\n<p>Leider kann es vorkommen, dass Windows11 bei der Installation oder einer Migration (andere VM-Umgebung oder von einer physikalischen Maschine) zuweilen nicht startet. In diesem Fall kann bei der entsprechenden Instanz oben der Reiter &#8218;Optionen&#8216; und darin im Feld &#8218;Optionen&#8216; die CPU optimiert werden:<\/p>\n<pre><strong>-cpu host,hv_relaxed,hv_spinlocks=0x1fff,hv_vapic,hv_time<\/strong><\/pre>\n<p>Mit &#8218;-cpu host&#8216; wird sichergestellt, dass die native CPU des physikalischen Rechners verwendet wird. Die \u00fcbrigen Parameter sind nicht prim\u00e4r zwingend, k\u00f6nnen aber helfen, die Zeit zwischen dem nativen Rechner und des Windows11-Gastes zu synchronisieren.<\/p>\n<p><a href=\"https:\/\/archivista.ch\/cms\/wp-content\/uploads\/2025\/11\/greifensee2a.jpg\"><img loading=\"lazy\" decoding=\"async\" class=\"alignnone size-full wp-image-11293\" src=\"https:\/\/archivista.ch\/cms\/wp-content\/uploads\/2025\/11\/greifensee2a.jpg\" alt=\"\" width=\"1920\" height=\"1080\" srcset=\"https:\/\/archivista.ch\/cms\/wp-content\/uploads\/2025\/11\/greifensee2a.jpg 1920w, https:\/\/archivista.ch\/cms\/wp-content\/uploads\/2025\/11\/greifensee2a-300x169.jpg 300w, https:\/\/archivista.ch\/cms\/wp-content\/uploads\/2025\/11\/greifensee2a-1024x576.jpg 1024w, https:\/\/archivista.ch\/cms\/wp-content\/uploads\/2025\/11\/greifensee2a-768x432.jpg 768w, https:\/\/archivista.ch\/cms\/wp-content\/uploads\/2025\/11\/greifensee2a-1536x864.jpg 1536w, https:\/\/archivista.ch\/cms\/wp-content\/uploads\/2025\/11\/greifensee2a-600x338.jpg 600w, https:\/\/archivista.ch\/cms\/wp-content\/uploads\/2025\/11\/greifensee2a-624x351.jpg 624w\" sizes=\"auto, (max-width: 1920px) 100vw, 1920px\" \/><\/a><\/p>\n<h2>Festplatten-Treiber optimieren<\/h2>\n<p>Bei ArchivistaVM arbeitet im Unterbau KVM. Mit den konventionellen IDE-Treibern k\u00f6nnen die Festplatten nur &#8222;recht&#8220; gem\u00e4chlich (ca. 70 MByte\/Sekunde) angesprochen werden. Deutlich mehr Speed geht mit den Virtio-Treibern. Diese k\u00f6nnen <strong><a href=\"https:\/\/fedorapeople.org\/groups\/virt\/virtio-win\/direct-downloads\/latest-virtio\/virtio-win.iso\">unter diesem Link als ISO-Datei<\/a><\/strong> bezogen werden.<\/p>\n<p><em><strong>Hinweis:<\/strong> Im Prinzip k\u00f6nnten die Virtio-Treiber auch bei der Installation aktiviert werden. Da der entsprechende Eintrag aber gut versteckt ist, d\u00fcrfte es einfacher sein, die Installation selber mit IDE-Festplatten durchzuf\u00fchren und erst danach die Virtio-Treiber zu aktivieren.<\/em><\/p>\n<p>Um von den klassischen IDE-Treibern auf Virtio zu &#8222;migrieren&#8220;, sind folgende Schritte notwendig.<\/p>\n<ol>\n<li>Virtio-Treiber-ISO-Datei \u00fcber CD-Laufwerk (bei Hardware) einbinden.<\/li>\n<li>Eine leere virtio-Festplatte bei Hardware hinzuf\u00fcgen. <strong>Wichtig: Windows aktiviert die Virtio-Treiber nur, wenn minimal ein Virtio-Datentr\u00e4ger vorhanden ist.<\/strong><\/li>\n<li>Windows11 starten.<\/li>\n<li>In Windows11 das Setup-Programm f\u00fcr die Virtio-Treiber starten.<\/li>\n<li>Windows11 herunterfahren.<\/li>\n<li>Die leere Virtio-Festplatte bei der Instanz entfernen. <strong>Wichtig: Der n\u00e4chste Punkt arbeitet nur, wenn keine Virtio-Platten vorhanden sind.<\/strong><\/li>\n<li>Die origin\u00e4re(n) Festplatte(n) von IDE auf Virtio umstellen. Dazu bei Hardware und einer IDE-Platte den Button links und auf den Eintrag &#8218;IDE=&gt;Virtio&#8216; klicken. Das Format wird danach in der Konfigurationsdatei von IDE auf Virtio ge\u00e4ndert.<\/li>\n<li>Windows11 starten, die Virtio-Treiber werden automatisch aktiviert<\/li>\n<\/ol>\n<p>F\u00fcr Punkt 7 ist ArchivistaVM 2025\/XI (oder sp\u00e4ter) notwendig. In fr\u00fcheren Versionen m\u00fcssten in der conf-Datei (\/etc\/qemu-server\/xxx.conf) die Eintr\u00e4ge manuell von &#8218;ide&#8216; auf &#8218;virtio&#8216; ge\u00e4ndert werden.<\/p>\n<p><em><strong>Hinweis:<\/strong> Virtio-Treiber gibt es auch f\u00fcr die Netzwerkkarten. Um die Umstellung hier vorzunehmen, kann (bei ausgeschalteter Instanz!) bei Hardware die aktuelle Mac-Adresse in den Zwischenspeicher kopiert werden. Danach die Netzwerkkarte (meist e1000) l\u00f6schen und anschliessend als &#8218;virtio&#8216;-Karte neu anlegen (Einf\u00fcgen der alten Mac-Adresse sehr empfohlen, aber nicht zwingend).<\/em><\/p>\n<h2>Maschinen &#8222;hart&#8220; herunterfahren<\/h2>\n<p>Aus der t\u00e4glichen Praxis wurde berichtet, dass unter bestimmten Umst\u00e4nden Windows11 aktuell nicht \u00fcber &#8218;Herunterfahren&#8216; und manchmal auch nicht \u00fcber &#8218;Stopp&#8216; abgeschaltet werden kann. Auch wenn derartige Probleme meistens mit entsprechenden \u00c4nderungen in der Registry (Stichwort ACPI) gel\u00f6st werden k\u00f6nnen, so steht ab Version 2025\/XI neu der Button &#8218;Kill&#8216; zur Verf\u00fcgung. Damit k\u00f6nnen Instanzen (mit allen Konsequenzen) \u00fcber die Job-Nummer ultimativ beendet werden.<\/p>\n<p><em><strong>Hinweis:<\/strong> Sollten beim Ausf\u00fchren von &#8218;Kill&#8216; noch nicht alle Inhalte auf der Festplatte gespeichert sein, so sind diese Daten verloren. Das Beenden einer Instanz mit &#8218;Kill&#8216; erfolgt daher auf eigene Gefahr.<\/em><\/p>\n<h2>UEFI direkt im Setup<\/h2>\n<p>Bisher musste \u00fcber den Reiter &#8218;Optionen&#8216; und das Feld &#8218;Optionen&#8216; UEFI manuell aktiviert werden. Neu ab Version 2025\/XI steht daf\u00fcr die Option &#8218;UEFI&#8216; zur Verf\u00fcgung. Entweder kann UEFI direkt beim Erstellen einer Instanz aktiviert werden oder aber die Option wird im Reiter &#8218;Optionen&#8216; und dort unter &#8218;UEFI&#8216; aktiviert bzw. auch wieder deaktiviert.<\/p>\n<p><a href=\"https:\/\/archivista.ch\/cms\/wp-content\/uploads\/2025\/11\/greifensee3a.jpg\"><img loading=\"lazy\" decoding=\"async\" class=\"alignnone size-full wp-image-11294\" src=\"https:\/\/archivista.ch\/cms\/wp-content\/uploads\/2025\/11\/greifensee3a.jpg\" alt=\"\" width=\"1920\" height=\"1080\" srcset=\"https:\/\/archivista.ch\/cms\/wp-content\/uploads\/2025\/11\/greifensee3a.jpg 1920w, https:\/\/archivista.ch\/cms\/wp-content\/uploads\/2025\/11\/greifensee3a-300x169.jpg 300w, https:\/\/archivista.ch\/cms\/wp-content\/uploads\/2025\/11\/greifensee3a-1024x576.jpg 1024w, https:\/\/archivista.ch\/cms\/wp-content\/uploads\/2025\/11\/greifensee3a-768x432.jpg 768w, https:\/\/archivista.ch\/cms\/wp-content\/uploads\/2025\/11\/greifensee3a-1536x864.jpg 1536w, https:\/\/archivista.ch\/cms\/wp-content\/uploads\/2025\/11\/greifensee3a-600x338.jpg 600w, https:\/\/archivista.ch\/cms\/wp-content\/uploads\/2025\/11\/greifensee3a-624x351.jpg 624w\" sizes=\"auto, (max-width: 1920px) 100vw, 1920px\" \/><\/a><\/p>\n<h2>Optionale Parameter (z.B. Tastatur) setzen<\/h2>\n<p>In ArchivistaVM ist es seit Urzeiten m\u00f6glich, optionale Parameter \u00fcber den Reiter &#8218;Optionen&#8216; und dort beim Feld &#8218;Optionen&#8216; zu setzten. Obenstehend wurde das Verfahren f\u00fcr das Ansprechen einer bestimmten CPU bereits vorgestellt. In diesem Feld k\u00f6nnen aber s\u00e4mtliche KVM\/Qemu-Befehle hinterlegt werden.<\/p>\n<p>Als Beispiel sei hier das Setzen einer bestimmten Tastatur angef\u00fchrt. Mit &#8218;-k de&#8216; z.B. wird eine deutsche Tastatur aktiviert, mit &#8218;-k de-ch&#8216; die Schweizer-Tastatur. Wer eine franz\u00f6sische Tastatur verwenden m\u00f6chte, erh\u00e4lt diese mit &#8218;-k fr&#8216;.<\/p>\n<h2>Kommando-Zeile mit qm<\/h2>\n<p>Das gesamte KVM-Interface von ArchivistaVM kann auch \u00fcber das Terminal genutzt werden. Mit &#8218;qm list&#8216; l\u00e4sst sich eine Liste aller Instanzen erfragen. MIt &#8218;qm start xxx&#8216; kann die Instanz &#8218;xxx&#8216; gestartet werden, mit &#8218;qm stop xxx&#8216; wird die Maschine umgehend herunter gefahren. Die Gesamtliste aller Befehle kann mit &#8218;qm help&#8216; erfragt werden.<\/p>\n<h2>ArchivistaVM 2025\/XI: Einfach und easy<\/h2>\n<p>Mit der neuen Version von ArchivistaVM wird Virtualisierung noch einfacher als sie es bisher bereits war. ArchivistaVM steht auf jeder ArchivistaBox zur Verf\u00fcgung.<\/p>\n\n\n\n\t<div class=\"dkpdf-button-container\" style=\"            text-align:right \">\n\n\t\t<a class=\"dkpdf-button\" href=\"\/cms\/wp-json\/wp\/v2\/pages\/11288?pdf=11288\" target=\"_blank\"><span class=\"dkpdf-button-icon\"><i class=\"fa fa-file-pdf-o\"><\/i><\/span> PDF Button<\/a>\n\n\t<\/div>\n\n\n\n\n\n","protected":false},"excerpt":{"rendered":"<p>Windows11 einfach und easy Egg, 24. November 2025: Viele unserer Kunden haben in den letzten Monaten von Windows10 auf Windows11 migriert. F\u00fcr Kunden von ArchivistaDMS und\/oder ArchivistaERP \u00e4ndert sich nichts. Die Nutzung des Web-Browsers bleibt unter Windows11 gleich\u00a0 wie unter Windos10. Einzig Kunden, welche ArchivistaVM, unsere Virtualisierungsplattform, einsetzen, finden mit ArchivistaVM 2025\/XI ein Upgrade, um [&hellip;]<\/p>\n","protected":false},"author":1,"featured_media":0,"parent":11356,"menu_order":12,"comment_status":"closed","ping_status":"closed","template":"","meta":{"_acf_changed":false,"footnotes":""},"class_list":["post-11288","page","type-page","status-publish","hentry"],"acf":[],"_links":{"self":[{"href":"https:\/\/archivista.ch\/cms\/wp-json\/wp\/v2\/pages\/11288","targetHints":{"allow":["GET"]}}],"collection":[{"href":"https:\/\/archivista.ch\/cms\/wp-json\/wp\/v2\/pages"}],"about":[{"href":"https:\/\/archivista.ch\/cms\/wp-json\/wp\/v2\/types\/page"}],"author":[{"embeddable":true,"href":"https:\/\/archivista.ch\/cms\/wp-json\/wp\/v2\/users\/1"}],"replies":[{"embeddable":true,"href":"https:\/\/archivista.ch\/cms\/wp-json\/wp\/v2\/comments?post=11288"}],"version-history":[{"count":5,"href":"https:\/\/archivista.ch\/cms\/wp-json\/wp\/v2\/pages\/11288\/revisions"}],"predecessor-version":[{"id":11299,"href":"https:\/\/archivista.ch\/cms\/wp-json\/wp\/v2\/pages\/11288\/revisions\/11299"}],"up":[{"embeddable":true,"href":"https:\/\/archivista.ch\/cms\/wp-json\/wp\/v2\/pages\/11356"}],"wp:attachment":[{"href":"https:\/\/archivista.ch\/cms\/wp-json\/wp\/v2\/media?parent=11288"}],"curies":[{"name":"wp","href":"https:\/\/api.w.org\/{rel}","templated":true}]}}