{"id":11468,"date":"2026-04-15T14:34:08","date_gmt":"2026-04-15T12:34:08","guid":{"rendered":"https:\/\/archivista.ch\/cms\/?page_id=11468"},"modified":"2026-04-15T22:58:56","modified_gmt":"2026-04-15T20:58:56","slug":"comfyui-integration","status":"publish","type":"page","link":"https:\/\/archivista.ch\/cms\/de\/aktuell-blog\/comfyui-integration\/","title":{"rendered":"ComfyUI-Integration"},"content":{"rendered":"<h1>Aggressive K\u00fche auf der ArchivistaBox<\/h1>\n<p><em><strong>Egg, 15. April:<\/strong> Ab sofort ist die Integration von ComfyUI f\u00fcr die ArchivistaBox AGPLv3 erh\u00e4ltlich. ComfyUI, noch nie davon geh\u00f6rt? Kein Problem, in diesem Blog wird aufgezeigt, was ComfyUI ist. Weiter wird anhand eines Beispieles mit &#8222;aggressiven K\u00fchen&#8220; gezeigt, welche Resultate aktuell mit Open Source m\u00f6glich sind und drittens wird am Ende die Installation auf der ArchivistaBox so erkl\u00e4rt, dass sie m\u00fchelos gelingt.<\/em><\/p>\n<p><a href=\"https:\/\/archivista.ch\/cms\/wp-content\/uploads\/2026\/04\/blume.jpg\"><img loading=\"lazy\" decoding=\"async\" class=\"alignnone size-full wp-image-11479\" src=\"https:\/\/archivista.ch\/cms\/wp-content\/uploads\/2026\/04\/blume.jpg\" alt=\"\" width=\"1920\" height=\"1088\" srcset=\"https:\/\/archivista.ch\/cms\/wp-content\/uploads\/2026\/04\/blume.jpg 1920w, https:\/\/archivista.ch\/cms\/wp-content\/uploads\/2026\/04\/blume-300x170.jpg 300w, https:\/\/archivista.ch\/cms\/wp-content\/uploads\/2026\/04\/blume-1024x580.jpg 1024w, https:\/\/archivista.ch\/cms\/wp-content\/uploads\/2026\/04\/blume-768x435.jpg 768w, https:\/\/archivista.ch\/cms\/wp-content\/uploads\/2026\/04\/blume-1536x870.jpg 1536w, https:\/\/archivista.ch\/cms\/wp-content\/uploads\/2026\/04\/blume-600x340.jpg 600w, https:\/\/archivista.ch\/cms\/wp-content\/uploads\/2026\/04\/blume-624x354.jpg 624w\" sizes=\"auto, (max-width: 1920px) 100vw, 1920px\" \/><\/a><\/p>\n<h2>Was ist ComfyUI?<\/h2>\n<p>Wer mit KI-Modellen arbeiten m\u00f6chte, ben\u00f6tigt dazu ein Programm, mit dem den Modellen gesagt wird, was zu tun ist. Ich m\u00f6chte dies an einem Beispiel erl\u00e4utern. f\u00fcr das Projekt <strong><a href=\"https:\/\/ch1291.ch\/cms\" target=\"_blank\" rel=\"noopener\">https:\/\/ch1291.ch<\/a><\/strong> sollte ein kurzer Song bzw. Clip entstehen, um das Vrohaben vorzustellen. Zun\u00e4chst hier der Link, um den Clip anzusehen:<\/p>\n<blockquote class=\"wp-embedded-content\" data-secret=\"cN4JjOgKdy\"><p><a href=\"https:\/\/ch1291.ch\/cms\/ch1291-ch-der-song\/\">Start und Songs f\u00fcr das Projekt<\/a><\/p><\/blockquote>\n<p><iframe loading=\"lazy\" class=\"wp-embedded-content\" sandbox=\"allow-scripts\" security=\"restricted\" style=\"position: absolute; visibility: hidden;\" title=\"&#171;Start und Songs f\u00fcr das Projekt&#187; &#8211; ch1291.ch - Zu Fuss einmal um die Schweiz\" src=\"https:\/\/ch1291.ch\/cms\/ch1291-ch-der-song\/embed\/#?secret=5Y2u9l4sM9#?secret=cN4JjOgKdy\" data-secret=\"cN4JjOgKdy\" width=\"600\" height=\"338\" frameborder=\"0\" marginwidth=\"0\" marginheight=\"0\" scrolling=\"no\"><\/iframe><\/p>\n<p>Dabei wurde ein Song \u00fcber 90 Sekunden in den Sprachen Mundar, Hochdeutsch, Franz\u00f6sisch, Italienisch und Englisch erstellt. Ebenso wurden f\u00fcr den Clip 21 Bilder generiert, um den Song bildlich im wahrsten Sinne des Wortes zu untermalen. In einer Sequenz geht es um das Konfliktpotential zwischen Mensch und K\u00fchen beim Wandern. Dies w\u00e4re in der Realit\u00e4t etwas schwierig zu realisieren. Wer will schon K\u00fche provozieren, um eine gute Aufnahme zu erhalten? Ebenso wird wohl niemand die Kamera z\u00fccken, wenn die K\u00fche im Anmarsch sind.<\/p>\n<p>Im Prinzip k\u00f6nnte \u00fcber ein Bildbearbeitungsprogramm versucht werden, K\u00fche und ein Mensch in Szene zu setzen. Ist aber nicht ganz einfach und auch Profis d\u00fcrften hier gefordert sein. Ein klassischer Fall f\u00fcr die KI.<\/p>\n<p>Damit dies gelingt, braucht es a) eine gute Grafikkarte, b) ein Modell, das aus Texten Bilder erzeugt und c) ein Programm, dass dem Modell sagt, was zu tun ist. Idealerweise arbeitet dieses Programm als Web-Applikation. Klar ist zudem, bei einem Modell, das lokal l\u00e4uft, soll auch das Programm, um diesen Job zu erledigen, lokal laufen. Genau dies bietet ComfyUI. Einmal installiert, kann aus einer Vielzahl von Vorlagen der Job sehr einfach auf dem lokalen Rechner erledigt werden.<\/p>\n<p><a href=\"https:\/\/archivista.ch\/cms\/wp-content\/uploads\/2026\/04\/comfyui1.jpg\"><img loading=\"lazy\" decoding=\"async\" class=\"alignnone size-full wp-image-11471\" src=\"https:\/\/archivista.ch\/cms\/wp-content\/uploads\/2026\/04\/comfyui1.jpg\" alt=\"\" width=\"1550\" height=\"965\" srcset=\"https:\/\/archivista.ch\/cms\/wp-content\/uploads\/2026\/04\/comfyui1.jpg 1550w, https:\/\/archivista.ch\/cms\/wp-content\/uploads\/2026\/04\/comfyui1-300x187.jpg 300w, https:\/\/archivista.ch\/cms\/wp-content\/uploads\/2026\/04\/comfyui1-1024x638.jpg 1024w, https:\/\/archivista.ch\/cms\/wp-content\/uploads\/2026\/04\/comfyui1-768x478.jpg 768w, https:\/\/archivista.ch\/cms\/wp-content\/uploads\/2026\/04\/comfyui1-1536x956.jpg 1536w, https:\/\/archivista.ch\/cms\/wp-content\/uploads\/2026\/04\/comfyui1-600x374.jpg 600w, https:\/\/archivista.ch\/cms\/wp-content\/uploads\/2026\/04\/comfyui1-624x388.jpg 624w\" sizes=\"auto, (max-width: 1550px) 100vw, 1550px\" \/><\/a><\/p>\n<h2>Vier Modelle versuchen ihr Gl\u00fcck<\/h2>\n<p>Die Anzahl der Modelle mag am Anfang bei ComfyUI etwas verwirrend sein. Letztlich ist es aber einfach so, dass es mittlerweile eine beachtliche Anzahl von freien KI-Modellen gibt, sozusagen ganz nach dem Motto, wer die Wahl hat, hat die Qual.<\/p>\n<p>Vorweg sei gesagt, einfache Aufgaben gelingen mit s\u00e4mtlichen Modellen. Beispiel: &#8222;Erstelle ein Bild, das eine Blumenwiese zeigt&#8220;. Schwieriger wird der Fall, wenn die Szene komplexer ist. In unserem Beispiel soll eine Szene mit vier aggressiven K\u00fchen entstehen, bei welcher der Wanderer fl\u00fcchtet:<\/p>\n<blockquote><p>Vier aggressive K\u00fche in den Alpen in der N\u00e4he vom Mont-Blanc greifen \u00e4lteren m\u00e4nnlichen Wanderer mit Rucksack von hinten an, Wanderer und K\u00fche rennen in gleiche Richtung, es regnet in Str\u00f6men<\/p><\/blockquote>\n<p>Warum ist dies nicht so einfach f\u00fcr die KI? Erstens sollen es ja nicht einfach vier K\u00fche sein, sondern sie sollen aggressiv dreinschauen. Zweitens gesellt sich der Wanderer dazu, der Angst vor den K\u00fchen hat und fl\u00fcchtet. Und drittens bringt es ja nichts, wenn der Wanderer angstvoll zu den K\u00fchen hinrennt, denn dies w\u00e4re ja eine Art Kamikaze-Aktion. Also, der Wanderer muss in die gleiche Richtung wie die K\u00fche rennen, und \u00fcberdies vor und nicht hinter den K\u00fchen. Die Kulisse, dass es in der N\u00e4he des Mont-Blanc spielen soll, dient dazu da, herauszufinden, ob das Modell mit geographischen Begebenheiten klarkommt. \u00dcberdies wurde noch der Regen eingebaut, dann macht eine Flucht bekanntlich am meisten Spass ;-)<\/p>\n<h3>ZImage-Turbo: Der strauchelnde Wanderer<\/h3>\n<p><a href=\"https:\/\/archivista.ch\/cms\/wp-content\/uploads\/2026\/04\/kuh0a.jpg\"><img loading=\"lazy\" decoding=\"async\" class=\"alignnone size-full wp-image-11483\" src=\"https:\/\/archivista.ch\/cms\/wp-content\/uploads\/2026\/04\/kuh0a.jpg\" alt=\"\" width=\"1920\" height=\"1088\" srcset=\"https:\/\/archivista.ch\/cms\/wp-content\/uploads\/2026\/04\/kuh0a.jpg 1920w, https:\/\/archivista.ch\/cms\/wp-content\/uploads\/2026\/04\/kuh0a-300x170.jpg 300w, https:\/\/archivista.ch\/cms\/wp-content\/uploads\/2026\/04\/kuh0a-1024x580.jpg 1024w, https:\/\/archivista.ch\/cms\/wp-content\/uploads\/2026\/04\/kuh0a-768x435.jpg 768w, https:\/\/archivista.ch\/cms\/wp-content\/uploads\/2026\/04\/kuh0a-1536x870.jpg 1536w, https:\/\/archivista.ch\/cms\/wp-content\/uploads\/2026\/04\/kuh0a-600x340.jpg 600w, https:\/\/archivista.ch\/cms\/wp-content\/uploads\/2026\/04\/kuh0a-624x354.jpg 624w\" sizes=\"auto, (max-width: 1920px) 100vw, 1920px\" \/><\/a><\/p>\n<p>Es l\u00e4uft da einiges schief. Die drei K\u00fche (es sollten an sich vier sein) erscheinen quasi als Klone, der Wanderer rennt in die falsche Richtung und die Beine sind schlicht falsch.<\/p>\n<p>Angef\u00fcgt sei hier, dass das Modell Z-Image-Turbo mit vergleichsweise kleinen Ressourcen klarkommt (8 bzw. 16 GB VRAM). Aber, das Resultat ist faktisch unbrauchbar. Wie bereits erw\u00e4hnt, einfachere Dinge gelingen schon, einfach in dieser etwas komplexeren Szene ist Z-Image-Turbo so ziemlich \u00fcberfordert.<\/p>\n<h3>Z-Image: Klar sind die K\u00fche aggressiv, der Wanderer provoziert<\/h3>\n<p><a href=\"https:\/\/archivista.ch\/cms\/wp-content\/uploads\/2026\/04\/kuh0.jpg\"><img loading=\"lazy\" decoding=\"async\" class=\"alignnone size-full wp-image-11473\" src=\"https:\/\/archivista.ch\/cms\/wp-content\/uploads\/2026\/04\/kuh0.jpg\" alt=\"\" width=\"1920\" height=\"1088\" srcset=\"https:\/\/archivista.ch\/cms\/wp-content\/uploads\/2026\/04\/kuh0.jpg 1920w, https:\/\/archivista.ch\/cms\/wp-content\/uploads\/2026\/04\/kuh0-300x170.jpg 300w, https:\/\/archivista.ch\/cms\/wp-content\/uploads\/2026\/04\/kuh0-1024x580.jpg 1024w, https:\/\/archivista.ch\/cms\/wp-content\/uploads\/2026\/04\/kuh0-768x435.jpg 768w, https:\/\/archivista.ch\/cms\/wp-content\/uploads\/2026\/04\/kuh0-1536x870.jpg 1536w, https:\/\/archivista.ch\/cms\/wp-content\/uploads\/2026\/04\/kuh0-600x340.jpg 600w, https:\/\/archivista.ch\/cms\/wp-content\/uploads\/2026\/04\/kuh0-624x354.jpg 624w\" sizes=\"auto, (max-width: 1920px) 100vw, 1920px\" \/><\/a><\/p>\n<p>Das &#8222;normale&#8220; ZImage-Modell erfordert 32 GByte bei der Grafikkarte. Die K\u00fche sind nun perfekt aggressiv, nur rennt der Wanderer in die falsche Richtung, n\u00e4mlich auf die K\u00fche zu. War nicht die Aufgabe, aber es l\u00e4sst sich doch erahnen, dass es zu einem Kampf kommen k\u00f6nnte.<\/p>\n<h2>Qwen-Image-2512: K\u00fche und Wanderer in Einklang<\/h2>\n<p><a href=\"https:\/\/archivista.ch\/cms\/wp-content\/uploads\/2026\/04\/kuh1.jpg\"><img loading=\"lazy\" decoding=\"async\" class=\"alignnone size-full wp-image-11480\" src=\"https:\/\/archivista.ch\/cms\/wp-content\/uploads\/2026\/04\/kuh1.jpg\" alt=\"\" width=\"1920\" height=\"1088\" srcset=\"https:\/\/archivista.ch\/cms\/wp-content\/uploads\/2026\/04\/kuh1.jpg 1920w, https:\/\/archivista.ch\/cms\/wp-content\/uploads\/2026\/04\/kuh1-300x170.jpg 300w, https:\/\/archivista.ch\/cms\/wp-content\/uploads\/2026\/04\/kuh1-1024x580.jpg 1024w, https:\/\/archivista.ch\/cms\/wp-content\/uploads\/2026\/04\/kuh1-768x435.jpg 768w, https:\/\/archivista.ch\/cms\/wp-content\/uploads\/2026\/04\/kuh1-1536x870.jpg 1536w, https:\/\/archivista.ch\/cms\/wp-content\/uploads\/2026\/04\/kuh1-600x340.jpg 600w, https:\/\/archivista.ch\/cms\/wp-content\/uploads\/2026\/04\/kuh1-624x354.jpg 624w\" sizes=\"auto, (max-width: 1920px) 100vw, 1920px\" \/><\/a><\/p>\n<p>Qwen-Image-2512 bedeutet zun\u00e4chst einmal, dass das Modell vom Dezember 2025 datiert. Alle vier hier getesteten Modelle sind nicht \u00e4lter als einige wenige Monate. Fakt ist, die Entwicklung bei den lokalen KI-Modellen ist l\u00e4ngst nicht abgeschlossen. Offen gestanden waren Open Source Modelle vor ein zwei Jahren noch deutlich weniger an einem Punkt, dass sie lokal eingesetzt werden konnten.<\/p>\n<p>Angef\u00fcgt sei hier noch, dass Bild umfasst nur drei K\u00fche. Es ist davon auszugehen, dass das KI-Modell den Wanderer zu den K\u00fchen &#8222;z\u00e4hlte&#8220;. Aber immerhin, in die gleiche Richtung schauen sie schon mal. Weiter ist der Wanderer sehr dynamisch unterwegs. Als w\u00fcrde er mitten durch die &#8222;Herde&#8220; rennen&#8230;<\/p>\n<h2>Flux-Dev: Der &#8222;Testsieger&#8220; l\u00e4sst nichts anbrennen<\/h2>\n<p><a href=\"https:\/\/archivista.ch\/cms\/wp-content\/uploads\/2026\/04\/kuh2.jpg\"><img loading=\"lazy\" decoding=\"async\" class=\"alignnone size-full wp-image-11474\" src=\"https:\/\/archivista.ch\/cms\/wp-content\/uploads\/2026\/04\/kuh2.jpg\" alt=\"\" width=\"1920\" height=\"1088\" srcset=\"https:\/\/archivista.ch\/cms\/wp-content\/uploads\/2026\/04\/kuh2.jpg 1920w, https:\/\/archivista.ch\/cms\/wp-content\/uploads\/2026\/04\/kuh2-300x170.jpg 300w, https:\/\/archivista.ch\/cms\/wp-content\/uploads\/2026\/04\/kuh2-1024x580.jpg 1024w, https:\/\/archivista.ch\/cms\/wp-content\/uploads\/2026\/04\/kuh2-768x435.jpg 768w, https:\/\/archivista.ch\/cms\/wp-content\/uploads\/2026\/04\/kuh2-1536x870.jpg 1536w, https:\/\/archivista.ch\/cms\/wp-content\/uploads\/2026\/04\/kuh2-600x340.jpg 600w, https:\/\/archivista.ch\/cms\/wp-content\/uploads\/2026\/04\/kuh2-624x354.jpg 624w\" sizes=\"auto, (max-width: 1920px) 100vw, 1920px\" \/><\/a><\/p>\n<p>Die K\u00fche sind artig aggressiv, die Zahl stimmt, der Wanderer davor, und er rennt von den K\u00fchen davon. Kurz und gut, f\u00fcr den ersten Versuch nicht schlecht. Es k\u00f6nnte &#8222;kritisiert&#8220; werden, dass die K\u00fche links und der Wanderer recht im Bild sein m\u00fcssten (oder umgekehrt). Aber, dass wir ja nicht die Aufgabenstellung.<\/p>\n<p>In diesem Sinne ist Flux-Dev der Testsieger. Der Preis daf\u00fcr ist einigermassen hoch. Unter 32 GByte VRAM bei der Grafikkarte keine Chance. Und mit 32 GB VRAM auch nur lauff\u00e4hig, wenn gewisse Teile bei der Verarbeitung im Hauptspeicher liegen. Allerdings f\u00fchrt dies nicht zu einer wesentlich verl\u00e4ngerten Rechenzeit. Insgesamt ben\u00f6tigt Flux-Dev bei 1920&#215;1088 Pixeln (FullHD) in etwa zwei bis drei Minuten Rechenzeit, dies gemessen mit der AMD-Grafikkarte R9700.<\/p>\n<h2>Darum ist die AMD R9700 aktuell die perfekte Wahl<\/h2>\n<p>Wie oben aufgef\u00fchrt, ist anspruchsvollere Bild-zu-Text-KI mit 16 GB Speicher bei der Grafikkarte aktuell kaum machbar. Bei 32 GByte sieht es so aus, dass die Preise bei NVIdia recht hoch sind. 3000 Franken oder mehr alleine f\u00fcr die Grafikkarte, das ist nicht nichts. Die R9700 von AMD kostet aktuell 1200 Franken (beide Preise inkl. MwSt).<\/p>\n<p>Dieser Preisunterschied ist dem geschuldet, dass NVidia der Platzhirsch darstellt. Wie einfach es ist, die Treiber bei AMD unter Windows zu aktivieren, dies wurde nicht getestet. Unter Linux kann ausgef\u00fchrt werden, dass die Treiber-Installation im Prinzip nicht mehr allzu schwierig ist. Etwas schwieriger wird die Sache dann, wenn es darum geht ComfyUI zu installieren. Und noch anspruchsvoller wird es, wenn Flash Attention 2 aktiviert werden soll. Dieses Modul ist zwar &#8222;optional&#8220;, bietet aber schnellere Abarbeitung an.<\/p>\n<p>Einmal korrekt eingerichtet, bietet die Kombination zwischen RX 9070 XT bzw. R9700 sehr gute Ergebnisse. Modelle \u00fcber 32 GByte k\u00f6nnen entweder durch Off-Loading \u00fcber die CPU (funktioniert) bei Flux-Dev sehr gut) oder aber \u00fcber eine zweite Grafikkarte via PCI5-x16 realisiert werden.<\/p>\n<p>Mit der R9700 wurden auch Modelle zur Generierung von Videos getestet. Besonders das aktuelle (M\u00e4rz 2026) LTX2.3 bietet eine erstaunliche Qualit\u00e4t in FullHD (Upscaling auf 4K m\u00f6glich) und Synchronisierung der Audio- wie Video-Spur. Will heissen, es k\u00f6nnen Dialoge in die Szenen eingebaut werden, dies mit recht perfektem Deutsch. Mit etwas \u00dcbung konnten auch Dialekte realisiert werden.<\/p>\n<p>Angef\u00fcgt sei hier, dass f\u00fcr gute Resultate oft einige Durchl\u00e4ufe notwendig sind. Im Unterschied zu Text-zu-Bild ist es bei Text-zu-Video ja so, dass die textliche Beschreibung quasi in ein Skript \u00fcbersetzt werden muss. Ebenso sind pro Sekunde minimal 25 Bilder\/Sekunde notwendig, bei LTX2.3 k\u00f6nnen aktuell bis 50 Bilder\/Sekunde erstellt werden.<\/p>\n<h2>Cloud-Angebote nicht unbedingt preiswert<\/h2>\n<p>Wer mit geschlossenen Cloud-Angeboten arbeitet, wird schnell feststellen, dass Preis-Modelle, die bei 100 Franken pro Monat liegen (bzw. die entsprechenden Credits), nicht allzu weit reichen (pro Minute FullHD-Video sind es gerne um die 40 USD). Gesch\u00e4tzt wurden bislang auf der ArchivistaBox KI mit ComfyUI zwei bis drei Stunden Clips realisiert.<\/p>\n<p>Dies h\u00e4tte beim Platzhirsch die &#8222;Kleinigkeit&#8220; von ca. 7000 USD gekostet. Ohne eigene lokale KI w\u00e4re dies ein sehr teures Unterfangen. Und es mag sein, dass ohne eigene KI die Ritter nicht in derart vielen Facetten durch die Gegend marschiert w\u00e4ren. Der kurze Clip (mehr gibt die Bandbreite des aktuellen Providers nicht her) soll illustrieren, wie ein Resultat aussehen kann.<\/p>\n<div style=\"width: 625px;\" class=\"wp-video\"><!--[if lt IE 9]><script>document.createElement('video');<\/script><![endif]-->\n<video class=\"wp-video-shortcode\" id=\"video-11468-1\" width=\"625\" height=\"354\" preload=\"metadata\" controls=\"controls\"><source type=\"video\/mp4\" src=\"https:\/\/archivista.ch\/cms\/wp-content\/uploads\/burg1.mp4?_=1\" \/><a href=\"https:\/\/archivista.ch\/cms\/wp-content\/uploads\/burg1.mp4\">https:\/\/archivista.ch\/cms\/wp-content\/uploads\/burg1.mp4<\/a><\/video><\/div>\n<p><em>Mit LTX2.3 sind Szenen mit 20 bis 30 Sekunden in FullHD bzw. 4K (Upscaling) m\u00f6glich.<\/em><\/p>\n<p>Die Audio-Synchronisation von Version 2.0 war noch nicht wirklich brauchbar, jene der neuen Version schon. Bei einem 5-Sekunden gibt Sprache wenig Sinn, zu gegebener Zeit wird es aber gerne Beispiele geben, welche gesprochene Szenen enthalten. Ferner finden sich im Netz zahlreiche Demos. Die dort gezeigte Qualit\u00e4t kann best\u00e4tigt werden.<\/p>\n<h3>Installation von ComfyUI auf der ArchivistaBox<\/h3>\n<p>Zun\u00e4chst einmal ist die aktuelle ArchivistaBox 2026\/III sowie das Modul ai.os notwendig. Dieser <strong><a href=\"https:\/\/archivista.ch\/cms\/de\/aktuell-blog\/docker-amd-gpu-und-ki\/\">Vorgang ist im letzten Blog bereits erkl\u00e4rt.<\/a><\/strong> Weiter wird neu die Datei comfyui.os ben\u00f6tigt. Diese kann hier bezogen werden:<\/p>\n<pre><a href=\"https:\/\/archivista.ch\/cms\/comfyui\" target=\"_blank\" rel=\"noopener\"><strong>https:\/\/archivista.ch\/cms\/comfyui<\/strong><\/a><\/pre>\n<p>Die Datei &#8218;comfyui.os beziehen und unter <strong>\/home\/archivista\/data<\/strong> entpacken:<\/p>\n<pre><strong>unsquashfs -d comfyui comfyui.os<\/strong><\/pre>\n<p>Danach mit &#8218;cd comfyui&#8216; in den Ornder wechseln und die virtuelle Umgebung \u00f6ffnen:<\/p>\n<pre><strong>source confyui\/bin\/activate<\/strong><\/pre>\n<p>Es erscheint danach der Promt &#8218;confyui&#8216; in der Konsole. Jetzt mit cd ComfyUI in den entsprechenden Ordner wechseln. ConfyUI kann nun \u00fcber .\/comfyui-amd.sh gestartet werden.<\/p>\n<p>ComfyUI wird ist danach \u00fcber &#8218;http:\/\/localhost:8189&#8216; bzw. die Adresse des Rechners unter dem Port 8189 erreicht. Das aktuelle Paket umfasst ca. 3 GByte. Ausgepackt sind es ca. 7 GByte. In ComfyUI k\u00f6nnen nun \u00fcber Templates die gew\u00fcnschten Modelle ge\u00f6ffnet werden:<\/p>\n<p><a href=\"https:\/\/archivista.ch\/cms\/wp-content\/uploads\/2026\/04\/comfyui2.jpg\"><img loading=\"lazy\" decoding=\"async\" class=\"alignnone size-full wp-image-11470\" src=\"https:\/\/archivista.ch\/cms\/wp-content\/uploads\/2026\/04\/comfyui2.jpg\" alt=\"\" width=\"2484\" height=\"1590\" srcset=\"https:\/\/archivista.ch\/cms\/wp-content\/uploads\/2026\/04\/comfyui2.jpg 2484w, https:\/\/archivista.ch\/cms\/wp-content\/uploads\/2026\/04\/comfyui2-300x192.jpg 300w, https:\/\/archivista.ch\/cms\/wp-content\/uploads\/2026\/04\/comfyui2-1024x655.jpg 1024w, https:\/\/archivista.ch\/cms\/wp-content\/uploads\/2026\/04\/comfyui2-768x492.jpg 768w, https:\/\/archivista.ch\/cms\/wp-content\/uploads\/2026\/04\/comfyui2-1536x983.jpg 1536w, https:\/\/archivista.ch\/cms\/wp-content\/uploads\/2026\/04\/comfyui2-2048x1311.jpg 2048w, https:\/\/archivista.ch\/cms\/wp-content\/uploads\/2026\/04\/comfyui2-600x384.jpg 600w, https:\/\/archivista.ch\/cms\/wp-content\/uploads\/2026\/04\/comfyui2-624x399.jpg 624w\" sizes=\"auto, (max-width: 2484px) 100vw, 2484px\" \/><\/a><\/p>\n<p>Der rote Rahmen in der Mitte sagt, es fehlen Modelle. Links\u00a0 findet sich (hier mit dickem roten Rand umrahmt) die entsprechenden Modelle, die ben\u00f6tigt werden bzw. an welchen Ort sie abgelegt werden m\u00fcssen. Am einfachsten ist die Installation, indem Ctrl+Enter gedr\u00fcckt wird. Dabei wird immer der Job gestartet. ComfyUI meldet dann von alleine, welche Dateien fehlen. Ebenso kann dort dann direkt der Download gestartet werden.<\/p>\n<p>Wichtig zu wissen ist, die Modelle werden nach \/home\/archivista\/data heruntergeladen. Von dort m\u00fcssen sie gem\u00e4ss Hilfestellung im Template in den jeweiligen richtigen Ordner von ComfyUI verschoben werden. Danach erneut Ctrl+Enter dr\u00fccken, einfach solange bis der Job l\u00e4uft (gr\u00fcner anstelle von rotem Balken in der Mitte).<\/p>\n<p>Zu beachten gilt es dabei, dass die Modelle einen recht hohen Platzbedarf haben. Ein Modell &#8222;verschlingt&#8220; irgendwo zwischen 10 und 100 GByte, i.d.R. sind es etwa 50 GByte. Daf\u00fcr sind aber die Resultate (z.B. mit Flux-dev) schon &#8222;verdammt&#8220; gut. In diesem Sinne, enJoy!<\/p>\n<p><em><strong>Hinweis:<\/strong> Im Prinzip l\u00e4uft ComfyUI auch ohne AMD-Grafikkarte, sofern die CPU f\u00fcr die Verarbeitung verwendet wird und gen\u00fcgend RAM zur Verf\u00fcgung steht. Die Antwortzeiten sind aber sehr sehr gem\u00e4chlich. 5 Sekunden HD-Video-Rendering mit Audio-Sync auf der R9700 ben\u00f6tigen aktuell einige Minuten, ohne GPU w\u00e4ren es ein paar Stunden. Ferner kann es je nach RAM-Situation (Hauptspeicher) notwendig sein, eine grosse Swap-Partion zu erstellen. Dies wird mit root mit <strong>cd \/var\/lib\/vz;dd if=\/dev\/zero of=avswap bs=64M count=1024;mkswap avswap <\/strong>erreicht. Danach den Rechner neu starten und mit &#8217;swapon&#8216; \u00fcberpr\u00fcfen, ob\/dass die 64 GB aktiviert sind.<\/em><\/p>\n<p><em><strong>Hinweis II:<\/strong> Wer an dieser Stelle mehr Informationen zu ArchivistaDMS erwartet h\u00e4tte, dem sei gesagt, dieser Teil folgt in einem der n\u00e4chsten Blogs, keine Bange!<\/em><\/p>\n\n\n\n\t<div class=\"dkpdf-button-container\" style=\"            text-align:right \">\n\n\t\t<a class=\"dkpdf-button\" href=\"\/cms\/wp-json\/wp\/v2\/pages\/11468?pdf=11468\" target=\"_blank\"><span class=\"dkpdf-button-icon\"><i class=\"fa fa-file-pdf-o\"><\/i><\/span> PDF Button<\/a>\n\n\t<\/div>\n\n\n\n\n\n","protected":false},"excerpt":{"rendered":"<p>Aggressive K\u00fche auf der ArchivistaBox Egg, 15. April: Ab sofort ist die Integration von ComfyUI f\u00fcr die ArchivistaBox AGPLv3 erh\u00e4ltlich. ComfyUI, noch nie davon geh\u00f6rt? Kein Problem, in diesem Blog wird aufgezeigt, was ComfyUI ist. Weiter wird anhand eines Beispieles mit &#8222;aggressiven K\u00fchen&#8220; gezeigt, welche Resultate aktuell mit Open Source m\u00f6glich sind und drittens wird [&hellip;]<\/p>\n","protected":false},"author":1,"featured_media":0,"parent":168,"menu_order":127,"comment_status":"closed","ping_status":"closed","template":"","meta":{"_acf_changed":false,"footnotes":""},"class_list":["post-11468","page","type-page","status-publish","hentry"],"acf":[],"_links":{"self":[{"href":"https:\/\/archivista.ch\/cms\/wp-json\/wp\/v2\/pages\/11468","targetHints":{"allow":["GET"]}}],"collection":[{"href":"https:\/\/archivista.ch\/cms\/wp-json\/wp\/v2\/pages"}],"about":[{"href":"https:\/\/archivista.ch\/cms\/wp-json\/wp\/v2\/types\/page"}],"author":[{"embeddable":true,"href":"https:\/\/archivista.ch\/cms\/wp-json\/wp\/v2\/users\/1"}],"replies":[{"embeddable":true,"href":"https:\/\/archivista.ch\/cms\/wp-json\/wp\/v2\/comments?post=11468"}],"version-history":[{"count":35,"href":"https:\/\/archivista.ch\/cms\/wp-json\/wp\/v2\/pages\/11468\/revisions"}],"predecessor-version":[{"id":11526,"href":"https:\/\/archivista.ch\/cms\/wp-json\/wp\/v2\/pages\/11468\/revisions\/11526"}],"up":[{"embeddable":true,"href":"https:\/\/archivista.ch\/cms\/wp-json\/wp\/v2\/pages\/168"}],"wp:attachment":[{"href":"https:\/\/archivista.ch\/cms\/wp-json\/wp\/v2\/media?parent=11468"}],"curies":[{"name":"wp","href":"https:\/\/api.w.org\/{rel}","templated":true}]}}