{"id":146,"date":"2014-02-13T22:37:06","date_gmt":"2014-02-13T21:37:06","guid":{"rendered":"http:\/\/schulenwegg.ch\/cms\/?page_id=146"},"modified":"2015-06-10T20:39:51","modified_gmt":"2015-06-10T18:39:51","slug":"cloud-amp-more","status":"publish","type":"page","link":"https:\/\/archivista.ch\/cms\/de\/aktuell-blog\/jahre-2008-2019\/blogs-2013\/cloud-amp-more\/","title":{"rendered":"Cloud &#038; More"},"content":{"rendered":"<h1>ArchivistaCommunity@Cloud, Mini &#038; Evaluation<\/h1>\n<p><strong><em>Pfaffhausen, 19. April 2013:<\/em><\/strong><em> Ab sofort bieten wir mit ArchivistaCommunity ein kostenloses Dokumenten-Management (DMS) in der Cloud an. ArchivistaMini wird neu ohne X-Server ausgeliefert. Damit reduziert sich die ISO-Datei markant auf noch 72 MBytes. Mit ArchivistaEvaluation stehen neu ebenfalls Test-Versionen f\u00fcr Business-Kunden zur Verf\u00fcgung. Der nachfolgende Blog zeigt auf, wie die neuen Angebote im Detail aussehen.<br \/><\/em><\/p>\n<p><em><img loading=\"lazy\" decoding=\"async\" width=\"600\" height=\"253\" align=\"bottom\" alt=\"\" src=\"\/de\/media\/greifensee0.jpg\" \/><\/em><\/p>\n<h2>ArchivistaCommunity: DMS (Dokumenten-Management) in der Cloud<\/h2>\n<p>Die Voraussetzungen f\u00fcr den Einsatz von ArchivistaCommunity in der Cloud sind plus\/minus die gleichen wie bei der bisherigen ArchivistaBox Community, nur dass <strong>neu weder eine postalische Registrierung noch eine CD bezogen werden muss.<\/strong> Das Angebot richtet sich wie bisher an Privat-User. Nach wie vor k\u00f6nnen 20&#8217;000 Dokumente verarbeitet werden, einzig die Anzahl Seiten ist neu auf 50&#8217;000 (bisher 100&#8217;000) limitiert. Damit k\u00f6nnen <strong>mit der neuen ArchivistaBox Community bis zu 100 Bundesordner verwaltet werden.<\/strong> Die ArchivistaBox Community in der Cloud verf\u00fcgt <strong>neu \u00fcber eine bessere Texterkennung (OCR).<\/strong> Derzeit stehen WebClient und WebAdmin zur Verf\u00fcgung. Und auf vielfachen Wunsch steht in der <strong>ArchivistaBox Community ab sofort auch das Handbuch wieder zur Verf\u00fcgung.<\/strong><\/p>\n<p>Wir sind uns bewusst, dass wir mit ArchivistaBox Community in der Cloud zum Provider werden. Wir werden daher auch in Zukunft nicht darum herumkommen, alle Benutzer\/innen zu identifizieren. Selbstverst\u00e4ndlich ist der Einsatz von ArchivistaBox Community so zu verstehen, dass keine Inhalte hochgeladen werden d\u00fcrfen, die gegen irgendwelche Gesetzesbestimmungen verstossen sollte(n). Daf\u00fcr hat der Community-User pers\u00f6nlich einzustehen. <strong>Jeder Community-User erh\u00e4lt nach der erfolgreichen Registrierung eine eigene Datenbank sowie ein passwortgesch\u00fctztes Konto.<\/strong> Die Zugangsdaten als auch die hinterlegten Dokumente sind privater Natur.<\/p>\n<p>Die ArchivistaBox Community in der Cloud wird mit ArchivistaVM-Clustern realisiert. Dies bedeutet, dass <strong>alle Daten redundant auf jeweils zwei Rechnern in dreifacher Ausf\u00fchrung gespeichert werden. Einmal t\u00e4glich werden die Daten auf eine externe Festplatte gesichert., dabei entsteht ein Unterbruch von ca. 30 Sekunden.<\/strong> In der \u00fcbrigen Zeit steht die ArchivistaBox Community als DMS-L\u00f6sung zum Arbeiten bereit. Allerdings besteht kein Anspruch auf eine garantierte Verf\u00fcgbarkeit, dies kann im Rahmen eines kostenlosen Dienstes nicht gew\u00e4hrleistet werden.<\/p>\n<p><img loading=\"lazy\" decoding=\"async\" width=\"300\" vspace=\"5\" hspace=\"10\" height=\"576\" border=\"0\" align=\"right\" alt=\"\" src=\"\/de\/media\/storch0.jpg\" \/>Hochgeladene Daten k\u00f6nnen jederzeit wieder lokal gespeichert werden. Weiter ist es m\u00f6glich, eine <strong>Auswahl (mehrere Dokumente) als PDF-Datei gesamthaft zu extrahieren.<\/strong> Die neue ArchivistaBox Community kann bei Bedarf in eine ArchivistaBox mit Support \u00fcberf\u00fchrt werden. Selbstverst\u00e4ndlich k\u00f6nnen hochgeladene Dokumente auch wieder gel\u00f6scht werden. Individualisierte Jobs f\u00fcr Datensicherungen k\u00f6nnen im Auftragsverh\u00e4ltnis realisiert werden, dabei ist einmalig eine Geb\u00fchr (minimal 1\/4 Stunde Support) zu erwerben.<\/p>\n<p>ArchivistaCommunity in der Cloud ist ausschliesslich f\u00fcr den privaten Gebrauch bestimmt. Archivista GmbH beh\u00e4lt sich daher das Recht vor, bei Verst\u00f6ssen gegen die Private-Use-Regel den Zugang zur ArchivistaBox Community zu sperren. <strong>Im Unterschied zu ArchivistaMini, wo weiterhin eine postalische Registrierung notwendig ist, ist dies bei der ArchivistaBox Community in der Cloud nicht mehr der Fall. <\/strong><\/p>\n<p>Archivista GmbH gew\u00e4hrt Dritten keinen Zugriff auf die Daten. Die ArchivistaBox Community in der Cloud ist durch eine hardwarebasierte Firewall gegen mutwillige Angriffe abgesichert, einen <strong>100% Schutz gegen Hacking gibt es bei \u00f6ffentlich zug\u00e4nglichen Servern aber nicht.<\/strong> All unsere Server stehen in der Schweiz, dementsprechend unterstehen die Daten inkl. die ArchivistaBox Community als Dienst Schweizer Recht. Derzeit steht die initiale Version zur Verg\u00fcung; in der n\u00e4chsten Zeit werden wir schrittweise weitere Funiktionen zur Verf\u00fcgung stellen.<\/p>\n<h2>ArchivistaMini: KVM-Server f\u00fcr Virtualisierung mit 72 MByte<\/h2>\n<p>Zugegeben, es gibt mittlerweile viele L\u00f6sungen f\u00fcr die Virtualisierung. Aber keine andere L\u00f6sung ist derart schlank wie ArchivistaMini. Privat-User werden ArchivistaMini daher sch\u00e4tzen lernen, denn wo sonst gibt es einen Server f\u00fcr die Virtualisierung mit 72 MByte, der noch nicht einmal installiert werden muss. <strong>ArchivistaMini ben\u00f6tigt (im Unterschied zu fr\u00fcher) keine X-Server kompatible Grafikkarte mehr.<\/strong> CD oder Stick einlegen, ArchivistaMini hochfahren und mit Web-Browser Instanzen verwalten; einfacher geht Virtualisierung nicht.<\/p>\n<h2>ArchivistaEvaluation: Test-Lizenzen nach Mass<\/h2>\n<p>Neu k\u00f6nnen wir mit <strong>ArchivistaEvaluation Test-Umgebungen nach Mass anbieten.<\/strong> Schildern Sie uns Ihre Anforderungen und wir werden Ihnen f\u00fcr eine begrenzte Zeit eine voll ausgestattete ArchivistaBox auf unseren Servern zur Verf\u00fcgung stellen. Dieses <strong>Angebot steht ausschliesslich f\u00fcr Firmen, die \u00f6ffentliche Hand und\/oder Institutionen zur Verf\u00fcgung.<\/strong> Alternativ k\u00f6nnen Sie die gesamte Hardware-Palette auch in unserem Demo-Center begutachten.<strong><em> <\/em><\/strong><\/p>\n<h2><em>Hinweise f\u00fcr bisherige Community-User<\/em><\/h2>\n<p><em>An dieser Stelle sei all jenen Community-Usern gedankt, welche in den letzten Monaten Kontakt mit uns aufgenommen haben. Wir bedauern, dass wir nicht alle Anfragen beantworten konnten bzw. k\u00f6nnen &#8212; letztlich war\/ist die Anzahl der Meldungen zu hoch. Auch wenn Archivista Community mit der Cloud-L\u00f6sung nochmals eine wesentliche \u00c4nderung erf\u00e4hrt, so denke ich doch, dass die neue L\u00f6sung f\u00fcr die grosse Mehrheit eine erhebliche Erleichterung darstellen wird. Niemand braucht mehr einen eigenen Rechner f\u00fcr Archivista Community, die Dokumente sind \u00fcberall verf\u00fcgbar und selbst bei der Texterkennung gibt es genau jene Qualit\u00e4t, welche die Business-User auch erhalten (bis hin zu durchsuchbaren PDF-Dateien, was absolut einmalig ist).<\/em><\/p>\n<p><em>Sollte jemand an der alten Community-Version mehr Gefallen gefunden haben, die neue L\u00f6sung auf den ersten Blick nicht verwenden wollen, so sei an dieser Stelle angef\u00fcgt, dass es unm\u00f6glich ist, alle W\u00fcnsche zu erf\u00fcllen. Ich w\u00fcrde aber dennoch anregen wollen, die neue L\u00f6sung zun\u00e4chst mal zu testen. Im weiteren bitte ich um Sorry, wir k\u00f6nnen kostenlose Dienste nur anbieten, solange der Aufwand ein ert\u00e4gliches Mass nicht \u00fcberschreitet, und genau dies war <strong>(aus in diesem Blog bereits angef\u00fchrten Gr\u00fcnden)<\/strong> nicht mehr der Fall.<\/em><\/p>\n<p><em>Weiter ist es so, dass die Sourcen der Module ArchivistaDMS, ArchivistaERP und ArchivistaVM im Umfang der Community-Version der GPLv2-Lizenz unterstehen. Falls jemand das weitere Pflegen dieser Module (z.B. als Debian-Pakete) \u00fcbernehmen mag, so stehen die Quelltexte zum Download bereit. Auch wenn ich es mittlerweile leid bin, so muss ich hier anf\u00fcgen, dass der Quelltext (bzw. die GPL-Lizenz) nicht dazu berechtigt, den Brand Archivista in irgendeiner Form zu verwenden. Doch lassen wir dies, ich w\u00fcnsche all jenen, welche Gefallen an der neuen ArchivistaBox Community finden, viel Spass.<br \/><\/em><\/p>\n<p style=\"text-align: right;\"><em>Urs Pfister, Archivista GmbH<\/em><\/p>\n\n\n\n\t<div class=\"dkpdf-button-container\" style=\"            text-align:right \">\n\n\t\t<a class=\"dkpdf-button\" href=\"\/cms\/wp-json\/wp\/v2\/pages\/146?pdf=146\" target=\"_blank\"><span class=\"dkpdf-button-icon\"><i class=\"fa fa-file-pdf-o\"><\/i><\/span> PDF Button<\/a>\n\n\t<\/div>\n\n\n\n\n\n","protected":false},"excerpt":{"rendered":"<p>ArchivistaCommunity@Cloud, Mini &#038; Evaluation Pfaffhausen, 19. April 2013: Ab sofort bieten wir mit ArchivistaCommunity ein kostenloses Dokumenten-Management (DMS) in der Cloud an. ArchivistaMini wird neu ohne X-Server ausgeliefert. Damit reduziert sich die ISO-Datei markant auf noch 72 MBytes. Mit ArchivistaEvaluation stehen neu ebenfalls Test-Versionen f\u00fcr Business-Kunden zur Verf\u00fcgung. Der nachfolgende Blog zeigt auf, wie die [&hellip;]<\/p>\n","protected":false},"author":1,"featured_media":0,"parent":151,"menu_order":357,"comment_status":"closed","ping_status":"closed","template":"","meta":{"_acf_changed":false,"footnotes":""},"class_list":["post-146","page","type-page","status-publish","hentry"],"acf":[],"_links":{"self":[{"href":"https:\/\/archivista.ch\/cms\/wp-json\/wp\/v2\/pages\/146","targetHints":{"allow":["GET"]}}],"collection":[{"href":"https:\/\/archivista.ch\/cms\/wp-json\/wp\/v2\/pages"}],"about":[{"href":"https:\/\/archivista.ch\/cms\/wp-json\/wp\/v2\/types\/page"}],"author":[{"embeddable":true,"href":"https:\/\/archivista.ch\/cms\/wp-json\/wp\/v2\/users\/1"}],"replies":[{"embeddable":true,"href":"https:\/\/archivista.ch\/cms\/wp-json\/wp\/v2\/comments?post=146"}],"version-history":[{"count":0,"href":"https:\/\/archivista.ch\/cms\/wp-json\/wp\/v2\/pages\/146\/revisions"}],"up":[{"embeddable":true,"href":"https:\/\/archivista.ch\/cms\/wp-json\/wp\/v2\/pages\/151"}],"wp:attachment":[{"href":"https:\/\/archivista.ch\/cms\/wp-json\/wp\/v2\/media?parent=146"}],"curies":[{"name":"wp","href":"https:\/\/api.w.org\/{rel}","templated":true}]}}