{"id":178,"date":"2014-07-11T17:05:06","date_gmt":"2014-07-11T15:05:06","guid":{"rendered":"http:\/\/schulenwegg.ch\/cms\/?page_id=178"},"modified":"2022-07-05T22:34:10","modified_gmt":"2022-07-05T20:34:10","slug":"referenzen","status":"publish","type":"page","link":"https:\/\/archivista.ch\/cms\/de\/produkte\/referenzen\/","title":{"rendered":"Referenzen"},"content":{"rendered":"<h1>Seit mehr als 20 Jahren erfolgreich im Einsatz<\/h1>\n<p>Seit mehr als 20 Jahren stehen unsere Produkte erfolgreich im Einsatz. Gerne f\u00fchren wir an dieser Stelle einige Referenzen an und auf Anfrage vermitteln wir eine Kontaktperson. Innerhalb von gr\u00f6sseren Projekten organisieren wir f\u00fcr Sie auch einen Referenzkundenbesuch.<\/p>\n<h2>Mehrere Standorte in einem Archiv vereint<\/h2>\n<div><a href=\"http:\/\/www.laeppag.ch\" target=\"_blank\" rel=\"noopener\"><img decoding=\"async\" class=\"alignright\" style=\"width: 100px; margin-bottom: 10px; margin-top: 10px;\" src=\"\/uploads\/262\/laepp.gif\" width=\"100\" align=\"right\" border=\"0\" hspace=\"5\" vspace=\"5\" \/><\/a>Seit rund 40 Jahren fertigt die L\u00e4pp-Maschinen AG Maschinenteile und Baugruppen f\u00fcr ihre Kunden. Seit dem Jahre 2001 werden s\u00e4mtliche Belege digital verarbeitet. Dabei greifen mehrere Standorte auf die gleiche Datenbank zu, genauso wie Belege automatisch aus der ERP-Applikation \u00fcbernommen werden. Mittlerweile sind im Archiv drei Firmen \u00fcber drei Standorte (Schweiz und Tschechien) verbunden. Dazu kommen vier Scan-Stationen f\u00fcr die Belegverarbeitung. Selbst die Belege f\u00fcr die Arbeitsvorbereitung werden digital verwaltet.<\/div>\n<h2>Archivieren wie die Engel<\/h2>\n<p><a href=\"http:\/\/www.engel.ch\/\" target=\"_blank\" rel=\"noopener\"><img decoding=\"async\" class=\"alignright\" src=\"\/uploads\/258\/engel.jpg\" alt=\"\" align=\"right\" border=\"0\" hspace=\"10\" vspace=\"5\" \/><\/a>Wer einen so himmlischen Namen tr\u00e4gt wie die F.+H. Engel AG ist seinem Ruf etwas schuldig&#8230; Nicht ohne Grund bedienen sich Industrie, Gewerbe, handwerklicher Detailhandel und Private tagt\u00e4glich bei der Firma Engel. Dank Archivista stehen s\u00e4mtliche Bestellungen und Rechnungen seit dem Jahre 1995 direkt im Archivsystem zur Verf\u00fcgung. Die Million ist dabei l\u00e4ngst \u00fcberschritten, seit einiger Zeit werden zudem auch s\u00e4mtliche Lieferscheine archiviert.<\/p>\n<h2>Ein leistungsf\u00e4higes DMS als zuverl\u00e4ssiger Partner<\/h2>\n<p><a href=\"https:\/\/archivista.ch\/cms\/wp-content\/uploads\/2022\/07\/tschuemperlin-1.png\"><img loading=\"lazy\" decoding=\"async\" class=\"alignright wp-image-9462 size-medium\" src=\"https:\/\/archivista.ch\/cms\/wp-content\/uploads\/2022\/07\/tschuemperlin-1-300x104.png\" alt=\"\" width=\"300\" height=\"104\" srcset=\"https:\/\/archivista.ch\/cms\/wp-content\/uploads\/2022\/07\/tschuemperlin-1-300x104.png 300w, https:\/\/archivista.ch\/cms\/wp-content\/uploads\/2022\/07\/tschuemperlin-1.png 319w\" sizes=\"auto, (max-width: 300px) 100vw, 300px\" \/><\/a>Die A. Tsch\u00fcmperlin AG ist der zuverl\u00e4ssige Partner f\u00fcr qualitativ hochwertige Baustoffe f\u00fcr den Hoch- und Tiefbau. Das Familienunternehmen bietet seit \u00fcber 80 Jahren sowohl Eigen- als auch Handelsprodukte an, derzeit k\u00f6nnen ca. 7&#8217;000 Produkte geordert werden.<\/p>\n<div style=\"page-break-after: always;\"><span style=\"display: none;\">\u00a0<\/span><\/div>\n<h2>Mission accomplished<\/h2>\n<p><a href=\"http:\/\/www.astrium.eads.net\" target=\"_blank\" rel=\"noopener\"><img decoding=\"async\" class=\"alignright\" src=\"\/uploads\/254\/eads.png\" alt=\"\" align=\"right\" border=\"0\" hspace=\"5\" vspace=\"5\" \/><\/a>EADS Astrium ist ein weltweit f\u00fchrendes Unternehmen der Raumfahrtechnologie mit 12&#8217;000 Mitarbeiter\/innen in Frankreich, Deutschland, Spanien und Grossbritannien. Archivista GmbH digitalisierte f\u00fcr EADS die gesamte technische Dokumentation des Forschungssatelliten Rosetta. Dabei wurden mehrere hundert Ordner und einige tausend grossformatige Pl\u00e4ne gescannt und so aufbereitet, dass die Dokumente weltweit zur Verf\u00fcgung stehen.<\/p>\n\n\n\n\t<div class=\"dkpdf-button-container\" style=\"            text-align:right \">\n\n\t\t<a class=\"dkpdf-button\" href=\"\/cms\/wp-json\/wp\/v2\/pages\/178?pdf=178\" target=\"_blank\"><span class=\"dkpdf-button-icon\"><i class=\"fa fa-file-pdf-o\"><\/i><\/span> PDF Button<\/a>\n\n\t<\/div>\n\n\n\n\n\n","protected":false},"excerpt":{"rendered":"<p>Seit mehr als 20 Jahren erfolgreich im Einsatz Seit mehr als 20 Jahren stehen unsere Produkte erfolgreich im Einsatz. Gerne f\u00fchren wir an dieser Stelle einige Referenzen an und auf Anfrage vermitteln wir eine Kontaktperson. Innerhalb von gr\u00f6sseren Projekten organisieren wir f\u00fcr Sie auch einen Referenzkundenbesuch. Mehrere Standorte in einem Archiv vereint Seit rund 40 [&hellip;]<\/p>\n","protected":false},"author":1,"featured_media":0,"parent":164,"menu_order":376,"comment_status":"closed","ping_status":"closed","template":"","meta":{"_acf_changed":false,"footnotes":""},"class_list":["post-178","page","type-page","status-publish","hentry"],"acf":[],"_links":{"self":[{"href":"https:\/\/archivista.ch\/cms\/wp-json\/wp\/v2\/pages\/178","targetHints":{"allow":["GET"]}}],"collection":[{"href":"https:\/\/archivista.ch\/cms\/wp-json\/wp\/v2\/pages"}],"about":[{"href":"https:\/\/archivista.ch\/cms\/wp-json\/wp\/v2\/types\/page"}],"author":[{"embeddable":true,"href":"https:\/\/archivista.ch\/cms\/wp-json\/wp\/v2\/users\/1"}],"replies":[{"embeddable":true,"href":"https:\/\/archivista.ch\/cms\/wp-json\/wp\/v2\/comments?post=178"}],"version-history":[{"count":11,"href":"https:\/\/archivista.ch\/cms\/wp-json\/wp\/v2\/pages\/178\/revisions"}],"predecessor-version":[{"id":9464,"href":"https:\/\/archivista.ch\/cms\/wp-json\/wp\/v2\/pages\/178\/revisions\/9464"}],"up":[{"embeddable":true,"href":"https:\/\/archivista.ch\/cms\/wp-json\/wp\/v2\/pages\/164"}],"wp:attachment":[{"href":"https:\/\/archivista.ch\/cms\/wp-json\/wp\/v2\/media?parent=178"}],"curies":[{"name":"wp","href":"https:\/\/api.w.org\/{rel}","templated":true}]}}