{"id":222,"date":"2010-11-24T16:20:42","date_gmt":"2010-11-24T15:20:42","guid":{"rendered":"http:\/\/schulenwegg.ch\/cms\/?page_id=222"},"modified":"2010-11-24T16:20:42","modified_gmt":"2010-11-24T15:20:42","slug":"vortrag-archivistabox-64bit-an-linuxdayat","status":"publish","type":"page","link":"https:\/\/archivista.ch\/cms\/de\/aktuell-blog\/jahre-2008-2019\/blogs-2010\/vortrag-archivistabox-64bit-an-linuxdayat\/","title":{"rendered":"Vortrag ArchivistaBox 64Bit an Linuxday.at"},"content":{"rendered":"<h1>ArchivistaBox 64Bit an <a target=\"_blank\" href=\"http:\/\/www.linuxday.at\">linuxday.at<\/a> (27.11.10 in Dornbirn)<\/h1>\n<p><strong><img loading=\"lazy\" decoding=\"async\" width=\"158\" vspace=\"5\" hspace=\"5\" height=\"128\" border=\"0\" align=\"right\" alt=\"\" src=\"\/de\/media\/linuxday-promo-k.png\" \/>Pfaffhausen, 19. November:<\/strong> Wir freuen uns sehr, die ArchivistaBox 64Bit vorank\u00fcndigen zu d\u00fcrfen. Am 27.11.2010 kann die ArchivistaBox 64Bit erstmalig live in Aktion am diesj\u00e4hrigen <a href=\"http:\/\/www.linuxday.at\" target=\"_blank\"><strong>linuxday.at in Dornbirn<\/strong><\/a> beschnuppert werden.<\/p>\n<h2>Neue ArchivistaBox: Darum steigen wir auf 64 Bit um<\/h2>\n<p>Die ArchivistaBox ist nun seit mehr als 5 Jahren auf dem Markt. Die damalige L\u00f6sung wurde mit 32 Bit-Technologie entwickelt. In den Jahren 2005 bis 2010 haben wir unser Produkt stetig weiterentwickelt. In den letzten Monaten schien es, als w\u00fcrde es um die ArchivistaBox etwas ruhiger werden. Auch schien es, dass wir einen grossen Teil der Ressourcen in ArchivistaVM investieren w\u00fcrden. Ja, es gab sogar Kunden-Feedbacks, die sich besorgt \u00fcber die weitere Entwicklung der ArchivistaBox als DMS-Produkt zeigten und bef\u00fcrchteten, wir w\u00fcrden uns &#8222;nur&#8220; noch auf die Virtualisierung konzentrieren. Diese Vermutungen treffen nicht zu.<\/p>\n<p>Im Gegenteil, die <strong>gesamte Arbeit, die wir in den letzten Monaten in der Entwicklung investierten, galt letztlich der neuen ArchivistaBox 64Bit.<\/strong> Doch warum ben\u00f6tigen wir eine neue ArchivistaBox? Ist die aktuelle L\u00f6sung nicht gut genug? Nat\u00fcrlich k\u00f6nnten wir die gegenw\u00e4rtige ArchivistaBox noch gut und gerne einige Jahre weiterentwickeln. So gesehen gab es keinen &#8222;akuten&#8220; Grund, die ArchivistaBox von 32 auf 64 Bit zu portieren. Aber, mit der gegenw\u00e4rtigen 32 Bit-L\u00f6sung k\u00f6nnen wir maximal 4 GByte Hauptspeicher (RAM) ansprechen. Entsprechende RAM-Riegel sind bereits heute spottbillig zu haben und in ein zwei Jahren werden wir wohl kaum etwas anderes als minimal 8 GByte an Speicher antreffen. Und genau hier beginnt die Problematik. Wir m\u00fcssten dannzumal spezielle Hardware verwenden, um unsere gegenw\u00e4rtige 32 Bit-ArchivistaBox \u00fcberhaupt noch installieren zu k\u00f6nnen.<\/p>\n<h2>Unsere Kunden erhalten stets die aktualisierte ArchivistaBox<\/h2>\n<p>Unsere Erfahrung \u00fcber die letzten 15 bis 20 Jahre hat uns gelehrt, dass <strong>nach ca. 5 Jahren eine Hardware-Plattform komplett zu erneuern ist.<\/strong> Wir sind mit diesem &#8222;5-Jahres-Plan&#8220; bisher gut gefahren. Und f\u00fcr unsere Kunden bedeutet dies, dass wir f\u00fcr sie die Problematik rechtzeitig angehen und eine L\u00f6sung pr\u00e4sentieren, ohne dass ein Endkunde sich dar\u00fcber den Kopf zu zerbrechen braucht. Wir bieten allen Kunden die jeweils aktualisierte L\u00f6sung im Rahmen des Wartungsvertrages kostenfrei an.<\/p>\n<p>Nun gibt es eine ganze Reihe alter ArchivistaBox-Systeme, die derzeit auf einer 32 Bit-Hardware laufen. Ein Update in diesen F\u00e4llen ist hardwaretechnisch nicht machbar. In diesen F\u00e4llen werden die Kunden von uns (auf unsere Kosten!) eine neue Hardware erhalten. Dabei werden wir <strong>jetzt laufende L\u00f6sungen noch einige Zeit (es k\u00f6nnen auch noch einige Jahre werden) supporten,<\/strong> bei Gelegenheit aber auf die 64 Bit-L\u00f6sung umr\u00fcsten. Wir denken, dass f\u00fcr unsere Kunden der Zeitpunkt des Umstiegs nebens\u00e4chlich ist; letztlich m\u00f6chten alle DMS-Kunden ja plus\/minus ein DMS betreiben, sich der Papierberge entledigen. Dazu m\u00f6chten wir gerne ein aktuelles Beispiel aus der Praxis anf\u00fchren:<\/p>\n<p><img loading=\"lazy\" decoding=\"async\" width=\"600\" vspace=\"0\" hspace=\"0\" height=\"543\" border=\"0\" align=\"baseline\" alt=\"\" src=\"\/de\/media\/papier2.jpg\" \/><\/p>\n<p>Die entsprechenden Ordner entsprechen in etwa 200&#8217;000 Seiten. Der entsprechende Kunde hat diese allesamt mit einer <a href=\"http:\/\/shop.archivista.ch\/oscommerce\/catalog\/product_info.php?cPath=21&#038;products_id=74\"><strong>ArchivistaBox Pilatus<\/strong><\/a> erfasst. Im Endausbau wird in etwa die dreifache Menge im Archiv sein.<\/p>\n<h2>Was bietet die neue ArchivistaBox 64Bit?<\/h2>\n<p>In erster Linie bietet die <strong>neue ArchivistaBox 64Bit den gleichen Komfort, den wir bei der aktuellen ArchivistaBox<\/strong> haben. Das t\u00f6nt banal, ist es aber nicht. Software ist in einem hohen Masse einen &#8222;Alterungsprozess&#8220; unterworfen. Ich m\u00f6chte dazu ein Beispiel nennen. Die gegenw\u00e4rtige ArchivistaBox arbeitet mit einer LiveCD. Aus dieser heraus wird die Installation durchgef\u00fchrt. Dieses Vorgehen war 2005 relativ neu, heute wird es oft verwendet. Allerdings hat eine LiveCD auch Nachteile. Es dauert zun\u00e4chst lange, bis die Installation gestartet werden kann und die Installation selber dauert deutlich l\u00e4nger als mit einem reinen Setup-Programm. Nat\u00fcrlich sind 30 Minuten (soviel ben\u00f6tigt die Installation der aktuellen L\u00f6sung) nicht unendlich lang. Nur, wenn wir die <strong>Installation in 2 bsi 3 Minuten<\/strong> hinkriegen k\u00f6nnen, warum sollten wir es nicht tun? Daher haben wir der <strong>ArchivistaBox 64Bit einen komplett neuen Installer<\/strong> verpasst.<\/p>\n<p>Weiter haben wir die <strong>ArchivistaVM-L\u00f6sung mit der ArchivistaBox vereinigt.<\/strong> Das mag auf den ersten Blick zwar nicht naheliegend sein, aber schon heute werden fast alle Dienste und Komponenten virtualisiert in Betrieb genommen. Mit anderen Worten, die Virtualisierung ist allgegenw\u00e4rtig geworden. Sie ist dank ArchivistaVM auch extrem einfach und voll in der L\u00f6sung integriert. Welchen Sinn ergibt Virtualisierung nun konkret in unserem DMS-System?<\/p>\n<p>Auch dazu gebe ich gerne ein Beispiel. Es gibt in der ArchivistaBox eine Funktion, um selbsttragende Archive zu erstellen. Bisher mussten diese Archive auf einem eigenen Rechner aufgespielt werden. Neu k\u00f6nnen die <strong>selbstragenden Archive direkt virtualisiert<\/strong> getestet und ausgeliefert werden. Ein weiteres Beispiel, der Kunde m\u00f6chte einen Backup-Check machen. Bisher ben\u00f6tigten wir dazu eine eigene ArchivistaBox. Neu kann der <strong>Backup-Test direkt auf der ArchivistaBox<\/strong> in einer virtualisierten Instanz gemacht werden.<\/p>\n<p>Daneben wird die ArchivistaBox 64Bit viele kleinere und gr\u00f6ssere Neuerungen enthalten. Lassen Sie sich \u00fcberraschen. Oder kommen Sie an den diesj\u00e4hrigen <a target=\"_blank\" href=\"http:\/\/www.linuxday.at\"><strong>linuxday.at in Dornbrin.<\/strong><\/a> Wie jedes Jahr bietet die Veranstaltung viele interessante Projekte und Vortr\u00e4ge.<\/p>\n<h2><a target=\"_blank\" href=\"http:\/\/www.linuxday.at\/node\/84\">Vortrag am linuxday.at<\/a> am 27.11.2010 in Dornbirn<\/h2>\n<p>Am n\u00e4chsten Samstag werden wir die neue ArchivistaBox 64Bit erstmalig pr\u00e4sentieren. Dazu wird es ein Vortragsskript geben, das selbstverst\u00e4ndlich auch hier zu finden sein wird. Alle <strong>Besucher\/innen, welche bei uns am <a target=\"_blank\" href=\"http:\/\/www.linuxday.at\">linuxday.at in Dornbirn<\/a> vorbeischauen, erhalten von uns einen USB-Stick mit der ArchivistaBox 64Bit.<\/strong> Alle anderen m\u00fcssen sich noch etwas gedulden, bis wir die ArchivistaBox 64Bit zum Download freigeben werden.<\/p>\n\n\n\n\t<div class=\"dkpdf-button-container\" style=\"            text-align:right \">\n\n\t\t<a class=\"dkpdf-button\" href=\"\/cms\/wp-json\/wp\/v2\/pages\/222?pdf=222\" target=\"_blank\"><span class=\"dkpdf-button-icon\"><i class=\"fa fa-file-pdf-o\"><\/i><\/span> PDF Button<\/a>\n\n\t<\/div>\n\n\n\n\n\n","protected":false},"excerpt":{"rendered":"<p>ArchivistaBox 64Bit an linuxday.at (27.11.10 in Dornbirn) Pfaffhausen, 19. November: Wir freuen uns sehr, die ArchivistaBox 64Bit vorank\u00fcndigen zu d\u00fcrfen. Am 27.11.2010 kann die ArchivistaBox 64Bit erstmalig live in Aktion am diesj\u00e4hrigen linuxday.at in Dornbirn beschnuppert werden. Neue ArchivistaBox: Darum steigen wir auf 64 Bit um Die ArchivistaBox ist nun seit mehr als 5 Jahren [&hellip;]<\/p>\n","protected":false},"author":1,"featured_media":0,"parent":224,"menu_order":340,"comment_status":"closed","ping_status":"closed","template":"","meta":{"_acf_changed":false,"footnotes":""},"class_list":["post-222","page","type-page","status-publish","hentry"],"acf":[],"_links":{"self":[{"href":"https:\/\/archivista.ch\/cms\/wp-json\/wp\/v2\/pages\/222","targetHints":{"allow":["GET"]}}],"collection":[{"href":"https:\/\/archivista.ch\/cms\/wp-json\/wp\/v2\/pages"}],"about":[{"href":"https:\/\/archivista.ch\/cms\/wp-json\/wp\/v2\/types\/page"}],"author":[{"embeddable":true,"href":"https:\/\/archivista.ch\/cms\/wp-json\/wp\/v2\/users\/1"}],"replies":[{"embeddable":true,"href":"https:\/\/archivista.ch\/cms\/wp-json\/wp\/v2\/comments?post=222"}],"version-history":[{"count":0,"href":"https:\/\/archivista.ch\/cms\/wp-json\/wp\/v2\/pages\/222\/revisions"}],"up":[{"embeddable":true,"href":"https:\/\/archivista.ch\/cms\/wp-json\/wp\/v2\/pages\/224"}],"wp:attachment":[{"href":"https:\/\/archivista.ch\/cms\/wp-json\/wp\/v2\/media?parent=222"}],"curies":[{"name":"wp","href":"https:\/\/api.w.org\/{rel}","templated":true}]}}