{"id":240,"date":"2015-05-19T15:30:41","date_gmt":"2015-05-19T13:30:41","guid":{"rendered":"http:\/\/schulenwegg.ch\/cms\/?page_id=240"},"modified":"2015-12-17T11:04:00","modified_gmt":"2015-12-17T10:04:00","slug":"version-2015v","status":"publish","type":"page","link":"https:\/\/archivista.ch\/cms\/de\/aktuell-blog\/jahre-2008-2019\/blogs-2015\/version-2015v\/","title":{"rendered":"Version 2015\/V"},"content":{"rendered":"<h1>Bachtel-Package mit Scanner f\u00fcr sFr. 499.&#8211; \/ Euro = 1.10<\/h1>\n<p><strong><em>Egg, 19.5.2015:<\/em><\/strong><em> Die ArchivistaBox Bachtel ist neu mit dem Fujitsu-Scanner iX500 f\u00fcr sFr. 499.&#8211; (inkl. MwSt) erh\u00e4ltlich. Damit werden tiefere Einkaufskosten bei den Scannern direkt an unsere Kunden weitergegeben. Diese Preisreduktionen betreffen praktisch alle Scanner-Modelle im Angebot. Dagegen mussten wir beim Euro eine Preisanpassung von 1.20 auf 1.10 vornehmen, wobei mit der ArchivistaBox Bachtel eine sehr kosteng\u00fcnstige Variante gerade f\u00fcr unsere Kunden im Ausland besteht. Noch kosteneffizienter geht es mit der ArchivistaBox Community, diese ist im Unterschied zu fr\u00fcher neu auch im gewerblichen Umfeld kostenfrei. F\u00fcr ArchivistaVM-Kunden ist die Version 2015\/V insofern wichtig, als dass in dieser der k\u00fcrzlich aufgetretene Venom-Bug beseitigt ist.<br \/><\/em><\/p>\n<p><em><img loading=\"lazy\" decoding=\"async\" width=\"600\" vspace=\"0\" hspace=\"0\" height=\"397\" border=\"0\" align=\"bottom\" src=\"\/de\/media\/mai.jpg\" alt=\"\" \/><\/em><\/p>\n<h2>Kombi-Paket f\u00fcr den schmalen Geldbeutel<\/h2>\n<p>Vor ca. einem Jahr erschien das <strong>Kombi-Paket aus ArchivistaBox Dolder und Scanner<\/strong> f\u00fcr sFr. 999.&#8211; (inkl. MwSt) auf den Markt. Mit dem neuen <a href=\"http:\/\/shop.archivista.ch\/oscommunity\/catalog\/advanced_search_result.php?keywords=bachtel&#038;x=0&#038;y=0\"><strong>Kombi-Angebot aus ArchivistaBox Bachtel und Fujitsu-Scanner iX500 besteht f\u00fcr sFr. 499.&#8211;<\/strong><\/a> ein Angebot, bei dem der bisherige <strong>Bundling-Preis innerhalb eines Jahres halbiert werden konnte.<\/strong> Dabei besticht die Version 2015\/V mit vielen neuen tollen Features im Vergleich zum letzten Jahr:<\/p>\n<p><strong>ArchivistaDMS:<\/strong> Parallele Texterkennung (OCR) dank QuadCore-Prozessor, Beliebiges Verarbeiten von Dokumenten ab multifunktionalen Ger\u00e4ten dank Job-Steuerung, Verarbeitung von ESR-Einzahlungsscheinen (E-Banking) direkt in ArchivistaDMS.<\/p>\n<p><strong>ArchivistaERP:<\/strong> Frei konfigurierte webbasierte ERP-L\u00f6sung direkt auf der ArchivistaBox Bachtel mit den Modulen: Verkauf, Einkauf, Lager, Produktion, Hauptbuch (Fibu). Schnittstellen in jede andere L\u00f6sung dank Batch-Modus (Programmaufrufe \u00fcber HTTP-Requests).<\/p>\n<p>Im Preis des Bundlings ist die Wartung f\u00fcr die ArchivistaBox Bachtel f\u00fcr das erste Jahr inbegriffen. Danach kostet der <strong>Wartungsvertrag pro Jahr sFr. 99.90 (inkl. MwSt).<\/strong> Darin enthalten ist die Weiterentwicklung von ArchivistaDMS und ArchivistaERP, eine Reaktionszeit von 8 Std. Businesszeit f\u00fcr den Support sowie ein kostenfreier Ersatz der ArchivistaBox Bachtel im Falle eines Hardwaredefektes.<\/p>\n<h2>Neuer Euro-Kurs bei 1.10 (bisher bei 1.20) sowie Gesamtpreisliste<\/h2>\n<p>Mit heutigem Tag wird der Euro-Kurz den Verh\u00e4ltnissen des Marktes von 1.20 auf 1.10  angepasst. Immerhin bleibt dabei der Umrechnungskurs um einige Prozentpunkte \u00fcber dem aktuellen Marktniveau (derzeit ca 1.03 bis 1.04). Grund\u00e4tzlich gilt zum <strong>Euro-Kurs noch immer das, was bereits fr\u00fcher festgelegt wurde.<\/strong> In einem Satz gesagt: Die Preise werden jweils in 0.10-Schritten angepasst, sobald der Wechselkurs nach unten ausschl\u00e4gt.<\/p>\n<p>Nat\u00fcrlich bedeutet dies f\u00fcr Kunden im Ausland leicht erh\u00f6hte Preise. Im <strong>unteren Preissegment besteht jedoch mit der ArchivistaBox Bachtel ein sehr kosteneffizientes Produkt,<\/strong> sodass f\u00fcr unsere Kunden im EU-Raum im Vergleich zum letzten Jahr eine ArchivistaBox zur Verf\u00fcgung steht, die noch immer weniger als 50% im Vergleich zum letzten Jahr zu Buche schl\u00e4gt.<\/p>\n<p>ArchivistaERP sei Dank k\u00f6nnen ab sofort aktualisierte <strong>Gesamtpreislisten<\/strong> bezogen werden. Diese bestehen in <a href=\"\/de\/media\/prices_chf.pdf\"><strong>Schweizer Franken<\/strong><\/a> und in <a href=\"\/de\/media\/prices_eur.pdf\"><strong>Euro.<\/strong><\/a><\/p>\n<h2><a href=\"http:\/\/shop.archivista.ch\/oscommunity\/catalog\/advanced_search_result.php?keywords=community&#038;sort=2a&#038;language=de\">ArchivistaBox Community<\/a> neu ohne Beschr\u00e4nkung &#8218;Private-Use&#8216;<\/h2>\n<p>Ab sofort kann die <a href=\"http:\/\/shop.archivista.ch\/oscommunity\/catalog\/advanced_search_result.php?keywords=community&#038;sort=2a&#038;language=de\"><strong>ArchivistaBox Community<\/strong><\/a> in unserer Cloud auch im gewerblichen Umfeld betrieben werden. Die Private-Use-Beschr\u00e4nkung gibt f\u00fcr die Community-Version ab sofort nicht mehr. Damit besteht die M\u00f6glichkeit, sowohl ArchivistaDMS als auch ArchivistaERP gehostet im gewerblichen zu betreiben. Wer diesbez\u00fcglich Support in Anspruch nehmen m\u00f6chte, kann \u00fcber unseren <a href=\"http:\/\/shop.archivista.ch\"><strong>Web-Shop<\/strong><\/a> entsprechende <a href=\"http:\/\/shop.archivista.ch\/oscommunity\/catalog\/advanced_search_result.php?keywords=support&#038;x=0&#038;y=0\"><strong>Support-Stunden erwerben.<\/strong><\/a> Ansonsten steht das <a href=\"http:\/\/help.archivista.ch\/forum\/\"><strong>Forum kostenfrei zur Verf\u00fcgung,<\/strong><\/a> allerdings ohne Anspruch, dass dort hinterlegte Fragen durch uns beantwortet werden.<\/p>\n<h2>Venom-Bug in ArchivistaVM 2015\/V beseitigt<\/h2>\n<p>ArchivistaVM l\u00e4uft mittlerweile seit Jahren stabil bei unseren Kunden. Und trotzdem kann ein Bug im Code auftreten. Konkret geht es beim Venom-Bug darum, dass KVM einen Floppy-Treiber enth\u00e4lt, \u00fcber den virtualisierte G\u00e4ste unter Umst\u00e4nden entweder auf den Host-Rechner (ArchivistaVM) oder auf andere virtualisierte G\u00e4ste zugreifen k\u00f6nnen. Der Bug besteit seit der Programmierung des Treibers im Jahre 2004, ehe er vor einigen Tagen bei einem Security-Audit des Codes entdeckt wurde.<\/p>\n\n\n\n\t<div class=\"dkpdf-button-container\" style=\"            text-align:right \">\n\n\t\t<a class=\"dkpdf-button\" href=\"\/cms\/wp-json\/wp\/v2\/pages\/240?pdf=240\" target=\"_blank\"><span class=\"dkpdf-button-icon\"><i class=\"fa fa-file-pdf-o\"><\/i><\/span> PDF Button<\/a>\n\n\t<\/div>\n\n\n\n\n\n","protected":false},"excerpt":{"rendered":"<p>Bachtel-Package mit Scanner f\u00fcr sFr. 499.&#8211; \/ Euro = 1.10 Egg, 19.5.2015: Die ArchivistaBox Bachtel ist neu mit dem Fujitsu-Scanner iX500 f\u00fcr sFr. 499.&#8211; (inkl. MwSt) erh\u00e4ltlich. Damit werden tiefere Einkaufskosten bei den Scannern direkt an unsere Kunden weitergegeben. Diese Preisreduktionen betreffen praktisch alle Scanner-Modelle im Angebot. Dagegen mussten wir beim Euro eine Preisanpassung von [&hellip;]<\/p>\n","protected":false},"author":1,"featured_media":0,"parent":1709,"menu_order":248,"comment_status":"closed","ping_status":"closed","template":"","meta":{"_acf_changed":false,"footnotes":""},"class_list":["post-240","page","type-page","status-publish","hentry"],"acf":[],"_links":{"self":[{"href":"https:\/\/archivista.ch\/cms\/wp-json\/wp\/v2\/pages\/240","targetHints":{"allow":["GET"]}}],"collection":[{"href":"https:\/\/archivista.ch\/cms\/wp-json\/wp\/v2\/pages"}],"about":[{"href":"https:\/\/archivista.ch\/cms\/wp-json\/wp\/v2\/types\/page"}],"author":[{"embeddable":true,"href":"https:\/\/archivista.ch\/cms\/wp-json\/wp\/v2\/users\/1"}],"replies":[{"embeddable":true,"href":"https:\/\/archivista.ch\/cms\/wp-json\/wp\/v2\/comments?post=240"}],"version-history":[{"count":1,"href":"https:\/\/archivista.ch\/cms\/wp-json\/wp\/v2\/pages\/240\/revisions"}],"predecessor-version":[{"id":1711,"href":"https:\/\/archivista.ch\/cms\/wp-json\/wp\/v2\/pages\/240\/revisions\/1711"}],"up":[{"embeddable":true,"href":"https:\/\/archivista.ch\/cms\/wp-json\/wp\/v2\/pages\/1709"}],"wp:attachment":[{"href":"https:\/\/archivista.ch\/cms\/wp-json\/wp\/v2\/media?parent=240"}],"curies":[{"name":"wp","href":"https:\/\/api.w.org\/{rel}","templated":true}]}}