{"id":32,"date":"2014-06-02T16:24:27","date_gmt":"2014-06-02T14:24:27","guid":{"rendered":"http:\/\/schulenwegg.ch\/cms\/?page_id=32"},"modified":"2024-06-15T19:56:47","modified_gmt":"2024-06-15T17:56:47","slug":"support","status":"publish","type":"page","link":"https:\/\/archivista.ch\/cms\/de\/support\/","title":{"rendered":"Support"},"content":{"rendered":"<h1><img decoding=\"async\" style=\"float: right; width: 223px; height: 413px; margin: 10px;\" src=\"\/de\/media\/support3.jpg\" alt=\"\" \/>W\u00e4hlen Sie zwischen Gold und Platin<\/h1>\n<p>Seien wir ehrlich, eine jede L\u00f6sung ben\u00f6tigt Wartung und Support. Und selbst eine boxbasierte L\u00f6sung bedarf \u00fcber die Jahre einer gewissen Wartung und Pflege. Auf der anderen Seite erwarten Sie als Kunde von uns, dass wir die L\u00f6sung kontinuierlich weiterentwickeln. Daran w\u00fcrden Sie gerne partizipieren, sofern der Preis stimmt und die Updates problemlos aufgefahren werden k\u00f6nnen.<\/p>\n<h2>1 Jahr Gold bei jeder ArchivistaBox mit dabei<\/h2>\n<p>Beim Erwerb einer ArchivistaBox erhalten Sie das <strong>Support-Package Gold<\/strong> f\u00fcr 1 Jahr kostenfrei mitgeliefert. Beim <strong>Wartungspackage Gold<\/strong> erhalten Sie Support innerhalb von 8 Stunden Businesszeit, d.h. von Montag bis Freitag von 8:00-12:00 Uhr und von 13:30-17:30 Uhr. Die Wartungsgeb\u00fchr pro Jahr betr\u00e4gt jeweils 15 Prozent auf den ArchivistaBox-Preis. Sollte die ArchivistaBox w\u00e4hrend der gesamten Wartungsvertragsdauer aussteigen, erhalten Sie jederzeit eine neue ArchivistaBox binnen 8 Stunden Businesszeit. D.h. die ArchivistaBox wird bei einem Hardwaredefekt jederzeit kostenfrei ausgetauscht. Die Fernwartung kann entweder \u00fcber einen ge\u00f6ffneten SSH-Port oder \u00fcber die integrierte L\u00f6sung der ArchivistaBox (keine Anpassungen an der Firewall notwendig) erfolgen.<\/p>\n<h2>Das Platin-Package l\u00e4sst keine W\u00fcnsche offen<\/h2>\n<p>Das Wartungspackage Platin enth\u00e4lt alle Leistungen des Packages Gold, die Wartungsgeb\u00fchr betr\u00e4gt 25 Prozent pro Jahr. Daf\u00fcr erhalten Sie innerhalb von vier Stunden und priorit\u00e4r Support. Das Platin-Package empfiehlt sich dann, wenn Sie Wert auf extrem schnellen Support legen. Zus\u00e4tzlich zu den M\u00f6glichkeiten, eine Fernwartung wie im Gold-Package einzurichten, kann eine vom Kunden gew\u00fcnschte Fernwartung implementiert werden. Die Kosten f\u00fcr den Aufbau und den Betrieb der individualisierten Ferwartung werden nach Aufwand aberechnet.<\/p>\n\n\n\n\t<div class=\"dkpdf-button-container\" style=\"            text-align:right \">\n\n\t\t<a class=\"dkpdf-button\" href=\"\/cms\/wp-json\/wp\/v2\/pages\/32?pdf=32\" target=\"_blank\"><span class=\"dkpdf-button-icon\"><i class=\"fa fa-file-pdf-o\"><\/i><\/span> PDF Button<\/a>\n\n\t<\/div>\n\n\n\n\n\n","protected":false},"excerpt":{"rendered":"<p>W\u00e4hlen Sie zwischen Gold und Platin Seien wir ehrlich, eine jede L\u00f6sung ben\u00f6tigt Wartung und Support. Und selbst eine boxbasierte L\u00f6sung bedarf \u00fcber die Jahre einer gewissen Wartung und Pflege. Auf der anderen Seite erwarten Sie als Kunde von uns, dass wir die L\u00f6sung kontinuierlich weiterentwickeln. Daran w\u00fcrden Sie gerne partizipieren, sofern der Preis stimmt [&hellip;]<\/p>\n","protected":false},"author":1,"featured_media":0,"parent":0,"menu_order":485,"comment_status":"closed","ping_status":"closed","template":"","meta":{"_acf_changed":false,"footnotes":""},"class_list":["post-32","page","type-page","status-publish","hentry"],"acf":[],"_links":{"self":[{"href":"https:\/\/archivista.ch\/cms\/wp-json\/wp\/v2\/pages\/32","targetHints":{"allow":["GET"]}}],"collection":[{"href":"https:\/\/archivista.ch\/cms\/wp-json\/wp\/v2\/pages"}],"about":[{"href":"https:\/\/archivista.ch\/cms\/wp-json\/wp\/v2\/types\/page"}],"author":[{"embeddable":true,"href":"https:\/\/archivista.ch\/cms\/wp-json\/wp\/v2\/users\/1"}],"replies":[{"embeddable":true,"href":"https:\/\/archivista.ch\/cms\/wp-json\/wp\/v2\/comments?post=32"}],"version-history":[{"count":9,"href":"https:\/\/archivista.ch\/cms\/wp-json\/wp\/v2\/pages\/32\/revisions"}],"predecessor-version":[{"id":10119,"href":"https:\/\/archivista.ch\/cms\/wp-json\/wp\/v2\/pages\/32\/revisions\/10119"}],"wp:attachment":[{"href":"https:\/\/archivista.ch\/cms\/wp-json\/wp\/v2\/media?parent=32"}],"curies":[{"name":"wp","href":"https:\/\/api.w.org\/{rel}","templated":true}]}}