{"id":50,"date":"2013-01-19T10:47:52","date_gmt":"2013-01-19T09:47:52","guid":{"rendered":"http:\/\/schulenwegg.ch\/cms\/?page_id=50"},"modified":"2015-06-10T11:51:35","modified_gmt":"2015-06-10T09:51:35","slug":"erfolgreiche-openexpo","status":"publish","type":"page","link":"https:\/\/archivista.ch\/cms\/de\/aktuell-blog\/jahre-2008-2019\/blogs-2008\/erfolgreiche-openexpo\/","title":{"rendered":"Erfolgreiche OpenExpo"},"content":{"rendered":"<h1><img loading=\"lazy\" decoding=\"async\" align=\"right\" width=\"249\" vspace=\"5\" hspace=\"5\" height=\"272\" alt=\"\" src=\"\/de\/media\/openexpo\/messe1.jpg\" \/>R\u00fcckblick auf OpenExpo vom 24.\/25.9 in Winterthur<\/h1>\n<p><strong>Pfaffhausen, 26. September 2008:<\/strong> Zun\u00e4chst m\u00f6chten wir allen Besucher\/innen ganz herzlich f\u00fcr den Besuch an unserem Stand danken.<\/p>\n<p>Positiv in Erinnerung bleiben werden uns die vielen Kontakte mit bestehenden und zuk\u00fcnftigen Kunden und Anwender\/innen. Toll auch, dass der ArchivistaBox mittlerweile extrem viel Interesse entgegengebracht wird; immerhin war der Archivista-Stand einer der meistbesuchten St\u00e4nde der OpenExpo.<\/p>\n<p>Von &#8218;Interessant&#8216; \u00fcber &#8218;Fantastisch bis zu &#8218;Genial&#8216; lauteten die Kommentare, wann immer wir das Konzept und die Arbeitsweise der ArchivistaBox den Messebesucher\/innen vorstellten.<\/p>\n<p>Deutlich sp\u00fcrbar ist im \u00fcbrigen auch das Kostenbewusstsein der hiesigen KMU-Betriebe, die insgesamt sehr gut vertreten waren. Viele w\u00fcnschen sich ein DMS-System, m\u00f6chten sich aber nicht auf ein Kostenabenteuer einlassen. So lautete dann jeweils auch eine der meistgetellten Frage, was kostet denn die Box? Die Antwort findet sich in unserem <a href=\"http:\/\/shop.archivista.ch\">WebShop.<\/a><\/p>\n<p><img loading=\"lazy\" decoding=\"async\" align=\"left\" width=\"212\" vspace=\"5\" hspace=\"5\" height=\"296\" alt=\"\" src=\"\/de\/media\/openexpo\/messe3.jpg\" \/>Und immer wieder ging es darum, die ArchivistaBox an eine bestehende ERP-L\u00f6sung anzubinden. Dies ist umso interessentanter, als mittlerweile viele ERP-Anbieter irgendein DMS- bzw. Archiv-Modul im Angebot haben.<\/p>\n<p>Offernbar sind sich die Unternehmen bewusst, dass eine langfristig ausgerichtete DMS-L\u00f6sung nicht ein Modul einer ERP-L\u00f6sung darstellen sollte, das in Ordnern PDF-Dateien bereith\u00e4lt.<\/p>\n<p>Das Bewusstsein darum, dass elektronische Daten nicht auf immer und ewig auf der Festplatte halten, tr\u00e4gt mittlerweile in hohem Masse dazu bei, die Archivierung von Daten langfristig und unabh\u00e4ngig von bestimmten L\u00f6sungen anzugehen.<\/p>\n<p>Eine boxbasierte L\u00f6sung kommt da vielen KMU-Betrieben sehr entgegen. Einerseits, weil die Ressourcen f\u00fcr entsprechende Produkte nicht unbegrenzt sind, weiter aber auch, weil eine solche L\u00f6sung keine langwierigen Spezifikationen und Abkl\u00e4rungen vor der Inbetriebnahme ben\u00f6tigt.<\/p>\n<p>Aber auch in der OpenSource-Community wird unser Ansatz, eine boxbasierte L\u00f6sung, die der GPLv2-Lizenz untersteht, zu produzieren, mittlerweile sehr gesch\u00e4tzt. Und noch etwas, reissenden Absatz fanden auch unsere USB-Sticks, die an unserem Stand ergattert werden konnten.<\/p>\n<p><img loading=\"lazy\" decoding=\"async\" align=\"right\" width=\"256\" vspace=\"5\" hspace=\"5\" height=\"212\" alt=\"\" src=\"\/de\/media\/openexpo\/messe4.jpg\" \/>Wer die Chance verpasst hat, kostenfrei einen Archivista-USB-Stick mit dem aktuellen Release der ArchivistaBox zu erhalten, kann den <a href=\"http:\/\/shop.archivista.ch\/oscommerce\/catalog\/product_info.php?products_id=57\" target=\"_blank\">Stick im WebShop bestellen.<\/a><\/p>\n<p>Und an dieser Stelle sei auch noch auf das <a href=\"\/de\/media\/openexpo.pdf\">Vortragsskript &#8218;ArchivistaBox &#8212; DMS &#038; ERP out of the Box&#8216;<\/a> von meiner Wenigkeit verwiesen. Allen Zuh\u00f6rer\/innen, die w\u00e4hrend der Mittagspause meinem Vortrag lauschten, m\u00f6chte ich auf diesem Wege nochmals herzlich danken.<\/p><\/p>\n\n\n\n\t<div class=\"dkpdf-button-container\" style=\"            text-align:right \">\n\n\t\t<a class=\"dkpdf-button\" href=\"\/cms\/wp-json\/wp\/v2\/pages\/50?pdf=50\" target=\"_blank\"><span class=\"dkpdf-button-icon\"><i class=\"fa fa-file-pdf-o\"><\/i><\/span> PDF Button<\/a>\n\n\t<\/div>\n\n\n\n\n\n","protected":false},"excerpt":{"rendered":"<p>R\u00fcckblick auf OpenExpo vom 24.\/25.9 in Winterthur Pfaffhausen, 26. September 2008: Zun\u00e4chst m\u00f6chten wir allen Besucher\/innen ganz herzlich f\u00fcr den Besuch an unserem Stand danken. Positiv in Erinnerung bleiben werden uns die vielen Kontakte mit bestehenden und zuk\u00fcnftigen Kunden und Anwender\/innen. Toll auch, dass der ArchivistaBox mittlerweile extrem viel Interesse entgegengebracht wird; immerhin war der [&hellip;]<\/p>\n","protected":false},"author":1,"featured_media":0,"parent":56,"menu_order":364,"comment_status":"closed","ping_status":"closed","template":"","meta":{"_acf_changed":false,"footnotes":""},"class_list":["post-50","page","type-page","status-publish","hentry"],"acf":[],"_links":{"self":[{"href":"https:\/\/archivista.ch\/cms\/wp-json\/wp\/v2\/pages\/50","targetHints":{"allow":["GET"]}}],"collection":[{"href":"https:\/\/archivista.ch\/cms\/wp-json\/wp\/v2\/pages"}],"about":[{"href":"https:\/\/archivista.ch\/cms\/wp-json\/wp\/v2\/types\/page"}],"author":[{"embeddable":true,"href":"https:\/\/archivista.ch\/cms\/wp-json\/wp\/v2\/users\/1"}],"replies":[{"embeddable":true,"href":"https:\/\/archivista.ch\/cms\/wp-json\/wp\/v2\/comments?post=50"}],"version-history":[{"count":0,"href":"https:\/\/archivista.ch\/cms\/wp-json\/wp\/v2\/pages\/50\/revisions"}],"up":[{"embeddable":true,"href":"https:\/\/archivista.ch\/cms\/wp-json\/wp\/v2\/pages\/56"}],"wp:attachment":[{"href":"https:\/\/archivista.ch\/cms\/wp-json\/wp\/v2\/media?parent=50"}],"curies":[{"name":"wp","href":"https:\/\/api.w.org\/{rel}","templated":true}]}}

<h1><img loading="lazy" decoding="async" align="right" width="249" vspace="5" hspace="5" height="272" alt="" src="/de/media/openexpo/messe1.jpg" />Rückblick auf OpenExpo vom 24./25.9 in Winterthur</h1>
<p><strong>Pfaffhausen, 26. September 2008:</strong> Zunächst möchten wir allen Besucher/innen ganz herzlich für den Besuch an unserem Stand danken.</p>
<p>Positiv in Erinnerung bleiben werden uns die vielen Kontakte mit bestehenden und zukünftigen Kunden und Anwender/innen. Toll auch, dass der ArchivistaBox mittlerweile extrem viel Interesse entgegengebracht wird; immerhin war der Archivista-Stand einer der meistbesuchten Stände der OpenExpo.</p>
<p>Von &#8218;Interessant&#8216; über &#8218;Fantastisch bis zu &#8218;Genial&#8216; lauteten die Kommentare, wann immer wir das Konzept und die Arbeitsweise der ArchivistaBox den Messebesucher/innen vorstellten.</p>
<p>Deutlich spürbar ist im übrigen auch das Kostenbewusstsein der hiesigen KMU-Betriebe, die insgesamt sehr gut vertreten waren. Viele wünschen sich ein DMS-System, möchten sich aber nicht auf ein Kostenabenteuer einlassen. So lautete dann jeweils auch eine der meistgetellten Frage, was kostet denn die Box? Die Antwort findet sich in unserem <a href="http://shop.archivista.ch">WebShop.</a></p>
<p><img loading="lazy" decoding="async" align="left" width="212" vspace="5" hspace="5" height="296" alt="" src="/de/media/openexpo/messe3.jpg" />Und immer wieder ging es darum, die ArchivistaBox an eine bestehende ERP-Lösung anzubinden. Dies ist umso interessentanter, als mittlerweile viele ERP-Anbieter irgendein DMS- bzw. Archiv-Modul im Angebot haben.</p>
<p>Offernbar sind sich die Unternehmen bewusst, dass eine langfristig ausgerichtete DMS-Lösung nicht ein Modul einer ERP-Lösung darstellen sollte, das in Ordnern PDF-Dateien bereithält.</p>
<p>Das Bewusstsein darum, dass elektronische Daten nicht auf immer und ewig auf der Festplatte halten, trägt mittlerweile in hohem Masse dazu bei, die Archivierung von Daten langfristig und unabhängig von bestimmten Lösungen anzugehen.</p>
<p>Eine boxbasierte Lösung kommt da vielen KMU-Betrieben sehr entgegen. Einerseits, weil die Ressourcen für entsprechende Produkte nicht unbegrenzt sind, weiter aber auch, weil eine solche Lösung keine langwierigen Spezifikationen und Abklärungen vor der Inbetriebnahme benötigt.</p>
<p>Aber auch in der OpenSource-Community wird unser Ansatz, eine boxbasierte Lösung, die der GPLv2-Lizenz untersteht, zu produzieren, mittlerweile sehr geschätzt. Und noch etwas, reissenden Absatz fanden auch unsere USB-Sticks, die an unserem Stand ergattert werden konnten.</p>
<p><img loading="lazy" decoding="async" align="right" width="256" vspace="5" hspace="5" height="212" alt="" src="/de/media/openexpo/messe4.jpg" />Wer die Chance verpasst hat, kostenfrei einen Archivista-USB-Stick mit dem aktuellen Release der ArchivistaBox zu erhalten, kann den <a href="http://shop.archivista.ch/oscommerce/catalog/product_info.php?products_id=57" target="_blank">Stick im WebShop bestellen.</a></p>
<p>Und an dieser Stelle sei auch noch auf das <a href="/de/media/openexpo.pdf">Vortragsskript &#8218;ArchivistaBox &#8212; DMS &#038; ERP out of the Box&#8216;</a> von meiner Wenigkeit verwiesen. Allen Zuhörer/innen, die während der Mittagspause meinem Vortrag lauschten, möchte ich auf diesem Wege nochmals herzlich danken.</p></p>



	<div class="dkpdf-button-container" style="            text-align:right ">

		<a class="dkpdf-button" href="/cms/wp-json/wp/v2/pages/50?pdf=50" target="_blank"><span class="dkpdf-button-icon"><i class="fa fa-file-pdf-o"></i></span> PDF Button</a>

	</div>

<p>Rückblick auf OpenExpo vom 24./25.9 in Winterthur Pfaffhausen, 26. September 2008: Zunächst möchten wir allen Besucher/innen ganz herzlich für den Besuch an unserem Stand danken. Positiv in Erinnerung bleiben werden uns die vielen Kontakte mit bestehenden und zukünftigen Kunden und Anwender/innen. Toll auch, dass der ArchivistaBox mittlerweile extrem viel Interesse entgegengebracht wird; immerhin war der [&hellip;]</p>
