{"id":53,"date":"2010-10-04T16:14:53","date_gmt":"2010-10-04T14:14:53","guid":{"rendered":"http:\/\/schulenwegg.ch\/cms\/?page_id=53"},"modified":"2015-06-10T20:40:09","modified_gmt":"2015-06-10T18:40:09","slug":"linuxdayat-am-2911-in-dornbirn","status":"publish","type":"page","link":"https:\/\/archivista.ch\/cms\/de\/aktuell-blog\/jahre-2008-2019\/blogs-2008\/linuxdayat-am-2911-in-dornbirn\/","title":{"rendered":"linuxday.at am 29.11 in Dornbirn"},"content":{"rendered":"<h1>Vortrag und Stand an Linuxday.at am 29. November 2008 in Dornbirn (A)<\/h1>\n<p><strong>Pfaffhausen, 7. November 2008:<\/strong> Es gibt mittlerweile viele Linux-Messen, kleinere wie gr\u00f6ssere. Einer jener Messen, die ich selber unheimlich sch\u00e4tze, ist der allj\u00e4hrlich Ende November stattfindende <a href=\"http:\/\/www.linuxday.at\">linuxday.at<\/a>. Und dies aus verschiedenen Gr\u00fcnden:<\/p>\n<p><strong><img loading=\"lazy\" decoding=\"async\" align=\"bottom\" width=\"746\" vspace=\"5\" hspace=\"5\" height=\"120\" src=\"\/de\/media\/linuxday.png\" alt=\"\" \/><\/strong><\/p>\n<p>a) <strong>Freier Zutritt,<\/strong> d.h. der linuxday.at kostet f\u00fcr die Besucher\/innen nichts und es ist auch keine Registrierung oder Anmeldung notwendig.<\/p>\n<p>b) <strong>Es gibt f\u00fcr Technisch Interessierte und Anwender\/innen<\/strong> interessante St\u00e4nde und Vortr\u00e4ge; die ideale Voraussetzung f\u00fcr einen Austausch zwischen Entwickler\/innen und Benutzer\/innen.<\/p>\n<p>c) Die <strong>Organisation<\/strong> basiert auf zumeist <strong>ehrenamtlicher Arbeit.<\/strong> Dadurch sind die Budgetposten \u00fcberschaubar klein.<\/p>\n<p>Die ArchivistaBox ist nunmehr zum dritten Mal in Folge am linuxday.at vertreten, und auch dieses Jahr gibt es einen Vortrag zum Thema &#8218;Professionelle OCR unter Linux&#8216;. Der Vortrag beginnt um 10 Uhr, d.h. nichts f\u00fcr Langschl\u00e4fer\/innen. Selbstverst\u00e4ndlich wird es auch dieses Jahr ein Skript zum Vortrag geben, das den aktuellen Stand im Bereiche der Texterkennung (nunmehr prim\u00e4r OpenSource-Produkte) unter Linux aufzeigen wird.<\/p>\n<p>Im \u00dcbrigen stehen wir am Archivista-Stand jederzeit f\u00fcr Fragen und Hilfestellung betreffend der ArchivistaBox zur Verf\u00fcgung. Wer mag, darf auch einen eigenen Rechner mitnehmen, damit wir eine ArchivistaBox aufsetzen k\u00f6nnen.<\/p>\n<h2>Gratis: 29 + 11 USB-Sticks mit der ArchivistaBox<\/h2>\n<p><img loading=\"lazy\" decoding=\"async\" align=\"right\" width=\"365\" vspace=\"5\" hspace=\"5\" height=\"154\" src=\"\/de\/media\/stick2.jpg\" alt=\"\" \/>Und weil dieses Jahr der Linuxday.at am 29.11 stattfindet, verschenken wir den ersten 29 + 11  Besucher\/innen einen USB-Stick mit der ArchivistaBox-Software drauf. All jene, die zu sp\u00e4t sind, erhalten zum Trost eine ArchivistaBox-Installations-CD.<\/p>\n<p>Ob mit oder ohne Stick, ein Besuch an unserem Stand lohnt sich in jedem Falle. Gezeigt am Stand werden die <a href=\"http:\/\/shop.archivista.ch\/oscommerce\/catalog\/product_info.php?cPath=21\">ArchivistaBoxen Dolder,<\/a> <a href=\"http:\/\/shop.archivista.ch\/oscommerce\/catalog\/product_info.php?cPath=21\">S\u00e4ntis<\/a> sowie mein Mini-Rechner mit der ArchivistaBox-L\u00f6sung. Als Scanner werden wir den <a href=\"http:\/\/shop.archivista.ch\/oscommerce\/catalog\/product_info.php?cPath=23\">Fujitsu S300<\/a> zeigen. Die entsprechenden (von uns gesponserten) Treiber laufen auf s\u00e4mtlichen Linux-Distributionen, auch dazu geben wir gerne Auskunft.<\/p>\n<h2>Nachtrag zum linuxday.at<\/h2>\n<p>Herzlichen Dank f\u00fcr die zahlreichen interessanten Kontakte. Ebenfalls danken m\u00f6chte ich allen Zuh\u00f6rer\/innen anl\u00e4sslich meines Vortrag &#8222;Professionelle OCR-Erkennung unter Linux&#8220;. Das <a href=\"\/de\/media\/ocr2.pdf\">Vortragsskript<\/a> findet sich <a href=\"\/de\/media\/ocr2.pdf\">hier.<\/a><\/p><\/p>\n\n\n\n\t<div class=\"dkpdf-button-container\" style=\"            text-align:right \">\n\n\t\t<a class=\"dkpdf-button\" href=\"\/cms\/wp-json\/wp\/v2\/pages\/53?pdf=53\" target=\"_blank\"><span class=\"dkpdf-button-icon\"><i class=\"fa fa-file-pdf-o\"><\/i><\/span> PDF Button<\/a>\n\n\t<\/div>\n\n\n\n\n\n","protected":false},"excerpt":{"rendered":"<p>Vortrag und Stand an Linuxday.at am 29. November 2008 in Dornbirn (A) Pfaffhausen, 7. November 2008: Es gibt mittlerweile viele Linux-Messen, kleinere wie gr\u00f6ssere. Einer jener Messen, die ich selber unheimlich sch\u00e4tze, ist der allj\u00e4hrlich Ende November stattfindende linuxday.at. Und dies aus verschiedenen Gr\u00fcnden: a) Freier Zutritt, d.h. der linuxday.at kostet f\u00fcr die Besucher\/innen nichts [&hellip;]<\/p>\n","protected":false},"author":1,"featured_media":0,"parent":56,"menu_order":369,"comment_status":"closed","ping_status":"closed","template":"","meta":{"_acf_changed":false,"footnotes":""},"class_list":["post-53","page","type-page","status-publish","hentry"],"acf":[],"_links":{"self":[{"href":"https:\/\/archivista.ch\/cms\/wp-json\/wp\/v2\/pages\/53","targetHints":{"allow":["GET"]}}],"collection":[{"href":"https:\/\/archivista.ch\/cms\/wp-json\/wp\/v2\/pages"}],"about":[{"href":"https:\/\/archivista.ch\/cms\/wp-json\/wp\/v2\/types\/page"}],"author":[{"embeddable":true,"href":"https:\/\/archivista.ch\/cms\/wp-json\/wp\/v2\/users\/1"}],"replies":[{"embeddable":true,"href":"https:\/\/archivista.ch\/cms\/wp-json\/wp\/v2\/comments?post=53"}],"version-history":[{"count":0,"href":"https:\/\/archivista.ch\/cms\/wp-json\/wp\/v2\/pages\/53\/revisions"}],"up":[{"embeddable":true,"href":"https:\/\/archivista.ch\/cms\/wp-json\/wp\/v2\/pages\/56"}],"wp:attachment":[{"href":"https:\/\/archivista.ch\/cms\/wp-json\/wp\/v2\/media?parent=53"}],"curies":[{"name":"wp","href":"https:\/\/api.w.org\/{rel}","templated":true}]}}

<h1>Vortrag und Stand an Linuxday.at am 29. November 2008 in Dornbirn (A)</h1>
<p><strong>Pfaffhausen, 7. November 2008:</strong> Es gibt mittlerweile viele Linux-Messen, kleinere wie grössere. Einer jener Messen, die ich selber unheimlich schätze, ist der alljährlich Ende November stattfindende <a href="http://www.linuxday.at">linuxday.at</a>. Und dies aus verschiedenen Gründen:</p>
<p><strong><img loading="lazy" decoding="async" align="bottom" width="746" vspace="5" hspace="5" height="120" src="/de/media/linuxday.png" alt="" /></strong></p>
<p>a) <strong>Freier Zutritt,</strong> d.h. der linuxday.at kostet für die Besucher/innen nichts und es ist auch keine Registrierung oder Anmeldung notwendig.</p>
<p>b) <strong>Es gibt für Technisch Interessierte und Anwender/innen</strong> interessante Stände und Vorträge; die ideale Voraussetzung für einen Austausch zwischen Entwickler/innen und Benutzer/innen.</p>
<p>c) Die <strong>Organisation</strong> basiert auf zumeist <strong>ehrenamtlicher Arbeit.</strong> Dadurch sind die Budgetposten überschaubar klein.</p>
<p>Die ArchivistaBox ist nunmehr zum dritten Mal in Folge am linuxday.at vertreten, und auch dieses Jahr gibt es einen Vortrag zum Thema &#8218;Professionelle OCR unter Linux&#8216;. Der Vortrag beginnt um 10 Uhr, d.h. nichts für Langschläfer/innen. Selbstverständlich wird es auch dieses Jahr ein Skript zum Vortrag geben, das den aktuellen Stand im Bereiche der Texterkennung (nunmehr primär OpenSource-Produkte) unter Linux aufzeigen wird.</p>
<p>Im Übrigen stehen wir am Archivista-Stand jederzeit für Fragen und Hilfestellung betreffend der ArchivistaBox zur Verfügung. Wer mag, darf auch einen eigenen Rechner mitnehmen, damit wir eine ArchivistaBox aufsetzen können.</p>
<h2>Gratis: 29 + 11 USB-Sticks mit der ArchivistaBox</h2>
<p><img loading="lazy" decoding="async" align="right" width="365" vspace="5" hspace="5" height="154" src="/de/media/stick2.jpg" alt="" />Und weil dieses Jahr der Linuxday.at am 29.11 stattfindet, verschenken wir den ersten 29 + 11  Besucher/innen einen USB-Stick mit der ArchivistaBox-Software drauf. All jene, die zu spät sind, erhalten zum Trost eine ArchivistaBox-Installations-CD.</p>
<p>Ob mit oder ohne Stick, ein Besuch an unserem Stand lohnt sich in jedem Falle. Gezeigt am Stand werden die <a href="http://shop.archivista.ch/oscommerce/catalog/product_info.php?cPath=21">ArchivistaBoxen Dolder,</a> <a href="http://shop.archivista.ch/oscommerce/catalog/product_info.php?cPath=21">Säntis</a> sowie mein Mini-Rechner mit der ArchivistaBox-Lösung. Als Scanner werden wir den <a href="http://shop.archivista.ch/oscommerce/catalog/product_info.php?cPath=23">Fujitsu S300</a> zeigen. Die entsprechenden (von uns gesponserten) Treiber laufen auf sämtlichen Linux-Distributionen, auch dazu geben wir gerne Auskunft.</p>
<h2>Nachtrag zum linuxday.at</h2>
<p>Herzlichen Dank für die zahlreichen interessanten Kontakte. Ebenfalls danken möchte ich allen Zuhörer/innen anlässlich meines Vortrag &#8222;Professionelle OCR-Erkennung unter Linux&#8220;. Das <a href="/de/media/ocr2.pdf">Vortragsskript</a> findet sich <a href="/de/media/ocr2.pdf">hier.</a></p></p>



	<div class="dkpdf-button-container" style="            text-align:right ">

		<a class="dkpdf-button" href="/cms/wp-json/wp/v2/pages/53?pdf=53" target="_blank"><span class="dkpdf-button-icon"><i class="fa fa-file-pdf-o"></i></span> PDF Button</a>

	</div>

<p>Vortrag und Stand an Linuxday.at am 29. November 2008 in Dornbirn (A) Pfaffhausen, 7. November 2008: Es gibt mittlerweile viele Linux-Messen, kleinere wie grössere. Einer jener Messen, die ich selber unheimlich schätze, ist der alljährlich Ende November stattfindende linuxday.at. Und dies aus verschiedenen Gründen: a) Freier Zutritt, d.h. der linuxday.at kostet für die Besucher/innen nichts [&hellip;]</p>
