{"id":5307,"date":"2018-02-03T15:34:31","date_gmt":"2018-02-03T14:34:31","guid":{"rendered":"http:\/\/archivista.ch\/cms\/?page_id=5307"},"modified":"2019-01-07T17:06:34","modified_gmt":"2019-01-07T16:06:34","slug":"avmultimedia","status":"publish","type":"page","link":"https:\/\/archivista.ch\/cms\/de\/aktuell-blog\/jahre-2008-2019\/blogs-2018\/avmultimedia\/","title":{"rendered":"AVMultimedia"},"content":{"rendered":"<h1>Musik und Videos mit der ArchivistaBox<\/h1>\n<div style=\"width: 625px;\" class=\"wp-video\"><!--[if lt IE 9]><script>document.createElement('video');<\/script><![endif]-->\n<video class=\"wp-video-shortcode\" id=\"video-5307-1\" width=\"625\" height=\"352\" preload=\"metadata\" controls=\"controls\"><source type=\"video\/mp4\" src=\"https:\/\/archivista.ch\/cms\/wp-content\/uploads\/2018\/02\/avmultimedia.mp4?_=1\" \/><a href=\"https:\/\/archivista.ch\/cms\/wp-content\/uploads\/2018\/02\/avmultimedia.mp4\">https:\/\/archivista.ch\/cms\/wp-content\/uploads\/2018\/02\/avmultimedia.mp4<\/a><\/video><\/div>\n<p><em><strong>Egg, 3. Februar 2018:<\/strong> Das nachfolgende Projekt AVMultimedia ist aus dem Bed\u00fcrfnis heraus entstanden, multimediale Inhalte (Musik, Fotos und Videos) mit Linux verwalten und bearbeiten zu k\u00f6nnen. Als Grundlage diente die ArchivistaBox. Im nachfolgenden Blog wird die Open Source L\u00f6sung AVMultimedia, die auf einer aktuellen ArchivistaBox beruht, vorgestellt. Wer an dieser Stelle gleich zum Download schreiten m\u00f6chte, kann die <strong><a href=\"https:\/\/sourceforge.net\/projects\/archivista\/files\/archivista\/avmultimedia.iso\/download\">freie L\u00f6sung AVMultimedia direkt bei sourceforge.net<\/a><\/strong> beziehen.<br \/>\n <\/em><\/p>\n<p><a href=\"https:\/\/archivista.ch\/cms\/wp-content\/uploads\/2018\/02\/avmulti0.jpg\"><img loading=\"lazy\" decoding=\"async\" class=\"alignnone size-full wp-image-5313\" src=\"https:\/\/archivista.ch\/cms\/wp-content\/uploads\/2018\/02\/avmulti0.jpg\" alt=\"\" width=\"600\" height=\"338\" srcset=\"https:\/\/archivista.ch\/cms\/wp-content\/uploads\/2018\/02\/avmulti0.jpg 600w, https:\/\/archivista.ch\/cms\/wp-content\/uploads\/2018\/02\/avmulti0-300x169.jpg 300w\" sizes=\"auto, (max-width: 600px) 100vw, 600px\" \/><\/a><\/p>\n<h2>Arbeiten mit der RAM-Distribution AVMultimedia<\/h2>\n<p>Linux bildet seit weit \u00fcber 10 Jahren die Basis f\u00fcr die ArchivistaBox. Anders als fast alle anderen Linux-L\u00f6sungen wird die ArchivistaBox nicht installiert, sondern ab einer ISO-Datei hochgefahren. Dies bedeutet, das Betriebssystem wird nicht auf die Festplatte installiert, sondern in einem virtuellem Laufwerk im Hauptspeicher hochgefahren. Dadurch ergeben sich viele Vorteile:<\/p>\n<ul>\n<li>System arbeitet im RAM-Speicher extrem schnell<\/li>\n<li>Festplatte wird nur f\u00fcr Daten verwendet (saubere Trennung zum System)<\/li>\n<li>Start ohne Installation ab ISO-Datei (optional ab Stick oder Festplatte)<\/li>\n<li>Datenschutz und Privatsph\u00e4re dank anonymem Surfen<\/li>\n<li>Netzwerkverbindung f\u00fcr Installation und Arbeiten nicht zwingend notwendig<\/li>\n<li>Erweiterung durch Skriptverarbeitung beim Hochfahren<\/li>\n<\/ul>\n<p><a href=\"https:\/\/archivista.ch\/cms\/wp-content\/uploads\/2018\/02\/avmultimedia2.jpg\"><img loading=\"lazy\" decoding=\"async\" class=\"alignnone size-full wp-image-5351\" src=\"https:\/\/archivista.ch\/cms\/wp-content\/uploads\/2018\/02\/avmultimedia2.jpg\" alt=\"\" width=\"1025\" height=\"770\" srcset=\"https:\/\/archivista.ch\/cms\/wp-content\/uploads\/2018\/02\/avmultimedia2.jpg 1025w, https:\/\/archivista.ch\/cms\/wp-content\/uploads\/2018\/02\/avmultimedia2-300x225.jpg 300w, https:\/\/archivista.ch\/cms\/wp-content\/uploads\/2018\/02\/avmultimedia2-768x577.jpg 768w, https:\/\/archivista.ch\/cms\/wp-content\/uploads\/2018\/02\/avmultimedia2-1024x769.jpg 1024w, https:\/\/archivista.ch\/cms\/wp-content\/uploads\/2018\/02\/avmultimedia2-600x451.jpg 600w, https:\/\/archivista.ch\/cms\/wp-content\/uploads\/2018\/02\/avmultimedia2-624x469.jpg 624w\" sizes=\"auto, (max-width: 1025px) 100vw, 1025px\" \/><\/a><\/p>\n<p>Nun gibt es f\u00fcr Linux einige Distributionen f\u00fcr multimediale Inhalte, am bekanntesten d\u00fcrften <a href=\"https:\/\/openelec.tv\"><strong>OpenElec<\/strong><\/a> oder <strong><a href=\"https:\/\/libreelec.tv\">LibreElec<\/a><\/strong> mit <strong><a href=\"https:\/\/kodi.tv\">Kodi<\/a><\/strong> sein. All diese Distributionen eigenen sich sehr gut, um Bilder, Musik und Videos zur Verf\u00fcgung zu stellen. Sehr elegant arbeiten diese Systeme mit dem Kleinstrechner <strong><a href=\"https:\/\/www.raspberrypi.org\">Raspberry PI.<\/a><\/strong> Etwas schwieriger wird es, wenn es darum geht, entsprechende Inhalte selber aufzubereiten, die Leistung der Mini-Rechner ist hier doch etwas beschr\u00e4nkt. Aus diesem Grunde wurde AVMultimedia f\u00fcr Intel\/AMD-Prozessoren erstellt.\u00a0<\/p>\n<p><a href=\"https:\/\/archivista.ch\/cms\/wp-content\/uploads\/2018\/02\/avmulti5.jpg\"><img loading=\"lazy\" decoding=\"async\" class=\"alignnone size-full wp-image-5314\" src=\"https:\/\/archivista.ch\/cms\/wp-content\/uploads\/2018\/02\/avmulti5.jpg\" alt=\"\" width=\"600\" height=\"170\" srcset=\"https:\/\/archivista.ch\/cms\/wp-content\/uploads\/2018\/02\/avmulti5.jpg 600w, https:\/\/archivista.ch\/cms\/wp-content\/uploads\/2018\/02\/avmulti5-300x85.jpg 300w\" sizes=\"auto, (max-width: 600px) 100vw, 600px\" \/><\/a><\/p>\n<h2>Core-Applikationen bei AVMultimedia<\/h2>\n<p>Die folgenden Applikationen stehen aktuell zur Verf\u00fcgung:<\/p>\n<ul>\n<li>MediaCenter mit <a href=\"https:\/\/kodi.tv\"><strong>Kodi<\/strong><\/a><\/li>\n<li>Videobearbeitung mit <a href=\"https:\/\/jliljebl.github.io\/flowblade\"><strong>Flowblade<\/strong><\/a> und<strong> <a href=\"https:\/\/www.openshot.org\/\">OpenShot2 (AppImage)<\/a><\/strong><\/li>\n<li>Erstellen von DVDs mit <a href=\"https:\/\/devede.org\/\"><strong>DeVeDe<\/strong><\/a><\/li>\n<li>Erfassen von Audio-CDs mit <a href=\"http:\/\/littlesvr.ca\/asunder\"><strong>ASunder<\/strong><\/a><\/li>\n<li>Bildbearbeitung mit <a href=\"https:\/\/www.gimp.org\/\"><strong>Gimp<\/strong><\/a><\/li>\n<li>Einbinden Smartphones (Android) \u00fcber USB<\/li>\n<\/ul>\n<p>AVMultimedia kann \u00fcberdies als ambitionierter Linux-Desktop verwendet werden, <a href=\"https:\/\/de.libreoffice.org\"><strong>LibreOffice<\/strong><\/a> und <strong><a href=\"https:\/\/mozilla.org\">Firefox<\/a><\/strong> sind selbstverst\u00e4ndlich mit an Bord, genauso wie eine Entwicklungsumgebung f\u00fcr Python mit Kivy zur Verf\u00fcgung steht. Technologisch basiert AVMultimedia auf <a href=\"https:\/\/devuan.org\"><strong>Devuan Jessie<\/strong><\/a> mit Kernel 4.9.77 (inkl. Meltdown und Spectre-Patches).<\/p>\n<p><a href=\"https:\/\/archivista.ch\/cms\/wp-content\/uploads\/2018\/02\/avmultimedia3.jpg\"><img loading=\"lazy\" decoding=\"async\" class=\"alignnone size-full wp-image-5352\" src=\"https:\/\/archivista.ch\/cms\/wp-content\/uploads\/2018\/02\/avmultimedia3.jpg\" alt=\"\" width=\"1028\" height=\"766\" srcset=\"https:\/\/archivista.ch\/cms\/wp-content\/uploads\/2018\/02\/avmultimedia3.jpg 1028w, https:\/\/archivista.ch\/cms\/wp-content\/uploads\/2018\/02\/avmultimedia3-300x224.jpg 300w, https:\/\/archivista.ch\/cms\/wp-content\/uploads\/2018\/02\/avmultimedia3-768x572.jpg 768w, https:\/\/archivista.ch\/cms\/wp-content\/uploads\/2018\/02\/avmultimedia3-1024x763.jpg 1024w, https:\/\/archivista.ch\/cms\/wp-content\/uploads\/2018\/02\/avmultimedia3-600x447.jpg 600w, https:\/\/archivista.ch\/cms\/wp-content\/uploads\/2018\/02\/avmultimedia3-624x465.jpg 624w\" sizes=\"auto, (max-width: 1028px) 100vw, 1028px\" \/><\/a><\/p>\n<h2>Hardwareanforderungen f\u00fcr AVMultimedia<\/h2>\n<p>Wer mit AVMultimedia arbeiten m\u00f6chte, ben\u00f6tigt folgende Hardware:<\/p>\n<ul>\n<li>Intel\/AMD-Rechner mit 4 GByte RAM oder mehr<\/li>\n<li>AVMultimedia-ISO-Datei auf DVD oder USB-Stick (empfohlen)<\/li>\n<li>Festplatte f\u00fcr Daten (Linux- und Windows-Platten m\u00f6glich)<\/li>\n<li>DHCP-Server f\u00fcr automatische Netzwerkerkennung (empfohlen)<\/li>\n<\/ul>\n<p><a href=\"https:\/\/archivista.ch\/cms\/wp-content\/uploads\/2018\/02\/avmulti6.jpg\"><img loading=\"lazy\" decoding=\"async\" class=\"alignnone size-full wp-image-5318\" src=\"https:\/\/archivista.ch\/cms\/wp-content\/uploads\/2018\/02\/avmulti6.jpg\" alt=\"\" width=\"600\" height=\"338\" srcset=\"https:\/\/archivista.ch\/cms\/wp-content\/uploads\/2018\/02\/avmulti6.jpg 600w, https:\/\/archivista.ch\/cms\/wp-content\/uploads\/2018\/02\/avmulti6-300x169.jpg 300w\" sizes=\"auto, (max-width: 600px) 100vw, 600px\" \/><\/a><\/p>\n<h2>Installation auf USB-Stick<\/h2>\n<p>AVMultimedia kann bei <strong><a href=\"https:\/\/sourceforge.net\/projects\/archivista\/files\/archivista\/avmultimedia.iso\/download\">Sourceforge.net bezogen werden.\u00a0<\/a><\/strong>Die ISO-Datei ist entweder auf eine DVD zu brennen oder auf einen <strong><a href=\"http:\/\/etcher.io\">USB-Stick zu kopieren. Dazu eignet sich ausgezeichnet Etcher,<\/a><\/strong> das es f\u00fcr Windows, Mac und Linux gibt. Wer mit Linux arbeitet, kann die ISO-Datei mit <strong>&#8218;dd if=avmultimedia.iso of=\/dev\/sdx bs=64M&#8216;<\/strong> auf einen USB-Stick kopieren. <strong>Wichtig:<\/strong> Anstelle von \/dev\/sdx ist der Buchstabe des USB-Sticks einzutragen. Bei Verwendung eines falschen Buchstabens wird allf\u00e4llig die falsche Platte initialisiert. Wem das Prozedere (Windows, Linux und\/oder Mac) zu kompliziert ist, kann im <strong><a href=\"http:\/\/shop.archivista.ch\/oscommunity\/catalog\/advanced_search_result.php?keywords=usb%20stick&amp;sort=2a&amp;language=de\">Shop einen USB-Stick bestellen.<\/a><\/strong><\/p>\n<h2>Hochfahren AVMultimedia<\/h2>\n<p>Nach dem Starten ab DVD bzw. USB-Stick ist keine Interaktion notwendig, das System richtet sich automatisch ein. Im <strong>Standard ist die deutsche Sprache voreingetellt, mit &#8218;ram lang.en&#8216;<\/strong> beim ersten Prompt (Weiss\/Schwarz) kann die <strong>englische Version<\/strong> hochgefahren werden. W\u00e4hrend dem Einrichten wird ein blauer Bildschirm eingeblendet:<\/p>\n<p><a href=\"https:\/\/archivista.ch\/cms\/wp-content\/uploads\/2018\/02\/avmulti1.png\"><img loading=\"lazy\" decoding=\"async\" class=\"alignnone size-full wp-image-5308\" src=\"https:\/\/archivista.ch\/cms\/wp-content\/uploads\/2018\/02\/avmulti1.png\" width=\"600\" height=\"375\" srcset=\"https:\/\/archivista.ch\/cms\/wp-content\/uploads\/2018\/02\/avmulti1.png 1013w, https:\/\/archivista.ch\/cms\/wp-content\/uploads\/2018\/02\/avmulti1-300x187.png 300w, https:\/\/archivista.ch\/cms\/wp-content\/uploads\/2018\/02\/avmulti1-768x480.png 768w, https:\/\/archivista.ch\/cms\/wp-content\/uploads\/2018\/02\/avmulti1-600x375.png 600w, https:\/\/archivista.ch\/cms\/wp-content\/uploads\/2018\/02\/avmulti1-624x390.png 624w\" sizes=\"auto, (max-width: 600px) 100vw, 600px\" \/><\/a><\/p>\n<p>Sofern AVMultimedia eine leere Festplatte findet, wird diese formatiert. Falls bereits eine bestehende Platte vorhanden ist, wird die letze Partition automatisch eingebunden. Das Einrichten von AVMultimedia dauert ab USB-Stick ca. eine Minute (es werden dabei ca. 3 GByte Software eingerichtet). Danach erfolgt der nachfolgende Bildschirm:<\/p>\n<p><a href=\"https:\/\/archivista.ch\/cms\/wp-content\/uploads\/2018\/02\/avmultimedia1.jpg\"><img loading=\"lazy\" decoding=\"async\" class=\"alignnone size-full wp-image-5350\" src=\"https:\/\/archivista.ch\/cms\/wp-content\/uploads\/2018\/02\/avmultimedia1.jpg\" alt=\"\" width=\"1024\" height=\"767\" srcset=\"https:\/\/archivista.ch\/cms\/wp-content\/uploads\/2018\/02\/avmultimedia1.jpg 1024w, https:\/\/archivista.ch\/cms\/wp-content\/uploads\/2018\/02\/avmultimedia1-300x225.jpg 300w, https:\/\/archivista.ch\/cms\/wp-content\/uploads\/2018\/02\/avmultimedia1-768x575.jpg 768w, https:\/\/archivista.ch\/cms\/wp-content\/uploads\/2018\/02\/avmultimedia1-600x449.jpg 600w, https:\/\/archivista.ch\/cms\/wp-content\/uploads\/2018\/02\/avmultimedia1-624x467.jpg 624w\" sizes=\"auto, (max-width: 1024px) 100vw, 1024px\" \/><\/a><\/p>\n<p>Sofern ein Passwort einzugeben ist, ist sowohl f\u00fcr den Benutzer &#8218;archivista&#8216; als auch f\u00fcr den Root-Benutzer das <strong>Passwort &#8218;archivista&#8216;<\/strong> zu verwenden.<\/p>\n<p>Vorhande Festplatten und Sticks werden automatisch eingebunden. Sofern eine Festplatte zum Speichern von Daten zur Verf\u00fcgung steht, wird automatisch der Ordner &#8218;data&#8216; auf dem Desktop angezeigt. <strong>Nur die auf dem Desktop angezeigten Laufwerke und der Ordner &#8218;data&#8216; k\u00f6nnen zum Speichern der Daten verwendet werden.<\/strong> Alle \u00fcbrigen Verzeichnisse liegen ausschlesslich im Speicher, d.h. s\u00e4mtliche Ver\u00e4nderungen ausserhalb der auf dem Desktop angezeigten Speicherorte &#8218;\u00fcberleben&#8216; einen Neustart nicht.<\/p>\n<h2>AVMultimedia auf Festplatte installieren<\/h2>\n<p><strong>Normalerweise ist es nicht erforderlich, AVMultimedia auf die Festplatte zu installieren, das Starten ab einem USB-Stick erfolgt genauso schnell.<\/strong> Trotzdem kann die ISO-Datei bzw. der USB-Stick kann auf die Festplatte installiert werden, sofern die erste Partition der internen Platte zur alleinigen Verf\u00fcgung steht. Eine solche Partition wird automatisch eingerichtet, wenn AVMultimedia beim Hochfahren eine leere (erste) Festplatte vorfindet. Um Multimedia in der ersten Partition bootf\u00e4hig zu installieren, ist <strong>&#8218;xterm&#8216;<\/strong> aufzurufen, dann mit <strong>&#8217;su&#8216;<\/strong> zum Benutzer <strong>&#8218;root&#8216;<\/strong> wechseln. Danach mit <strong>&#8218;cd \/insthd&#8216;<\/strong> in den Ordner <strong>&#8218;insthd&#8216;<\/strong> wechseln.<\/p>\n<p>Mit <strong>&#8218;perl insthd.pl \/home\/archivista\/data\/avmultimedia.iso 1&#8216;<\/strong> kann die ISO-Datei (diese zuvor im Verzeichnis ablegen) auf die Festplatte kopiert werden.<\/p>\n<p><a href=\"https:\/\/archivista.ch\/cms\/wp-content\/uploads\/2018\/02\/avmulti4.png\"><img loading=\"lazy\" decoding=\"async\" class=\"alignnone size-full wp-image-5312\" src=\"https:\/\/archivista.ch\/cms\/wp-content\/uploads\/2018\/02\/avmulti4.png\" width=\"600\" height=\"489\" srcset=\"https:\/\/archivista.ch\/cms\/wp-content\/uploads\/2018\/02\/avmulti4.png 659w, https:\/\/archivista.ch\/cms\/wp-content\/uploads\/2018\/02\/avmulti4-300x244.png 300w, https:\/\/archivista.ch\/cms\/wp-content\/uploads\/2018\/02\/avmulti4-600x489.png 600w, https:\/\/archivista.ch\/cms\/wp-content\/uploads\/2018\/02\/avmulti4-624x508.png 624w\" sizes=\"auto, (max-width: 600px) 100vw, 600px\" \/><\/a><\/p>\n<p>Der USB-Stick bzw. die DVD kann nun entfernt werden. Mit <strong>&#8218;reboot -f&#8216;<\/strong> kann AVMultimedia neu gestartet werden.<\/p>\n<p><em><strong>Tipp:<\/strong> Wer AVMultimedia an pers\u00f6nliche Bed\u00fcrfnisse anpassen m\u00f6chte, kann in <strong>&#8218;\/home\/data\/archivista&#8216;<\/strong> den Ordner <strong>&#8218;cust&#8216;<\/strong> und darin den Ordner <strong>&#8218;desktop&#8216;<\/strong> erstellen. Mit dem zu erstellenden Skript <strong>&#8218;desktop.sh&#8216;<\/strong> in diesem Ordner k\u00f6nnen am Ende des Hochfahrens individuelle \u00c4nderungen vorgenommen werden.<\/em><\/p>\n\n\n\n\t<div class=\"dkpdf-button-container\" style=\"            text-align:right \">\n\n\t\t<a class=\"dkpdf-button\" href=\"\/cms\/wp-json\/wp\/v2\/pages\/5307?pdf=5307\" target=\"_blank\"><span class=\"dkpdf-button-icon\"><i class=\"fa fa-file-pdf-o\"><\/i><\/span> PDF Button<\/a>\n\n\t<\/div>\n\n\n\n\n\n","protected":false},"excerpt":{"rendered":"<p>Musik und Videos mit der ArchivistaBox https:\/\/archivista.ch\/cms\/wp-content\/uploads\/2018\/02\/avmultimedia.mp4 Egg, 3. Februar 2018: Das nachfolgende Projekt AVMultimedia ist aus dem Bed\u00fcrfnis heraus entstanden, multimediale Inhalte (Musik, Fotos und Videos) mit Linux verwalten und bearbeiten zu k\u00f6nnen. Als Grundlage diente die ArchivistaBox. Im nachfolgenden Blog wird die Open Source L\u00f6sung AVMultimedia, die auf einer aktuellen ArchivistaBox beruht, vorgestellt. [&hellip;]<\/p>\n","protected":false},"author":1,"featured_media":0,"parent":5556,"menu_order":183,"comment_status":"closed","ping_status":"closed","template":"","meta":{"_acf_changed":false,"footnotes":""},"class_list":["post-5307","page","type-page","status-publish","hentry"],"acf":[],"_links":{"self":[{"href":"https:\/\/archivista.ch\/cms\/wp-json\/wp\/v2\/pages\/5307","targetHints":{"allow":["GET"]}}],"collection":[{"href":"https:\/\/archivista.ch\/cms\/wp-json\/wp\/v2\/pages"}],"about":[{"href":"https:\/\/archivista.ch\/cms\/wp-json\/wp\/v2\/types\/page"}],"author":[{"embeddable":true,"href":"https:\/\/archivista.ch\/cms\/wp-json\/wp\/v2\/users\/1"}],"replies":[{"embeddable":true,"href":"https:\/\/archivista.ch\/cms\/wp-json\/wp\/v2\/comments?post=5307"}],"version-history":[{"count":26,"href":"https:\/\/archivista.ch\/cms\/wp-json\/wp\/v2\/pages\/5307\/revisions"}],"predecessor-version":[{"id":5400,"href":"https:\/\/archivista.ch\/cms\/wp-json\/wp\/v2\/pages\/5307\/revisions\/5400"}],"up":[{"embeddable":true,"href":"https:\/\/archivista.ch\/cms\/wp-json\/wp\/v2\/pages\/5556"}],"wp:attachment":[{"href":"https:\/\/archivista.ch\/cms\/wp-json\/wp\/v2\/media?parent=5307"}],"curies":[{"name":"wp","href":"https:\/\/api.w.org\/{rel}","templated":true}]}}