{"id":5556,"date":"2019-01-07T17:01:12","date_gmt":"2019-01-07T16:01:12","guid":{"rendered":"http:\/\/archivista.ch\/cms\/?page_id=5556"},"modified":"2023-01-09T21:19:12","modified_gmt":"2023-01-09T20:19:12","slug":"blogs-2018","status":"publish","type":"page","link":"https:\/\/archivista.ch\/cms\/de\/aktuell-blog\/jahre-2008-2019\/blogs-2018\/","title":{"rendered":"Blogs 2018"},"content":{"rendered":"<h1>Betriebsferien 24.12.2018-4.1.2019 &#8212; Frohe Festtage<\/h1>\n<p><a href=\"https:\/\/archivista.ch\/cms\/wp-content\/uploads\/2019\/01\/wegsiena.jpg\"><img loading=\"lazy\" decoding=\"async\" class=\"alignnone size-full wp-image-5558\" src=\"https:\/\/archivista.ch\/cms\/wp-content\/uploads\/2019\/01\/wegsiena.jpg\" alt=\"\" width=\"600\" height=\"338\" srcset=\"https:\/\/archivista.ch\/cms\/wp-content\/uploads\/2019\/01\/wegsiena.jpg 600w, https:\/\/archivista.ch\/cms\/wp-content\/uploads\/2019\/01\/wegsiena-300x169.jpg 300w\" sizes=\"auto, (max-width: 600px) 100vw, 600px\" \/><\/a><\/p>\n<p>Mit dem <strong><a href=\"https:\/\/archivista.ch\/cms\/de\/aktuell-blog\/flexible-masken\/\">Release 2018\/XII<\/a><\/strong> steht das letzte neue Release in diesem Jahr zur Verf\u00fcgung. Wir danken unseren Kunden f\u00fcr das Vertrauen und w\u00fcnschen allen schon heute frohe Festtage und einen guten Rutsch ins 2019. Zwischen dem 24.12.2018 und dem 4.1.2019 bleibt die Firma geschlossen.<\/p>\n<p>Kunden mit Wartungsvertr\u00e4gen erhalten an Werktagen selbstverst\u00e4ndlich trotzdem Support. Auftr\u00e4ge f\u00fcr Schulung, neue Projekte oder Bestellungen werden dagegen erst wieder ab dem Montag, 7.1.2019 abgewickelt. Wer noch in diesem Jahr bestellen m\u00f6chte &#8212; bis zum Freitag, 21. Dezember 2018 werden alle Bestellungen noch auf das Jahr 2018 abgewickelt.<\/p>\n\n\n\n\t<div class=\"dkpdf-button-container\" style=\"            text-align:right \">\n\n\t\t<a class=\"dkpdf-button\" href=\"\/cms\/wp-json\/wp\/v2\/pages\/5556?pdf=5556\" target=\"_blank\"><span class=\"dkpdf-button-icon\"><i class=\"fa fa-file-pdf-o\"><\/i><\/span> PDF Button<\/a>\n\n\t<\/div>\n\n\n\n\n\n","protected":false},"excerpt":{"rendered":"<p>Betriebsferien 24.12.2018-4.1.2019 &#8212; Frohe Festtage Mit dem Release 2018\/XII steht das letzte neue Release in diesem Jahr zur Verf\u00fcgung. Wir danken unseren Kunden f\u00fcr das Vertrauen und w\u00fcnschen allen schon heute frohe Festtage und einen guten Rutsch ins 2019. Zwischen dem 24.12.2018 und dem 4.1.2019 bleibt die Firma geschlossen. Kunden mit Wartungsvertr\u00e4gen erhalten an Werktagen [&hellip;]<\/p>\n","protected":false},"author":1,"featured_media":0,"parent":9613,"menu_order":60,"comment_status":"closed","ping_status":"closed","template":"","meta":{"_acf_changed":false,"footnotes":""},"class_list":["post-5556","page","type-page","status-publish","hentry"],"acf":[],"_links":{"self":[{"href":"https:\/\/archivista.ch\/cms\/wp-json\/wp\/v2\/pages\/5556","targetHints":{"allow":["GET"]}}],"collection":[{"href":"https:\/\/archivista.ch\/cms\/wp-json\/wp\/v2\/pages"}],"about":[{"href":"https:\/\/archivista.ch\/cms\/wp-json\/wp\/v2\/types\/page"}],"author":[{"embeddable":true,"href":"https:\/\/archivista.ch\/cms\/wp-json\/wp\/v2\/users\/1"}],"replies":[{"embeddable":true,"href":"https:\/\/archivista.ch\/cms\/wp-json\/wp\/v2\/comments?post=5556"}],"version-history":[{"count":2,"href":"https:\/\/archivista.ch\/cms\/wp-json\/wp\/v2\/pages\/5556\/revisions"}],"predecessor-version":[{"id":5566,"href":"https:\/\/archivista.ch\/cms\/wp-json\/wp\/v2\/pages\/5556\/revisions\/5566"}],"up":[{"embeddable":true,"href":"https:\/\/archivista.ch\/cms\/wp-json\/wp\/v2\/pages\/9613"}],"wp:attachment":[{"href":"https:\/\/archivista.ch\/cms\/wp-json\/wp\/v2\/media?parent=5556"}],"curies":[{"name":"wp","href":"https:\/\/api.w.org\/{rel}","templated":true}]}}

<h1>Betriebsferien 24.12.2018-4.1.2019 &#8212; Frohe Festtage</h1>
<p><a href="https://archivista.ch/cms/wp-content/uploads/2019/01/wegsiena.jpg"><img loading="lazy" decoding="async" class="alignnone size-full wp-image-5558" src="https://archivista.ch/cms/wp-content/uploads/2019/01/wegsiena.jpg" alt="" width="600" height="338" srcset="https://archivista.ch/cms/wp-content/uploads/2019/01/wegsiena.jpg 600w, https://archivista.ch/cms/wp-content/uploads/2019/01/wegsiena-300x169.jpg 300w" sizes="auto, (max-width: 600px) 100vw, 600px" /></a></p>
<p>Mit dem <strong><a href="https://archivista.ch/cms/de/aktuell-blog/flexible-masken/">Release 2018/XII</a></strong> steht das letzte neue Release in diesem Jahr zur Verfügung. Wir danken unseren Kunden für das Vertrauen und wünschen allen schon heute frohe Festtage und einen guten Rutsch ins 2019. Zwischen dem 24.12.2018 und dem 4.1.2019 bleibt die Firma geschlossen.</p>
<p>Kunden mit Wartungsverträgen erhalten an Werktagen selbstverständlich trotzdem Support. Aufträge für Schulung, neue Projekte oder Bestellungen werden dagegen erst wieder ab dem Montag, 7.1.2019 abgewickelt. Wer noch in diesem Jahr bestellen möchte &#8212; bis zum Freitag, 21. Dezember 2018 werden alle Bestellungen noch auf das Jahr 2018 abgewickelt.</p>



	<div class="dkpdf-button-container" style="            text-align:right ">

		<a class="dkpdf-button" href="/cms/wp-json/wp/v2/pages/5556?pdf=5556" target="_blank"><span class="dkpdf-button-icon"><i class="fa fa-file-pdf-o"></i></span> PDF Button</a>

	</div>

<p>Betriebsferien 24.12.2018-4.1.2019 &#8212; Frohe Festtage Mit dem Release 2018/XII steht das letzte neue Release in diesem Jahr zur Verfügung. Wir danken unseren Kunden für das Vertrauen und wünschen allen schon heute frohe Festtage und einen guten Rutsch ins 2019. Zwischen dem 24.12.2018 und dem 4.1.2019 bleibt die Firma geschlossen. Kunden mit Wartungsverträgen erhalten an Werktagen [&hellip;]</p>
