{"id":5596,"date":"2019-04-02T10:30:59","date_gmt":"2019-04-02T08:30:59","guid":{"rendered":"http:\/\/archivista.ch\/cms\/?page_id=5596"},"modified":"2019-12-20T16:31:26","modified_gmt":"2019-12-20T15:31:26","slug":"vortraege-2019","status":"publish","type":"page","link":"https:\/\/archivista.ch\/cms\/de\/aktuell-blog\/jahre-2008-2019\/blogs-2019\/vortraege-2019\/","title":{"rendered":"Vortr\u00e4ge 2019"},"content":{"rendered":"<h1><a href=\"https:\/\/www.luga.de\/Aktionen\/LIT-2019\/\">Samstag, 6. April: Linux-Infotag mit ArchivistaBox in Augsburg<\/a><\/h1>\n<p><em><strong>Egg, 2. April 2019:<\/strong> Am kommenden <strong><a href=\"https:\/\/www.luga.de\/Aktionen\/LIT-2019\/\">Samstag, 6. April 2019 findet zum 18. Mal der Linux-Infotag an der Hochschule Augsburg<\/a><\/strong> statt. Der Linux-Infotag bietet\u00a0<a href=\"https:\/\/frab.luga.de\/en\/LIT2019\/public\/schedule\/1\"><strong>Vortr\u00e4ge und Informationsst\u00e4nde rund um Linux, Open-Source und kreative Anwendungen von Technik, Wissenschaft und Bildung. <\/strong><\/a>Gerne laden wir alle Kunden und Interessen zu diesem Event ein. Mit von Parie sind wir mit zwei Vortr\u00e4gen und einem Infostand.<\/em><\/p>\n<p><a href=\"https:\/\/archivista.ch\/cms\/wp-content\/uploads\/2019\/04\/lugaugsburg.png\"><img loading=\"lazy\" decoding=\"async\" class=\"alignnone size-full wp-image-5611\" src=\"https:\/\/archivista.ch\/cms\/wp-content\/uploads\/2019\/04\/lugaugsburg.png\" alt=\"\" width=\"600\" height=\"164\" srcset=\"https:\/\/archivista.ch\/cms\/wp-content\/uploads\/2019\/04\/lugaugsburg.png 600w, https:\/\/archivista.ch\/cms\/wp-content\/uploads\/2019\/04\/lugaugsburg-300x82.png 300w\" sizes=\"auto, (max-width: 600px) 100vw, 600px\" \/><\/a><\/p>\n<h2><a href=\"https:\/\/frab.luga.de\/en\/LIT2019\/public\/events\/81\">13:15 Uhr: Vortrag AVMultimedia<\/a><\/h2>\n<p>Im ersten Vortrag wird AVMultimedia, ein moderner und schlanker Open Source Client auf der Basis-Technologie der ArchivistaBox im neuen 2019-er-Release vorgestellt.<\/p>\n<p><em>Pr\u00e4ambel: Vor etwas mehr als einem Jahr. Die Tochter (damals 5. Klasse) bringt aus einem Computer-Medien-Kurs der Schule einen Flyer mit, auf dem es nur Platz f\u00fcr kommerzielle (kostenpflichtige) Programme und Apps hat. Open Source: Fehlanzeige. Geht dies wirklich nur mit dem kommerziellen &#8222;Kram&#8220; bzw. wie einfach kann\/m\u00fcsste Linux sein, um bequem multimediale Inhalt aufbereiten und publizieren zu k\u00f6nnen?<\/em><\/p>\n<p>AVMultimedia ist der &#8222;Versuch&#8220;, mit Open Source schlank und rank eine multimediale Schaltzentrale zur Verf\u00fcgung zu stellen. Dabei geht es nicht nur darum, keine kostenpflichtigen Programme und Apps erwerben zu m\u00fcssen, sondern prim\u00e4r soll vermieden werden, die Hoheit \u00fcber Daten und Privatsph\u00e4re (gerade f\u00fcr Kinder und Jugendliche) aus der Hand geben zu m\u00fcssen.<\/p>\n<p><a href=\"https:\/\/archivista.ch\/cms\/wp-content\/uploads\/2019\/04\/avmulti2019.jpg\"><img loading=\"lazy\" decoding=\"async\" class=\"alignnone size-full wp-image-5604\" src=\"https:\/\/archivista.ch\/cms\/wp-content\/uploads\/2019\/04\/avmulti2019.jpg\" alt=\"\" width=\"600\" height=\"454\" srcset=\"https:\/\/archivista.ch\/cms\/wp-content\/uploads\/2019\/04\/avmulti2019.jpg 600w, https:\/\/archivista.ch\/cms\/wp-content\/uploads\/2019\/04\/avmulti2019-300x227.jpg 300w\" sizes=\"auto, (max-width: 600px) 100vw, 600px\" \/><\/a><\/p>\n<p>AVMultimedia fusst auf dem Konzept der ArchivistaBoxen. Dies hat den Vorteil, dass das Betriebssystem im Hauptspeicher l\u00e4uft und strikt von den Daten (Festplatte) getrennt ist. Nach jedem Neustart steht ein &#8222;cleaner&#8220; Rechner zur Verf\u00fcgung.<\/p>\n<p>Neben dem &#8222;historischen Hintergrund&#8220; zeigt der Vortrag live, wie AVMultimedia mit einem USB-Stick auf einen neuen Computer und \u00fcber eine bestehende Installation (Windows\/Linux) in Betrieb genommen wird. Wie funktioniert AVMultimedia in der Praxis? Welche prim\u00e4ren Programme gibt es? Wie l\u00e4sst sich AVMultimedia an individuelle Bed\u00fcrfnisse anpassen? Auf all diese Fragen gibt der Vortrag (hoffentlich) kurze und pr\u00e4gnante Antworten. Der Vortrag findet um 13:15 Uhr in Raum A\u00a0 der Hochschule Augsburg statt und erfordert keine spezifischen Computer- und\/oder Linux-Skills.<\/p>\n<h2><a href=\"https:\/\/frab.luga.de\/en\/LIT2019\/public\/events\/82\">16:15 Uhr: AVMini &#8212; Virtualisierung mit KVM<\/a><\/h2>\n<p>Im zweiten Vortrag wird AVMini, ein schlanker Virtualisierungsserver mit KVM vorgestellt. Worum geht es bei (Server-)Virtualisierung, warum ist ein Cluster auch f\u00fcr alle (auch kleine) Umgebungen sinnvoll und f\u00fcr wen ist AVMini die ideale Wahl?<\/p>\n<p><em>Pr\u00e4ambel: Seit 2005 wird die ArchivistaBox auf der Basis einer Linux-Distribution vertrieben. Dabei erfolgt die Entwicklung prim\u00e4r virtualisiert, neue Versionen werden zun\u00e4chst &#8222;nur&#8220; virtuell (eben virtualisiert) auf einem bestehenden Rechner aufgespielt und getestet. Nachdem es in der Entwicklung immer wieder Probleme mit der Workstation-Version des Platzhirsches gegeben hatte, musste eine andere L\u00f6sung &#8212; mit Open Source &#8212; her. AVMini ist der Versuch, darauf eine radikale Antwort zu geben.<\/em><\/p>\n<p>AVMini ist mit 80 MByte ein sehr schlanker Open Source Server zur Virtualisierung f\u00fcr Betriebssysteme. AVMini l\u00e4uft im Hauptspeicher (RAM) und belegt dabei etwa 300 MByte. Anl\u00e4sslich des Vortrages wird AVMini auf einer kosteng\u00fcnstigen, aber dennoch leistungsf\u00e4higer Hardware gezeigt. Anhand eines 2-er-Clusters wird aufgezeigt, wie effizient (10 GBit) die Daten in Echtzeit auf zwei Rechnern vorr\u00e4tig gehalten werden k\u00f6nnen.<\/p>\n<p>Durch die minimale Gr\u00f6sse kann AVMini auf fast jeder Intel\/AMD-Hardware betrieben werden, spezielle (teure) Server-Hardware ist nicht notwendig. Ganz allgemein gilt die Devise, dass (selbst leistungsf\u00e4hige) Virtualisierung keine Frage des Budgets ist. Dabei werden auch einige Hardware-Baupl\u00e4ne als Vorschlag mit auf den Weg gegeben. Der Vortrag findet um 16:15 Uhr in Raum B der Hochschule Augsburg statt. Der Vortrag richtet sich an alle Linux-Anwender\/innen, die mehrere Rechner verwalten wollen\/m\u00fcssen. Kenntnisse in Virtualisierung sind nicht erforderlich.<\/p>\n<h2>AVMultimedia, AVMini und ArchivistaBox an Info-Stand<\/h2>\n<p>Neben den beiden Vortr\u00e4gen gibt es einen Info-Stand, wo unsere Produkte AVMultimedia, AVMini und diverse ArchivistaBoxen (ArchivistaDMS, ArchivistaVM und ArchivistaERP) beschnuppert werden k\u00f6nnen. Und wie immer gilt, den ganzen Tag stehen wir auch f\u00fcr Support und Beratung zur Verf\u00fcgung.<\/p>\n<p>Der Augsburger Linux-Infotag findet zum 18. Mal statt. Die Veranstaltung richtet sich keineswegs nur an &#8222;Linux-Cracks&#8220;, vielmehr ist das Programm breit gef\u00e4chert f\u00fcr Beruf und Freizeit. Selbst Familien finden spanende Themen. Stellvertretend f\u00fcr viele seien hier zwei Vortr\u00e4ge erw\u00e4hnt: <strong><a title=\"Welche Daten verschickt eigentlich mein Browser?\" href=\"https:\/\/frab.luga.de\/en\/LIT2019\/public\/events\/75\">Welche Daten verschickt eigentlich mein Browser?\u00a0<\/a><\/strong>Und als Alternative zu <strong><a href=\"https:\/\/archivista.ch\/cms\/de\/aktuell-blog\/blogs-2015\/erp-und-dms\/\">ArchivistaERP:<\/a> <a href=\"https:\/\/frab.luga.de\/en\/LIT2019\/public\/events\/51\">Software f\u00fcr Freiberufler und Kleinunternehmer<\/a><\/strong><\/p>\n\n\n\n\t<div class=\"dkpdf-button-container\" style=\"            text-align:right \">\n\n\t\t<a class=\"dkpdf-button\" href=\"\/cms\/wp-json\/wp\/v2\/pages\/5596?pdf=5596\" target=\"_blank\"><span class=\"dkpdf-button-icon\"><i class=\"fa fa-file-pdf-o\"><\/i><\/span> PDF Button<\/a>\n\n\t<\/div>\n\n\n\n\n\n","protected":false},"excerpt":{"rendered":"<p>Samstag, 6. April: Linux-Infotag mit ArchivistaBox in Augsburg Egg, 2. April 2019: Am kommenden Samstag, 6. April 2019 findet zum 18. Mal der Linux-Infotag an der Hochschule Augsburg statt. Der Linux-Infotag bietet\u00a0Vortr\u00e4ge und Informationsst\u00e4nde rund um Linux, Open-Source und kreative Anwendungen von Technik, Wissenschaft und Bildung. Gerne laden wir alle Kunden und Interessen zu diesem [&hellip;]<\/p>\n","protected":false},"author":1,"featured_media":0,"parent":6274,"menu_order":161,"comment_status":"closed","ping_status":"closed","template":"","meta":{"_acf_changed":false,"footnotes":""},"class_list":["post-5596","page","type-page","status-publish","hentry"],"acf":[],"_links":{"self":[{"href":"https:\/\/archivista.ch\/cms\/wp-json\/wp\/v2\/pages\/5596","targetHints":{"allow":["GET"]}}],"collection":[{"href":"https:\/\/archivista.ch\/cms\/wp-json\/wp\/v2\/pages"}],"about":[{"href":"https:\/\/archivista.ch\/cms\/wp-json\/wp\/v2\/types\/page"}],"author":[{"embeddable":true,"href":"https:\/\/archivista.ch\/cms\/wp-json\/wp\/v2\/users\/1"}],"replies":[{"embeddable":true,"href":"https:\/\/archivista.ch\/cms\/wp-json\/wp\/v2\/comments?post=5596"}],"version-history":[{"count":11,"href":"https:\/\/archivista.ch\/cms\/wp-json\/wp\/v2\/pages\/5596\/revisions"}],"predecessor-version":[{"id":5619,"href":"https:\/\/archivista.ch\/cms\/wp-json\/wp\/v2\/pages\/5596\/revisions\/5619"}],"up":[{"embeddable":true,"href":"https:\/\/archivista.ch\/cms\/wp-json\/wp\/v2\/pages\/6274"}],"wp:attachment":[{"href":"https:\/\/archivista.ch\/cms\/wp-json\/wp\/v2\/media?parent=5596"}],"curies":[{"name":"wp","href":"https:\/\/api.w.org\/{rel}","templated":true}]}}

Vorträge 2019

<h1><a href="https://www.luga.de/Aktionen/LIT-2019/">Samstag, 6. April: Linux-Infotag mit ArchivistaBox in Augsburg</a></h1>
<p><em><strong>Egg, 2. April 2019:</strong> Am kommenden <strong><a href="https://www.luga.de/Aktionen/LIT-2019/">Samstag, 6. April 2019 findet zum 18. Mal der Linux-Infotag an der Hochschule Augsburg</a></strong> statt. Der Linux-Infotag bietet <a href="https://frab.luga.de/en/LIT2019/public/schedule/1"><strong>Vorträge und Informationsstände rund um Linux, Open-Source und kreative Anwendungen von Technik, Wissenschaft und Bildung. </strong></a>Gerne laden wir alle Kunden und Interessen zu diesem Event ein. Mit von Parie sind wir mit zwei Vorträgen und einem Infostand.</em></p>
<p><a href="https://archivista.ch/cms/wp-content/uploads/2019/04/lugaugsburg.png"><img loading="lazy" decoding="async" class="alignnone size-full wp-image-5611" src="https://archivista.ch/cms/wp-content/uploads/2019/04/lugaugsburg.png" alt="" width="600" height="164" srcset="https://archivista.ch/cms/wp-content/uploads/2019/04/lugaugsburg.png 600w, https://archivista.ch/cms/wp-content/uploads/2019/04/lugaugsburg-300x82.png 300w" sizes="auto, (max-width: 600px) 100vw, 600px" /></a></p>
<h2><a href="https://frab.luga.de/en/LIT2019/public/events/81">13:15 Uhr: Vortrag AVMultimedia</a></h2>
<p>Im ersten Vortrag wird AVMultimedia, ein moderner und schlanker Open Source Client auf der Basis-Technologie der ArchivistaBox im neuen 2019-er-Release vorgestellt.</p>
<p><em>Präambel: Vor etwas mehr als einem Jahr. Die Tochter (damals 5. Klasse) bringt aus einem Computer-Medien-Kurs der Schule einen Flyer mit, auf dem es nur Platz für kommerzielle (kostenpflichtige) Programme und Apps hat. Open Source: Fehlanzeige. Geht dies wirklich nur mit dem kommerziellen &#8222;Kram&#8220; bzw. wie einfach kann/müsste Linux sein, um bequem multimediale Inhalt aufbereiten und publizieren zu können?</em></p>
<p>AVMultimedia ist der &#8222;Versuch&#8220;, mit Open Source schlank und rank eine multimediale Schaltzentrale zur Verfügung zu stellen. Dabei geht es nicht nur darum, keine kostenpflichtigen Programme und Apps erwerben zu müssen, sondern primär soll vermieden werden, die Hoheit über Daten und Privatsphäre (gerade für Kinder und Jugendliche) aus der Hand geben zu müssen.</p>
<p><a href="https://archivista.ch/cms/wp-content/uploads/2019/04/avmulti2019.jpg"><img loading="lazy" decoding="async" class="alignnone size-full wp-image-5604" src="https://archivista.ch/cms/wp-content/uploads/2019/04/avmulti2019.jpg" alt="" width="600" height="454" srcset="https://archivista.ch/cms/wp-content/uploads/2019/04/avmulti2019.jpg 600w, https://archivista.ch/cms/wp-content/uploads/2019/04/avmulti2019-300x227.jpg 300w" sizes="auto, (max-width: 600px) 100vw, 600px" /></a></p>
<p>AVMultimedia fusst auf dem Konzept der ArchivistaBoxen. Dies hat den Vorteil, dass das Betriebssystem im Hauptspeicher läuft und strikt von den Daten (Festplatte) getrennt ist. Nach jedem Neustart steht ein &#8222;cleaner&#8220; Rechner zur Verfügung.</p>
<p>Neben dem &#8222;historischen Hintergrund&#8220; zeigt der Vortrag live, wie AVMultimedia mit einem USB-Stick auf einen neuen Computer und über eine bestehende Installation (Windows/Linux) in Betrieb genommen wird. Wie funktioniert AVMultimedia in der Praxis? Welche primären Programme gibt es? Wie lässt sich AVMultimedia an individuelle Bedürfnisse anpassen? Auf all diese Fragen gibt der Vortrag (hoffentlich) kurze und prägnante Antworten. Der Vortrag findet um 13:15 Uhr in Raum A  der Hochschule Augsburg statt und erfordert keine spezifischen Computer- und/oder Linux-Skills.</p>
<h2><a href="https://frab.luga.de/en/LIT2019/public/events/82">16:15 Uhr: AVMini &#8212; Virtualisierung mit KVM</a></h2>
<p>Im zweiten Vortrag wird AVMini, ein schlanker Virtualisierungsserver mit KVM vorgestellt. Worum geht es bei (Server-)Virtualisierung, warum ist ein Cluster auch für alle (auch kleine) Umgebungen sinnvoll und für wen ist AVMini die ideale Wahl?</p>
<p><em>Präambel: Seit 2005 wird die ArchivistaBox auf der Basis einer Linux-Distribution vertrieben. Dabei erfolgt die Entwicklung primär virtualisiert, neue Versionen werden zunächst &#8222;nur&#8220; virtuell (eben virtualisiert) auf einem bestehenden Rechner aufgespielt und getestet. Nachdem es in der Entwicklung immer wieder Probleme mit der Workstation-Version des Platzhirsches gegeben hatte, musste eine andere Lösung &#8212; mit Open Source &#8212; her. AVMini ist der Versuch, darauf eine radikale Antwort zu geben.</em></p>
<p>AVMini ist mit 80 MByte ein sehr schlanker Open Source Server zur Virtualisierung für Betriebssysteme. AVMini läuft im Hauptspeicher (RAM) und belegt dabei etwa 300 MByte. Anlässlich des Vortrages wird AVMini auf einer kostengünstigen, aber dennoch leistungsfähiger Hardware gezeigt. Anhand eines 2-er-Clusters wird aufgezeigt, wie effizient (10 GBit) die Daten in Echtzeit auf zwei Rechnern vorrätig gehalten werden können.</p>
<p>Durch die minimale Grösse kann AVMini auf fast jeder Intel/AMD-Hardware betrieben werden, spezielle (teure) Server-Hardware ist nicht notwendig. Ganz allgemein gilt die Devise, dass (selbst leistungsfähige) Virtualisierung keine Frage des Budgets ist. Dabei werden auch einige Hardware-Baupläne als Vorschlag mit auf den Weg gegeben. Der Vortrag findet um 16:15 Uhr in Raum B der Hochschule Augsburg statt. Der Vortrag richtet sich an alle Linux-Anwender/innen, die mehrere Rechner verwalten wollen/müssen. Kenntnisse in Virtualisierung sind nicht erforderlich.</p>
<h2>AVMultimedia, AVMini und ArchivistaBox an Info-Stand</h2>
<p>Neben den beiden Vorträgen gibt es einen Info-Stand, wo unsere Produkte AVMultimedia, AVMini und diverse ArchivistaBoxen (ArchivistaDMS, ArchivistaVM und ArchivistaERP) beschnuppert werden können. Und wie immer gilt, den ganzen Tag stehen wir auch für Support und Beratung zur Verfügung.</p>
<p>Der Augsburger Linux-Infotag findet zum 18. Mal statt. Die Veranstaltung richtet sich keineswegs nur an &#8222;Linux-Cracks&#8220;, vielmehr ist das Programm breit gefächert für Beruf und Freizeit. Selbst Familien finden spanende Themen. Stellvertretend für viele seien hier zwei Vorträge erwähnt: <strong><a title="Welche Daten verschickt eigentlich mein Browser?" href="https://frab.luga.de/en/LIT2019/public/events/75">Welche Daten verschickt eigentlich mein Browser? </a></strong>Und als Alternative zu <strong><a href="https://archivista.ch/cms/de/aktuell-blog/blogs-2015/erp-und-dms/">ArchivistaERP:</a> <a href="https://frab.luga.de/en/LIT2019/public/events/51">Software für Freiberufler und Kleinunternehmer</a></strong></p>



	<div class="dkpdf-button-container" style="            text-align:right ">

		<a class="dkpdf-button" href="/cms/wp-json/wp/v2/pages/5596?pdf=5596" target="_blank"><span class="dkpdf-button-icon"><i class="fa fa-file-pdf-o"></i></span> PDF Button</a>

	</div>

<p>Samstag, 6. April: Linux-Infotag mit ArchivistaBox in Augsburg Egg, 2. April 2019: Am kommenden Samstag, 6. April 2019 findet zum 18. Mal der Linux-Infotag an der Hochschule Augsburg statt. Der Linux-Infotag bietet Vorträge und Informationsstände rund um Linux, Open-Source und kreative Anwendungen von Technik, Wissenschaft und Bildung. Gerne laden wir alle Kunden und Interessen zu diesem [&hellip;]</p>
