{"id":5622,"date":"2019-04-09T22:47:58","date_gmt":"2019-04-09T20:47:58","guid":{"rendered":"http:\/\/archivista.ch\/cms\/?page_id=5622"},"modified":"2019-12-20T16:27:13","modified_gmt":"2019-12-20T15:27:13","slug":"avmultimedia-mit-scratch3","status":"publish","type":"page","link":"https:\/\/archivista.ch\/cms\/de\/aktuell-blog\/jahre-2008-2019\/blogs-2019\/avmultimedia-mit-scratch3\/","title":{"rendered":"AVMultimedia mit Scratch3"},"content":{"rendered":"<h1>\u00abNachlese\u00bb Augsburger Linux-Infotag<\/h1>\n<p><em><strong>Egg, 9. April 2019:<\/strong> Die vergangenen Tage waren weit anstrengender als gedacht &#8212; und gleichzeitig sowohl sehr lehrreich wie informativ und zugleich faszinierend zugleich. Sicher darf die Frage eingeworfen werden, ob die Zeit der Linux-Tage den Zenit nicht l\u00e4ngst \u00fcberschritten hat. Braucht es im Jahre 2019 solche Veranstaltungen noch? In einer Zeit, wo doch alle weit mehr mit einem Android- und\/oder iOS-Smartphone und\/oder Tablet unterwegs sind. Der Marktanteil des Linux-Desktops d\u00fcmpelt im tiefsten Prozentbereich vor sich hin, warum sich also mit Linux besch\u00e4ftigen? Am Beispiel von AVMultimedia in der neuen 2019-er-Edtion soll aufgezeigt werden, welche Vorteile sich ergeben k\u00f6nnen. <\/em><\/p>\n<p><a href=\"https:\/\/archivista.ch\/cms\/wp-content\/uploads\/2019\/04\/augsburg1.jpg\"><img loading=\"lazy\" decoding=\"async\" class=\"alignnone size-full wp-image-5629\" src=\"https:\/\/archivista.ch\/cms\/wp-content\/uploads\/2019\/04\/augsburg1.jpg\" alt=\"\" width=\"600\" height=\"338\" srcset=\"https:\/\/archivista.ch\/cms\/wp-content\/uploads\/2019\/04\/augsburg1.jpg 600w, https:\/\/archivista.ch\/cms\/wp-content\/uploads\/2019\/04\/augsburg1-300x169.jpg 300w\" sizes=\"auto, (max-width: 600px) 100vw, 600px\" \/><\/a><\/p>\n<h2>Prolog bis zum Linux-Infotag<\/h2>\n<p>Damit AVMultimedia am Linux-Infotag gezeigt werden konnte, war viel Handarbeit notwendig. Neue Kernel (aktuell 4.14.32) mussten erstellt werden, die Software galt es perfekt aufeinander abzustimmen &#8212; und wer nun glaubt, Linux sei frei von Bugs, der irrt ziemlich gewaltig. Immerhin stehen die Sourcen zur Verf\u00fcgung, einer ausgiebigen Fehlersuche und -behebung steht folglich nichts im Wege, ausser der Deadline vom Linux-Infotag vom 6. April 2019. Irgendwie hat es am Ende gereicht, wenn auch f\u00fcr den Vortrag wenig Zeit \u00fcbrig blieb.<\/p>\n<h2>Beamer-Desaster in Augsburg<\/h2>\n<p>Die H\u00f6rs\u00e4le der Hochschule Augsburg sind professionell eingerichtet. Das HDMI-Kabel an den externen Display-Anschluss angest\u00f6pfselt, und schon erscheint ein zweiter Bildschirm auf dem Beamer. Dumm nur, nirgends gibt es eine Switchbox, um das Bild des Notebooks synchron mit dem externen Bildschirm des Beamers zu synchronisieren. All die tollen Live-Demos k\u00f6nnen so leider nicht gezeigt werden.<\/p>\n<p>Hilfe wird erbeten &#8212; ein junger Linux-Geek verr\u00fchrt verzweifelt die H\u00e4nde, er k\u00f6nne da nicht helfen, bei dieem grafischen OS (gemeint ist AVMultimedia) kenne er sich nicht aus. Nachdem ich ihm aufzeigen konnte, dass hier ein waschechtes Linux vorliegt, vollf\u00fchrt er ein kleines Kunst\u00fcck mit einem Hilfsprogramm, und der interne und externe Bildschirm werden synchronisiert. Aber, und daran scheitert es in der Hitze des Gefechtes, auf dem Notebook-Display fehlen unten am Rand just soviele Pixel, dass das Men\u00fc mit den Programmen nicht greifbar ist.<\/p>\n<p>Ich gebe auf bzw. mich mit den vorbereiteten LibreOffice-Folien zufrieden, diese werden durch Pr\u00e4sentations perfekt auf dem internen (in einer \u00dcbersicht) und dem externen Bildschirm (Vollbild) pr\u00e4sentiert. Der Vortrag ist zwar knapp gerettet, all die tollen Live-Demos dagegen kann ich nicht zeigen.<\/p>\n<h2>AVMultimedia im Vergleich zum Lernstick<\/h2>\n<p>Sp\u00e4ter dann, als AVMultimedia am Stand gezeigt wird, gibt es viel Lob, einer meint gar, wow, solche Eltern h\u00e4tte er sich auch gew\u00fcnscht, als ich die Mini-Tablets der Kinder mit AVMultimedia demonstriere. Wir unterhalten uns \u00fcber den Lernstick (der von der Fachhochschule Nordwestschweiz erstellt wird). Sehr exemplarisch kann dabei aufgezeigt werden, das AVMultimedia zwar spartanischer (es gibt nur eine Desktop-Umgebung) daherkommt, daf\u00fcr (dank RAM-Modus) aber um Faktoren schneller arbeitet und einsatzbereit ist.<\/p>\n<p>Ich erw\u00e4hne noch, dass es das Ziel von AVMultimedia sei, aus Sicht der Eltern einen alltagstauglichen Linux-Desktop zur Verf\u00fcgung zu stellen, bei dem m\u00f6glichst kein Support erforderlich sei und dass nach meinem Empfinden der Lernstick eher die Anforderungen von Schulen abdecke. Und dann m\u00fcsse da auch bedacht werden, dass AVMultimedia nicht in Ans\u00e4tzen jene Ressourcen zur Verf\u00fcgung habe, welche beim Team des Lernstickes wohl best\u00fcnden. Den Abend verbringen wir bei einem gem\u00fctlichem Essen, mit viel Mathemagie und einer sehr anregenden Diskussion \u00fcber den Unsinn des elektronischen eVoting-Systems der Schweiz. M\u00fcde und zufrieden fallen wir kurz vor- oder nach Mitternacht zu Bett.<\/p>\n<h2>Doppelte Beamer-Blamage<\/h2>\n<p>Am Sonntag morgen versuche ich mit Finetuning die paar fehlenden Pixel bei der Synchronisation zwischen dem Beamer und meinem Laptop zu beseitigen. irgendwann sehe ich bei den Einstellungen zum Bildschirm (System und dort Steuerzentrale) im Mate-Desktop von AVMultimedia nach und finde dort den Knopf <strong>&#8218;Gleiches Bild auf allen Bildschirmen&#8216;.<\/strong><\/p>\n<p><a href=\"https:\/\/archivista.ch\/cms\/wp-content\/uploads\/2019\/04\/spiegelnl.png\"><img loading=\"lazy\" decoding=\"async\" class=\"alignnone size-full wp-image-5626\" src=\"https:\/\/archivista.ch\/cms\/wp-content\/uploads\/2019\/04\/spiegelnl.png\" alt=\"\" width=\"600\" height=\"338\" srcset=\"https:\/\/archivista.ch\/cms\/wp-content\/uploads\/2019\/04\/spiegelnl.png 600w, https:\/\/archivista.ch\/cms\/wp-content\/uploads\/2019\/04\/spiegelnl-300x169.png 300w\" sizes=\"auto, (max-width: 600px) 100vw, 600px\" \/><\/a><\/p>\n<p>L\u00e4uft wunderbar, nur wie peinlich, dass ich den Knopf bei der Pr\u00e4sentation von AVMultimedia nicht kannte. Was f\u00fcr ein kl\u00e4gliches Versagen, wenn der Vortragende bei einer multimedialen Distribution wie AVMultimedia nicht mal den Bildschirm spiegeln kann. Nicht, dass es nicht gegangen w\u00e4re (dann w\u00e4re es ja noch vertretbar). Nein, viel schlimmer, der Knopf war str\u00e4flicherweise nicht mal bekannt. Zu meiner Rechtfertigung sei hier angef\u00fcgt, dass gem\u00e4ss Erinnerung dies beim Release ein Jahr zuvor noch nicht klappte und dass ich gerade zwei Wochen Kernel, Firmware und Treiberwiderwertigkeiten hinter mir hatte, da lief das leider nicht in Ans\u00e4tzen derart flott.<\/p>\n<h2>Integration von Scratch 3.0 in AVMultimedia<\/h2>\n<p>Das Thema Programmieren bildete einen wichtigen Bestandteil des Linux-Infotages in Augsburg. Insbesondere bei Kindern und Jugendlichen ist dabei Scratch sehr beliebt. Bis und mit Version 2.0 war dabei Flash notwendig. Auch wenn diese Technologie nach wie vor auf AVMultimedia enthalten ist, und meine Familie mit Scratch 2.0 auf AVMultimedia im letzten Jahr ein zwei sehr vergn\u00fcgsame Tage verbrachte, so fand ich es doch sehr &#8222;\u00e4rgerlich&#8220;, als bei der Ank\u00fcndigung von Scratch 3.0 keine native Linux-Version zur Verf\u00fcgung gestellt wurde.<\/p>\n<p><a href=\"https:\/\/archivista.ch\/cms\/wp-content\/uploads\/2019\/04\/scratch3l.png\"><img loading=\"lazy\" decoding=\"async\" class=\"alignnone size-full wp-image-5627\" src=\"https:\/\/archivista.ch\/cms\/wp-content\/uploads\/2019\/04\/scratch3l.png\" alt=\"\" width=\"600\" height=\"338\" srcset=\"https:\/\/archivista.ch\/cms\/wp-content\/uploads\/2019\/04\/scratch3l.png 600w, https:\/\/archivista.ch\/cms\/wp-content\/uploads\/2019\/04\/scratch3l-300x169.png 300w\" sizes=\"auto, (max-width: 600px) 100vw, 600px\" \/><\/a><\/p>\n<p>Neben Windows 10+ (!) und Mac 10.13 gebe es ja die M\u00f6glichkeit, mit einem Online-Account mit Scratch zu arbeiten. Wie bitte? Eine Open Source Sprache f\u00fcr Kinder, die es entweder f\u00fcr propriet\u00e4re Systeme oder aber nur Online gibt? Und dies obwohl Scratch 3.0 mit JavaScript realisiert wurde? Mag ja sein, dass die Verbreitung von AVMultimedia (oder anderen Desktop-Systemen mit Linux) nicht allzu hoch ist. Wenn aber Open Source wieder nur auf propriet\u00e4ren Systemen herausgegeben wird, wie soll sich dies in Ans\u00e4tzen denn je \u00e4ndern?<\/p>\n<p>Das darf einfach nicht sein und so machte ich mich auf den Weg, Scratch 3.0 auf dem Linux-Desktop (AVMultimedia) zum Laufen zu bringen. Mit einigen Anleitungen, die &#8222;Normalsterbliche&#8220; nicht nachvollziehen werden k\u00f6nnen, klappte es schliesslich. Scratch 3.0 arbeitet nun auf AVMultimedia wie am Schn\u00fcrchen. Die Anforderungen sind allerdings nicht ganz bescheiden. Weit \u00fcber 300 Mbyte ben\u00f6tigt Scratch 3.0, sodass es nicht zu vermeiden war, Scratch 3.0 in der data-Partition zu platzieren, damit die 4 GB-Grenze nicht gesprengt wird. Dies f\u00fchrt dazu, dass beim erstmaligen Hochfahren von AVMultimedia ca. 10 Sekunden mehr Zeit ben\u00f6tigt werden, um Scratch 3.0 auf die Festplatte zu \u00fcbertragen, doch daf\u00fcr l\u00e4uft Scratch 3.0 dann auch mit Ger\u00e4ten mit 4 GB RAM recht solide (einzig der Start der Umgebung dauert immer ca. 10 Sekunden). In diesem Sinne, happy Linux!<\/p>\n<p><em>P.S: Die aktuellen <strong><a href=\"https:\/\/sourceforge.net\/projects\/archivista\/\">Versionen von AVMultimedia<\/a><\/strong> befinden sich auf <strong><a href=\"https:\/\/sourceforge.net\/projects\/archivista\/\">sourceforge.net (Projekt ArchivistaBox).<\/a><\/strong><\/em><\/p>\n<p><em>P.S II: Die Vortragsfolien zu den beiden <strong><a href=\"https:\/\/archivista.ch\/cms\/wp-content\/uploads\/2019\/04\/avmultimedia.pdf\">Vortragen &#8218;AVMultimedia&#8216;<\/a><\/strong> und <strong><a href=\"https:\/\/archivista.ch\/cms\/wp-content\/uploads\/2019\/04\/avmini.pdf\">&#8218;AVMini&#8216; <\/a><\/strong>finden sich hier:<\/em><\/p>\n<p><em><a href=\"https:\/\/archivista.ch\/cms\/wp-content\/uploads\/2019\/04\/avmultimedia.pdf\"><strong>AVMultimedia: Folien Vortrag Linux-Infotag 2019, 6. April 2019<\/strong><\/a><\/em><\/p>\n<p><a href=\"https:\/\/archivista.ch\/cms\/wp-content\/uploads\/2019\/04\/avmini.pdf\"><strong>AVMini: Folien Vortrag Linux-Infotag Augsburg, 6. April 2019<\/strong><\/a><\/p>\n\n\n\n\t<div class=\"dkpdf-button-container\" style=\"            text-align:right \">\n\n\t\t<a class=\"dkpdf-button\" href=\"\/cms\/wp-json\/wp\/v2\/pages\/5622?pdf=5622\" target=\"_blank\"><span class=\"dkpdf-button-icon\"><i class=\"fa fa-file-pdf-o\"><\/i><\/span> PDF Button<\/a>\n\n\t<\/div>\n\n\n\n\n\n","protected":false},"excerpt":{"rendered":"<p>\u00abNachlese\u00bb Augsburger Linux-Infotag Egg, 9. April 2019: Die vergangenen Tage waren weit anstrengender als gedacht &#8212; und gleichzeitig sowohl sehr lehrreich wie informativ und zugleich faszinierend zugleich. Sicher darf die Frage eingeworfen werden, ob die Zeit der Linux-Tage den Zenit nicht l\u00e4ngst \u00fcberschritten hat. Braucht es im Jahre 2019 solche Veranstaltungen noch? In einer Zeit, [&hellip;]<\/p>\n","protected":false},"author":1,"featured_media":0,"parent":6274,"menu_order":163,"comment_status":"closed","ping_status":"closed","template":"","meta":{"_acf_changed":false,"footnotes":""},"class_list":["post-5622","page","type-page","status-publish","hentry"],"acf":[],"_links":{"self":[{"href":"https:\/\/archivista.ch\/cms\/wp-json\/wp\/v2\/pages\/5622","targetHints":{"allow":["GET"]}}],"collection":[{"href":"https:\/\/archivista.ch\/cms\/wp-json\/wp\/v2\/pages"}],"about":[{"href":"https:\/\/archivista.ch\/cms\/wp-json\/wp\/v2\/types\/page"}],"author":[{"embeddable":true,"href":"https:\/\/archivista.ch\/cms\/wp-json\/wp\/v2\/users\/1"}],"replies":[{"embeddable":true,"href":"https:\/\/archivista.ch\/cms\/wp-json\/wp\/v2\/comments?post=5622"}],"version-history":[{"count":8,"href":"https:\/\/archivista.ch\/cms\/wp-json\/wp\/v2\/pages\/5622\/revisions"}],"predecessor-version":[{"id":5894,"href":"https:\/\/archivista.ch\/cms\/wp-json\/wp\/v2\/pages\/5622\/revisions\/5894"}],"up":[{"embeddable":true,"href":"https:\/\/archivista.ch\/cms\/wp-json\/wp\/v2\/pages\/6274"}],"wp:attachment":[{"href":"https:\/\/archivista.ch\/cms\/wp-json\/wp\/v2\/media?parent=5622"}],"curies":[{"name":"wp","href":"https:\/\/api.w.org\/{rel}","templated":true}]}}

<h1>«Nachlese» Augsburger Linux-Infotag</h1>
<p><em><strong>Egg, 9. April 2019:</strong> Die vergangenen Tage waren weit anstrengender als gedacht &#8212; und gleichzeitig sowohl sehr lehrreich wie informativ und zugleich faszinierend zugleich. Sicher darf die Frage eingeworfen werden, ob die Zeit der Linux-Tage den Zenit nicht längst überschritten hat. Braucht es im Jahre 2019 solche Veranstaltungen noch? In einer Zeit, wo doch alle weit mehr mit einem Android- und/oder iOS-Smartphone und/oder Tablet unterwegs sind. Der Marktanteil des Linux-Desktops dümpelt im tiefsten Prozentbereich vor sich hin, warum sich also mit Linux beschäftigen? Am Beispiel von AVMultimedia in der neuen 2019-er-Edtion soll aufgezeigt werden, welche Vorteile sich ergeben können. </em></p>
<p><a href="https://archivista.ch/cms/wp-content/uploads/2019/04/augsburg1.jpg"><img loading="lazy" decoding="async" class="alignnone size-full wp-image-5629" src="https://archivista.ch/cms/wp-content/uploads/2019/04/augsburg1.jpg" alt="" width="600" height="338" srcset="https://archivista.ch/cms/wp-content/uploads/2019/04/augsburg1.jpg 600w, https://archivista.ch/cms/wp-content/uploads/2019/04/augsburg1-300x169.jpg 300w" sizes="auto, (max-width: 600px) 100vw, 600px" /></a></p>
<h2>Prolog bis zum Linux-Infotag</h2>
<p>Damit AVMultimedia am Linux-Infotag gezeigt werden konnte, war viel Handarbeit notwendig. Neue Kernel (aktuell 4.14.32) mussten erstellt werden, die Software galt es perfekt aufeinander abzustimmen &#8212; und wer nun glaubt, Linux sei frei von Bugs, der irrt ziemlich gewaltig. Immerhin stehen die Sourcen zur Verfügung, einer ausgiebigen Fehlersuche und -behebung steht folglich nichts im Wege, ausser der Deadline vom Linux-Infotag vom 6. April 2019. Irgendwie hat es am Ende gereicht, wenn auch für den Vortrag wenig Zeit übrig blieb.</p>
<h2>Beamer-Desaster in Augsburg</h2>
<p>Die Hörsäle der Hochschule Augsburg sind professionell eingerichtet. Das HDMI-Kabel an den externen Display-Anschluss angestöpfselt, und schon erscheint ein zweiter Bildschirm auf dem Beamer. Dumm nur, nirgends gibt es eine Switchbox, um das Bild des Notebooks synchron mit dem externen Bildschirm des Beamers zu synchronisieren. All die tollen Live-Demos können so leider nicht gezeigt werden.</p>
<p>Hilfe wird erbeten &#8212; ein junger Linux-Geek verrührt verzweifelt die Hände, er könne da nicht helfen, bei dieem grafischen OS (gemeint ist AVMultimedia) kenne er sich nicht aus. Nachdem ich ihm aufzeigen konnte, dass hier ein waschechtes Linux vorliegt, vollführt er ein kleines Kunstück mit einem Hilfsprogramm, und der interne und externe Bildschirm werden synchronisiert. Aber, und daran scheitert es in der Hitze des Gefechtes, auf dem Notebook-Display fehlen unten am Rand just soviele Pixel, dass das Menü mit den Programmen nicht greifbar ist.</p>
<p>Ich gebe auf bzw. mich mit den vorbereiteten LibreOffice-Folien zufrieden, diese werden durch Präsentations perfekt auf dem internen (in einer Übersicht) und dem externen Bildschirm (Vollbild) präsentiert. Der Vortrag ist zwar knapp gerettet, all die tollen Live-Demos dagegen kann ich nicht zeigen.</p>
<h2>AVMultimedia im Vergleich zum Lernstick</h2>
<p>Später dann, als AVMultimedia am Stand gezeigt wird, gibt es viel Lob, einer meint gar, wow, solche Eltern hätte er sich auch gewünscht, als ich die Mini-Tablets der Kinder mit AVMultimedia demonstriere. Wir unterhalten uns über den Lernstick (der von der Fachhochschule Nordwestschweiz erstellt wird). Sehr exemplarisch kann dabei aufgezeigt werden, das AVMultimedia zwar spartanischer (es gibt nur eine Desktop-Umgebung) daherkommt, dafür (dank RAM-Modus) aber um Faktoren schneller arbeitet und einsatzbereit ist.</p>
<p>Ich erwähne noch, dass es das Ziel von AVMultimedia sei, aus Sicht der Eltern einen alltagstauglichen Linux-Desktop zur Verfügung zu stellen, bei dem möglichst kein Support erforderlich sei und dass nach meinem Empfinden der Lernstick eher die Anforderungen von Schulen abdecke. Und dann müsse da auch bedacht werden, dass AVMultimedia nicht in Ansätzen jene Ressourcen zur Verfügung habe, welche beim Team des Lernstickes wohl bestünden. Den Abend verbringen wir bei einem gemütlichem Essen, mit viel Mathemagie und einer sehr anregenden Diskussion über den Unsinn des elektronischen eVoting-Systems der Schweiz. Müde und zufrieden fallen wir kurz vor- oder nach Mitternacht zu Bett.</p>
<h2>Doppelte Beamer-Blamage</h2>
<p>Am Sonntag morgen versuche ich mit Finetuning die paar fehlenden Pixel bei der Synchronisation zwischen dem Beamer und meinem Laptop zu beseitigen. irgendwann sehe ich bei den Einstellungen zum Bildschirm (System und dort Steuerzentrale) im Mate-Desktop von AVMultimedia nach und finde dort den Knopf <strong>&#8218;Gleiches Bild auf allen Bildschirmen&#8216;.</strong></p>
<p><a href="https://archivista.ch/cms/wp-content/uploads/2019/04/spiegelnl.png"><img loading="lazy" decoding="async" class="alignnone size-full wp-image-5626" src="https://archivista.ch/cms/wp-content/uploads/2019/04/spiegelnl.png" alt="" width="600" height="338" srcset="https://archivista.ch/cms/wp-content/uploads/2019/04/spiegelnl.png 600w, https://archivista.ch/cms/wp-content/uploads/2019/04/spiegelnl-300x169.png 300w" sizes="auto, (max-width: 600px) 100vw, 600px" /></a></p>
<p>Läuft wunderbar, nur wie peinlich, dass ich den Knopf bei der Präsentation von AVMultimedia nicht kannte. Was für ein klägliches Versagen, wenn der Vortragende bei einer multimedialen Distribution wie AVMultimedia nicht mal den Bildschirm spiegeln kann. Nicht, dass es nicht gegangen wäre (dann wäre es ja noch vertretbar). Nein, viel schlimmer, der Knopf war sträflicherweise nicht mal bekannt. Zu meiner Rechtfertigung sei hier angefügt, dass gemäss Erinnerung dies beim Release ein Jahr zuvor noch nicht klappte und dass ich gerade zwei Wochen Kernel, Firmware und Treiberwiderwertigkeiten hinter mir hatte, da lief das leider nicht in Ansätzen derart flott.</p>
<h2>Integration von Scratch 3.0 in AVMultimedia</h2>
<p>Das Thema Programmieren bildete einen wichtigen Bestandteil des Linux-Infotages in Augsburg. Insbesondere bei Kindern und Jugendlichen ist dabei Scratch sehr beliebt. Bis und mit Version 2.0 war dabei Flash notwendig. Auch wenn diese Technologie nach wie vor auf AVMultimedia enthalten ist, und meine Familie mit Scratch 2.0 auf AVMultimedia im letzten Jahr ein zwei sehr vergnügsame Tage verbrachte, so fand ich es doch sehr &#8222;ärgerlich&#8220;, als bei der Ankündigung von Scratch 3.0 keine native Linux-Version zur Verfügung gestellt wurde.</p>
<p><a href="https://archivista.ch/cms/wp-content/uploads/2019/04/scratch3l.png"><img loading="lazy" decoding="async" class="alignnone size-full wp-image-5627" src="https://archivista.ch/cms/wp-content/uploads/2019/04/scratch3l.png" alt="" width="600" height="338" srcset="https://archivista.ch/cms/wp-content/uploads/2019/04/scratch3l.png 600w, https://archivista.ch/cms/wp-content/uploads/2019/04/scratch3l-300x169.png 300w" sizes="auto, (max-width: 600px) 100vw, 600px" /></a></p>
<p>Neben Windows 10+ (!) und Mac 10.13 gebe es ja die Möglichkeit, mit einem Online-Account mit Scratch zu arbeiten. Wie bitte? Eine Open Source Sprache für Kinder, die es entweder für proprietäre Systeme oder aber nur Online gibt? Und dies obwohl Scratch 3.0 mit JavaScript realisiert wurde? Mag ja sein, dass die Verbreitung von AVMultimedia (oder anderen Desktop-Systemen mit Linux) nicht allzu hoch ist. Wenn aber Open Source wieder nur auf proprietären Systemen herausgegeben wird, wie soll sich dies in Ansätzen denn je ändern?</p>
<p>Das darf einfach nicht sein und so machte ich mich auf den Weg, Scratch 3.0 auf dem Linux-Desktop (AVMultimedia) zum Laufen zu bringen. Mit einigen Anleitungen, die &#8222;Normalsterbliche&#8220; nicht nachvollziehen werden können, klappte es schliesslich. Scratch 3.0 arbeitet nun auf AVMultimedia wie am Schnürchen. Die Anforderungen sind allerdings nicht ganz bescheiden. Weit über 300 Mbyte benötigt Scratch 3.0, sodass es nicht zu vermeiden war, Scratch 3.0 in der data-Partition zu platzieren, damit die 4 GB-Grenze nicht gesprengt wird. Dies führt dazu, dass beim erstmaligen Hochfahren von AVMultimedia ca. 10 Sekunden mehr Zeit benötigt werden, um Scratch 3.0 auf die Festplatte zu übertragen, doch dafür läuft Scratch 3.0 dann auch mit Geräten mit 4 GB RAM recht solide (einzig der Start der Umgebung dauert immer ca. 10 Sekunden). In diesem Sinne, happy Linux!</p>
<p><em>P.S: Die aktuellen <strong><a href="https://sourceforge.net/projects/archivista/">Versionen von AVMultimedia</a></strong> befinden sich auf <strong><a href="https://sourceforge.net/projects/archivista/">sourceforge.net (Projekt ArchivistaBox).</a></strong></em></p>
<p><em>P.S II: Die Vortragsfolien zu den beiden <strong><a href="https://archivista.ch/cms/wp-content/uploads/2019/04/avmultimedia.pdf">Vortragen &#8218;AVMultimedia&#8216;</a></strong> und <strong><a href="https://archivista.ch/cms/wp-content/uploads/2019/04/avmini.pdf">&#8218;AVMini&#8216; </a></strong>finden sich hier:</em></p>
<p><em><a href="https://archivista.ch/cms/wp-content/uploads/2019/04/avmultimedia.pdf"><strong>AVMultimedia: Folien Vortrag Linux-Infotag 2019, 6. April 2019</strong></a></em></p>
<p><a href="https://archivista.ch/cms/wp-content/uploads/2019/04/avmini.pdf"><strong>AVMini: Folien Vortrag Linux-Infotag Augsburg, 6. April 2019</strong></a></p>



	<div class="dkpdf-button-container" style="            text-align:right ">

		<a class="dkpdf-button" href="/cms/wp-json/wp/v2/pages/5622?pdf=5622" target="_blank"><span class="dkpdf-button-icon"><i class="fa fa-file-pdf-o"></i></span> PDF Button</a>

	</div>

<p>«Nachlese» Augsburger Linux-Infotag Egg, 9. April 2019: Die vergangenen Tage waren weit anstrengender als gedacht &#8212; und gleichzeitig sowohl sehr lehrreich wie informativ und zugleich faszinierend zugleich. Sicher darf die Frage eingeworfen werden, ob die Zeit der Linux-Tage den Zenit nicht längst überschritten hat. Braucht es im Jahre 2019 solche Veranstaltungen noch? In einer Zeit, [&hellip;]</p>
