{"id":5869,"date":"2019-09-17T21:59:55","date_gmt":"2019-09-17T19:59:55","guid":{"rendered":"http:\/\/archivista.ch\/cms\/?page_id=5869"},"modified":"2019-12-20T16:27:38","modified_gmt":"2019-12-20T15:27:38","slug":"linuxday-at-mit-vortrag","status":"publish","type":"page","link":"https:\/\/archivista.ch\/cms\/de\/aktuell-blog\/jahre-2008-2019\/blogs-2019\/linuxday-at-mit-vortrag\/","title":{"rendered":"linuxday.at mit Vortrag"},"content":{"rendered":"<h1>AVMultimedia und ArchivistaBox in neuem Kleid<\/h1>\n<p><em><strong>Egg, 17.9.2019:<\/strong> Die vergangenen Wochen waren einmal sehr streng. Es gab viele Bugs zu beheben und auch bei der &#8222;Verpackung&#8220; wurde hart gearbeitet. Das Resultat darf sich sehen lassen. Bei dieser Gelegenheit sei auch gerne bereits zum <strong><a href=\"https:\/\/www.linuxday.at\/avmultimedia-18-monate-nach-dem-start\">Vortrag anl\u00e4sslich des linuxday.at eingeladen,<\/a><\/strong> der am 19. Oktober 2019 stattfindet.<br \/>\n <\/em><\/p>\n<p><a href=\"https:\/\/archivista.ch\/cms\/wp-content\/uploads\/2019\/09\/avmultimeida_new.png\"><img loading=\"lazy\" decoding=\"async\" class=\"alignnone size-full wp-image-5868\" src=\"https:\/\/archivista.ch\/cms\/wp-content\/uploads\/2019\/09\/avmultimeida_new.png\" width=\"600\" height=\"338\" srcset=\"https:\/\/archivista.ch\/cms\/wp-content\/uploads\/2019\/09\/avmultimeida_new.png 1920w, https:\/\/archivista.ch\/cms\/wp-content\/uploads\/2019\/09\/avmultimeida_new-300x169.png 300w, https:\/\/archivista.ch\/cms\/wp-content\/uploads\/2019\/09\/avmultimeida_new-768x432.png 768w, https:\/\/archivista.ch\/cms\/wp-content\/uploads\/2019\/09\/avmultimeida_new-1024x576.png 1024w, https:\/\/archivista.ch\/cms\/wp-content\/uploads\/2019\/09\/avmultimeida_new-600x338.png 600w, https:\/\/archivista.ch\/cms\/wp-content\/uploads\/2019\/09\/avmultimeida_new-624x351.png 624w\" sizes=\"auto, (max-width: 600px) 100vw, 600px\" \/><\/a><\/p>\n<h2>Ein neues Kleid<\/h2>\n<p>Das Entwickeln von Software ist ein zeit- und nervenaufreibender Prozess. Umso mehr herrscht nun Freude, dass die ArchivistaBox in den letzten Wochen viele weitere H\u00fcrden genommen hat.<\/p>\n<p>Das ist einmal eine neue Verpackung. Ein neues Design, neue Icons und viele Optimierungen am GUI bieten deutlich mehr Komfort als bisher. So k\u00f6nnen die Einstellungen neu direkt beim Herunterfahren gesichert werden und es gibt ein neues Tool zum sehr einfachen Konfigurieren der Tastatur.<\/p>\n<h2>&#8222;Virtuelles&#8220; Booten mit UEFI<\/h2>\n<p>In vielen Feedbacks aus der <strong><a href=\"https:\/\/www.linuxday.at\/avmultimedia-18-monate-nach-dem-start\">Community<\/a><\/strong> wurde der Wunsch ge\u00e4ussert, dass AVMultimedia m\u00f6glichst einfach virtualisiert getestet werden k\u00f6nnen sollte. Selbstverst\u00e4ndlich konnte AVMultimedia bereits bisher virtualisiert gestartet werden; allerdings &#8222;nur&#8220; ohne UEFI-Booten. Worum geht es dabei? Alle moderneren Computer k\u00f6nnen mit dem alten (sogenannten BIOS) nicht mehr starten. In der Virtualisierung stellt dies nat\u00fcrlich kein Problem dar.<\/p>\n<p>Und doch wird der neue Boot-Mechanismus UEFI auch in der Virtualisierung zunehmend wichtiger. Dies aus dem einfachen Grund, weil das Testen ohne UEFI nichts \u00fcber die Lauff\u00e4higkeit betr. UEFI aussagt. Wer testen m\u00f6chte, ob z.B. AVMultimedia mit UEFI l\u00e4uft, wird (falls er zuvor AVMultimedia virtualisiert testet) zu UEFI greifen, weil ansonsten ja nicht klar ist, ob eine sp\u00e4tere Installation funktionieren wird.<\/p>\n<p>Kurz und gut, alle Produkte zur Virtualisierung bieten mittlerweile das Booten mit UEFI an. Damit einher geht, dass f\u00fcr die Plattform zur Virtualisierung auch entsprechende Treiber f\u00fcr die Grafikkarte vorhanden sein m\u00fcssen. Und genau daran scheiterte bisher der virtualisierte Einsatz von AVMultimedia.<\/p>\n<p>Mit dem aktuellen Release wurden die entsprechenden Treiber f\u00fcr KVM\/Qemu und VritualBox integriert und getestet. VMWare und HyperV konnten mangels nicht vorhandenem Testumfeld nicht getestet werden, die ansprechenden Treiber sind aber aktiviert.<\/p>\n<p>Bleibt die Frage, ob sich das Arbeiten in der Virtualisierung mit AVMultimedia lohnt? Um das System mal schnell zu testen, sicher. Bis der Stick erstellt ist, dauert es halt doch ein zwei Minuten l\u00e4nger. Virtualisiert kann AVMultimedia direkt ab ISO-Datei gestartet werden. Und doch d\u00fcrfte das t\u00e4gliche Arbeiten auf einer richtigen Hardware mehr Freude bereiten.<\/p>\n<h2>AVMultimedia und AVMultimini Neu wie Alt<\/h2>\n<p>Bis vor einigen Tagen gab es nur die Datei avmultimedia.iso zum Download. Die \u00e4lteren Versionen hiessen jeweils avmultimedia2019 und AVMultimedia2018. Dies f\u00fchrte zu Verwirrung, denn die neuste Version lautete ja avmultimedia.iso. Daher gibt es neu die aktuelle Version unter avmultimedia.iso und die \u00e4ltere Version unter avmultimedia_old.iso.<\/p>\n<p>Vor etwa f\u00fcnf Monaten gab es bereits einmal eine Version f\u00fcr 2 GB RAM. Da in der Zwischenzeit viele neue Programme hinzugef\u00fcgt wurden (Sozi, Scratch und Gimp), passte AVMultimedia nicht mehr in 2 GB Hauptspeicher. Damit dies neu wieder m\u00f6glich ist, wurden die gr\u00f6ssten &#8222;Brocken&#8220; beim kleineren Release (AVMultimini) entfernt. Es handelt sich dabei um die Programme Scratch, Gimp, GCompris, Sozi und Kdenlive. Damit passt AVMultimini auch wieder in 2 GB RAM.<\/p>\n<p>An dieser Stelle sei hinzugef\u00fcgt, dass neu das einfache Bildbearbeitungsprogramm MyPaint (in AVMultimedia wie AVMultimini) enthalten ist. Damit ist auch AVMultimini in der Lage, s\u00e4mtliche multimedialen Aspekte abzudecken.<\/p>\n<p>Abschliessend sei hier noch gesagt, wenn die falsche Datei (AVMultimedia) mit 2 GB RAM gestartet wird, so l\u00e4uft AVMultimedia dennoch auch mit 2 GB RAM. Beim Starten wird der verf\u00fcgbare Speicher \u00fcberpr\u00fcft. Sind nicht minimal knapp 3 GB RAM vorhanden, werden nur jene Programme geladen, die es auch in AVMultimini gibt.<\/p>\n<h2><strong><a href=\"https:\/\/www.linuxday.at\/avmultimedia-18-monate-nach-dem-start\">Vortrag 19.10.19: AVMultimedia 18 Monate nach dem Start<\/a><\/strong><\/h2>\n<p><a href=\"https:\/\/archivista.ch\/cms\/wp-content\/uploads\/2019\/09\/linuxday19.jpg\"><img loading=\"lazy\" decoding=\"async\" class=\"alignnone size-full wp-image-5873\" src=\"https:\/\/archivista.ch\/cms\/wp-content\/uploads\/2019\/09\/linuxday19.jpg\" width=\"600\" height=\"420\" srcset=\"https:\/\/archivista.ch\/cms\/wp-content\/uploads\/2019\/09\/linuxday19.jpg 1242w, https:\/\/archivista.ch\/cms\/wp-content\/uploads\/2019\/09\/linuxday19-300x210.jpg 300w, https:\/\/archivista.ch\/cms\/wp-content\/uploads\/2019\/09\/linuxday19-768x538.jpg 768w, https:\/\/archivista.ch\/cms\/wp-content\/uploads\/2019\/09\/linuxday19-1024x717.jpg 1024w, https:\/\/archivista.ch\/cms\/wp-content\/uploads\/2019\/09\/linuxday19-600x420.jpg 600w, https:\/\/archivista.ch\/cms\/wp-content\/uploads\/2019\/09\/linuxday19-624x437.jpg 624w\" sizes=\"auto, (max-width: 600px) 100vw, 600px\" \/><\/a><\/p>\n<p>Nach dem <strong><a href=\"https:\/\/archivista.ch\/cms\/de\/aktuell-blog\/avmultimedia-mit-scratch3\/\">Vortag im Fr\u00fchling in Augsburg<\/a><\/strong> gibt es am 19. Oktober erneut einen Vortrag zu AVMultimedia, diesmal in Dornbirn. Interessanterweise findet AVMultimedia im Ausland deutlich mehr Beachtung. Alle Versuche, bisher einen Platz f\u00fcr einen Vortrag in der Schweiz zu finden, scheiterten bisher.<\/p>\n<p>Generell scheint es leider so zu sein, dass ein multimedialer Desktop mit Linux in der Schweiz als ziemlich uninteressant, wenn nicht gar \u00fcberfl\u00fcssig empfunden wird. Vielleicht kommt ja einmal eine Zeit, wo der Nutzen von AVMultimedia auch in der Schweiz erkannt wird, auch wenn bis dahin sowohl Eltern wie Schulen viel Geld recht unmotiviert &#8222;verpulvert&#8220; werden haben.<\/p>\n<p>Dabei g\u00e4be es f\u00fcr den Einsatz von AVMultimedia ja nicht einmal nur finanzielle Gr\u00fcnde, vielmehr sammelt AVMultimedia keine Daten, registriert niemanden und wartungsarm (da faktisch unzerst\u00f6rbar) ist es auch noch. Von wegen Nachhaltigkeit! So, dies musste jetzt, nach mehreren Dutzenden von Anl\u00e4ufen in der Schweiz einmal gesagt werden.<\/p>\n<p>Wer am 19. Oktober nach Dornbirn f\u00e4hrt (ist ja gleich hinter der Schweizer Grenze) kann auch gerne einen Laptop mitbringen, dann wird AVMultimedia nach M\u00f6glichkeit gerne eingerichtet. Wer mag, bringt einen USB-Stick mit, f\u00fcr alle anderen wird es eine gewisse Anzahl von Sticks am Stand haben. First in, first served.<\/p>\n<h2><a href=\"https:\/\/archivista.ch\/cms\/de\/support\/avmultimedia\/\"><strong>Fragen und Antworten zu AVMultimedia (FAQs)<\/strong><\/a><\/h2>\n<p>Wie obenstehend berichtet, gibt es viele gute Gr\u00fcnde, AVMultimedia zu testen bzw. damit zu arbeiten. Seit einigen Tagen gibt es neu dazu <strong><a href=\"https:\/\/archivista.ch\/cms\/de\/support\/avmultimedia\/\">ausf\u00fchrliche FAQs,<\/a><\/strong> die den Einstieg in AVMultimedia nochmals erleichtern. Sollte eine Frage bestehen, zu der es noch keine Antwort gibt, dann darf diese gerne im <strong><a href=\"http:\/\/support.archivista.ch\/forum\/list.php?14\">Forum gepostet<\/a><\/strong> werden.<\/p>\n\n\n\n\t<div class=\"dkpdf-button-container\" style=\"            text-align:right \">\n\n\t\t<a class=\"dkpdf-button\" href=\"\/cms\/wp-json\/wp\/v2\/pages\/5869?pdf=5869\" target=\"_blank\"><span class=\"dkpdf-button-icon\"><i class=\"fa fa-file-pdf-o\"><\/i><\/span> PDF Button<\/a>\n\n\t<\/div>\n\n\n\n\n\n","protected":false},"excerpt":{"rendered":"<p>AVMultimedia und ArchivistaBox in neuem Kleid Egg, 17.9.2019: Die vergangenen Wochen waren einmal sehr streng. Es gab viele Bugs zu beheben und auch bei der &#8222;Verpackung&#8220; wurde hart gearbeitet. Das Resultat darf sich sehen lassen. Bei dieser Gelegenheit sei auch gerne bereits zum Vortrag anl\u00e4sslich des linuxday.at eingeladen, der am 19. Oktober 2019 stattfindet. Ein [&hellip;]<\/p>\n","protected":false},"author":1,"featured_media":0,"parent":6274,"menu_order":170,"comment_status":"closed","ping_status":"closed","template":"","meta":{"_acf_changed":false,"footnotes":""},"class_list":["post-5869","page","type-page","status-publish","hentry"],"acf":[],"_links":{"self":[{"href":"https:\/\/archivista.ch\/cms\/wp-json\/wp\/v2\/pages\/5869","targetHints":{"allow":["GET"]}}],"collection":[{"href":"https:\/\/archivista.ch\/cms\/wp-json\/wp\/v2\/pages"}],"about":[{"href":"https:\/\/archivista.ch\/cms\/wp-json\/wp\/v2\/types\/page"}],"author":[{"embeddable":true,"href":"https:\/\/archivista.ch\/cms\/wp-json\/wp\/v2\/users\/1"}],"replies":[{"embeddable":true,"href":"https:\/\/archivista.ch\/cms\/wp-json\/wp\/v2\/comments?post=5869"}],"version-history":[{"count":10,"href":"https:\/\/archivista.ch\/cms\/wp-json\/wp\/v2\/pages\/5869\/revisions"}],"predecessor-version":[{"id":5887,"href":"https:\/\/archivista.ch\/cms\/wp-json\/wp\/v2\/pages\/5869\/revisions\/5887"}],"up":[{"embeddable":true,"href":"https:\/\/archivista.ch\/cms\/wp-json\/wp\/v2\/pages\/6274"}],"wp:attachment":[{"href":"https:\/\/archivista.ch\/cms\/wp-json\/wp\/v2\/media?parent=5869"}],"curies":[{"name":"wp","href":"https:\/\/api.w.org\/{rel}","templated":true}]}}

<h1>AVMultimedia und ArchivistaBox in neuem Kleid</h1>
<p><em><strong>Egg, 17.9.2019:</strong> Die vergangenen Wochen waren einmal sehr streng. Es gab viele Bugs zu beheben und auch bei der &#8222;Verpackung&#8220; wurde hart gearbeitet. Das Resultat darf sich sehen lassen. Bei dieser Gelegenheit sei auch gerne bereits zum <strong><a href="https://www.linuxday.at/avmultimedia-18-monate-nach-dem-start">Vortrag anlässlich des linuxday.at eingeladen,</a></strong> der am 19. Oktober 2019 stattfindet.<br />
 </em></p>
<p><a href="https://archivista.ch/cms/wp-content/uploads/2019/09/avmultimeida_new.png"><img loading="lazy" decoding="async" class="alignnone size-full wp-image-5868" src="https://archivista.ch/cms/wp-content/uploads/2019/09/avmultimeida_new.png" width="600" height="338" srcset="https://archivista.ch/cms/wp-content/uploads/2019/09/avmultimeida_new.png 1920w, https://archivista.ch/cms/wp-content/uploads/2019/09/avmultimeida_new-300x169.png 300w, https://archivista.ch/cms/wp-content/uploads/2019/09/avmultimeida_new-768x432.png 768w, https://archivista.ch/cms/wp-content/uploads/2019/09/avmultimeida_new-1024x576.png 1024w, https://archivista.ch/cms/wp-content/uploads/2019/09/avmultimeida_new-600x338.png 600w, https://archivista.ch/cms/wp-content/uploads/2019/09/avmultimeida_new-624x351.png 624w" sizes="auto, (max-width: 600px) 100vw, 600px" /></a></p>
<h2>Ein neues Kleid</h2>
<p>Das Entwickeln von Software ist ein zeit- und nervenaufreibender Prozess. Umso mehr herrscht nun Freude, dass die ArchivistaBox in den letzten Wochen viele weitere Hürden genommen hat.</p>
<p>Das ist einmal eine neue Verpackung. Ein neues Design, neue Icons und viele Optimierungen am GUI bieten deutlich mehr Komfort als bisher. So können die Einstellungen neu direkt beim Herunterfahren gesichert werden und es gibt ein neues Tool zum sehr einfachen Konfigurieren der Tastatur.</p>
<h2>&#8222;Virtuelles&#8220; Booten mit UEFI</h2>
<p>In vielen Feedbacks aus der <strong><a href="https://www.linuxday.at/avmultimedia-18-monate-nach-dem-start">Community</a></strong> wurde der Wunsch geäussert, dass AVMultimedia möglichst einfach virtualisiert getestet werden können sollte. Selbstverständlich konnte AVMultimedia bereits bisher virtualisiert gestartet werden; allerdings &#8222;nur&#8220; ohne UEFI-Booten. Worum geht es dabei? Alle moderneren Computer können mit dem alten (sogenannten BIOS) nicht mehr starten. In der Virtualisierung stellt dies natürlich kein Problem dar.</p>
<p>Und doch wird der neue Boot-Mechanismus UEFI auch in der Virtualisierung zunehmend wichtiger. Dies aus dem einfachen Grund, weil das Testen ohne UEFI nichts über die Lauffähigkeit betr. UEFI aussagt. Wer testen möchte, ob z.B. AVMultimedia mit UEFI läuft, wird (falls er zuvor AVMultimedia virtualisiert testet) zu UEFI greifen, weil ansonsten ja nicht klar ist, ob eine spätere Installation funktionieren wird.</p>
<p>Kurz und gut, alle Produkte zur Virtualisierung bieten mittlerweile das Booten mit UEFI an. Damit einher geht, dass für die Plattform zur Virtualisierung auch entsprechende Treiber für die Grafikkarte vorhanden sein müssen. Und genau daran scheiterte bisher der virtualisierte Einsatz von AVMultimedia.</p>
<p>Mit dem aktuellen Release wurden die entsprechenden Treiber für KVM/Qemu und VritualBox integriert und getestet. VMWare und HyperV konnten mangels nicht vorhandenem Testumfeld nicht getestet werden, die ansprechenden Treiber sind aber aktiviert.</p>
<p>Bleibt die Frage, ob sich das Arbeiten in der Virtualisierung mit AVMultimedia lohnt? Um das System mal schnell zu testen, sicher. Bis der Stick erstellt ist, dauert es halt doch ein zwei Minuten länger. Virtualisiert kann AVMultimedia direkt ab ISO-Datei gestartet werden. Und doch dürfte das tägliche Arbeiten auf einer richtigen Hardware mehr Freude bereiten.</p>
<h2>AVMultimedia und AVMultimini Neu wie Alt</h2>
<p>Bis vor einigen Tagen gab es nur die Datei avmultimedia.iso zum Download. Die älteren Versionen hiessen jeweils avmultimedia2019 und AVMultimedia2018. Dies führte zu Verwirrung, denn die neuste Version lautete ja avmultimedia.iso. Daher gibt es neu die aktuelle Version unter avmultimedia.iso und die ältere Version unter avmultimedia_old.iso.</p>
<p>Vor etwa fünf Monaten gab es bereits einmal eine Version für 2 GB RAM. Da in der Zwischenzeit viele neue Programme hinzugefügt wurden (Sozi, Scratch und Gimp), passte AVMultimedia nicht mehr in 2 GB Hauptspeicher. Damit dies neu wieder möglich ist, wurden die grössten &#8222;Brocken&#8220; beim kleineren Release (AVMultimini) entfernt. Es handelt sich dabei um die Programme Scratch, Gimp, GCompris, Sozi und Kdenlive. Damit passt AVMultimini auch wieder in 2 GB RAM.</p>
<p>An dieser Stelle sei hinzugefügt, dass neu das einfache Bildbearbeitungsprogramm MyPaint (in AVMultimedia wie AVMultimini) enthalten ist. Damit ist auch AVMultimini in der Lage, sämtliche multimedialen Aspekte abzudecken.</p>
<p>Abschliessend sei hier noch gesagt, wenn die falsche Datei (AVMultimedia) mit 2 GB RAM gestartet wird, so läuft AVMultimedia dennoch auch mit 2 GB RAM. Beim Starten wird der verfügbare Speicher überprüft. Sind nicht minimal knapp 3 GB RAM vorhanden, werden nur jene Programme geladen, die es auch in AVMultimini gibt.</p>
<h2><strong><a href="https://www.linuxday.at/avmultimedia-18-monate-nach-dem-start">Vortrag 19.10.19: AVMultimedia 18 Monate nach dem Start</a></strong></h2>
<p><a href="https://archivista.ch/cms/wp-content/uploads/2019/09/linuxday19.jpg"><img loading="lazy" decoding="async" class="alignnone size-full wp-image-5873" src="https://archivista.ch/cms/wp-content/uploads/2019/09/linuxday19.jpg" width="600" height="420" srcset="https://archivista.ch/cms/wp-content/uploads/2019/09/linuxday19.jpg 1242w, https://archivista.ch/cms/wp-content/uploads/2019/09/linuxday19-300x210.jpg 300w, https://archivista.ch/cms/wp-content/uploads/2019/09/linuxday19-768x538.jpg 768w, https://archivista.ch/cms/wp-content/uploads/2019/09/linuxday19-1024x717.jpg 1024w, https://archivista.ch/cms/wp-content/uploads/2019/09/linuxday19-600x420.jpg 600w, https://archivista.ch/cms/wp-content/uploads/2019/09/linuxday19-624x437.jpg 624w" sizes="auto, (max-width: 600px) 100vw, 600px" /></a></p>
<p>Nach dem <strong><a href="https://archivista.ch/cms/de/aktuell-blog/avmultimedia-mit-scratch3/">Vortag im Frühling in Augsburg</a></strong> gibt es am 19. Oktober erneut einen Vortrag zu AVMultimedia, diesmal in Dornbirn. Interessanterweise findet AVMultimedia im Ausland deutlich mehr Beachtung. Alle Versuche, bisher einen Platz für einen Vortrag in der Schweiz zu finden, scheiterten bisher.</p>
<p>Generell scheint es leider so zu sein, dass ein multimedialer Desktop mit Linux in der Schweiz als ziemlich uninteressant, wenn nicht gar überflüssig empfunden wird. Vielleicht kommt ja einmal eine Zeit, wo der Nutzen von AVMultimedia auch in der Schweiz erkannt wird, auch wenn bis dahin sowohl Eltern wie Schulen viel Geld recht unmotiviert &#8222;verpulvert&#8220; werden haben.</p>
<p>Dabei gäbe es für den Einsatz von AVMultimedia ja nicht einmal nur finanzielle Gründe, vielmehr sammelt AVMultimedia keine Daten, registriert niemanden und wartungsarm (da faktisch unzerstörbar) ist es auch noch. Von wegen Nachhaltigkeit! So, dies musste jetzt, nach mehreren Dutzenden von Anläufen in der Schweiz einmal gesagt werden.</p>
<p>Wer am 19. Oktober nach Dornbirn fährt (ist ja gleich hinter der Schweizer Grenze) kann auch gerne einen Laptop mitbringen, dann wird AVMultimedia nach Möglichkeit gerne eingerichtet. Wer mag, bringt einen USB-Stick mit, für alle anderen wird es eine gewisse Anzahl von Sticks am Stand haben. First in, first served.</p>
<h2><a href="https://archivista.ch/cms/de/support/avmultimedia/"><strong>Fragen und Antworten zu AVMultimedia (FAQs)</strong></a></h2>
<p>Wie obenstehend berichtet, gibt es viele gute Gründe, AVMultimedia zu testen bzw. damit zu arbeiten. Seit einigen Tagen gibt es neu dazu <strong><a href="https://archivista.ch/cms/de/support/avmultimedia/">ausführliche FAQs,</a></strong> die den Einstieg in AVMultimedia nochmals erleichtern. Sollte eine Frage bestehen, zu der es noch keine Antwort gibt, dann darf diese gerne im <strong><a href="http://support.archivista.ch/forum/list.php?14">Forum gepostet</a></strong> werden.</p>



	<div class="dkpdf-button-container" style="            text-align:right ">

		<a class="dkpdf-button" href="/cms/wp-json/wp/v2/pages/5869?pdf=5869" target="_blank"><span class="dkpdf-button-icon"><i class="fa fa-file-pdf-o"></i></span> PDF Button</a>

	</div>

<p>AVMultimedia und ArchivistaBox in neuem Kleid Egg, 17.9.2019: Die vergangenen Wochen waren einmal sehr streng. Es gab viele Bugs zu beheben und auch bei der &#8222;Verpackung&#8220; wurde hart gearbeitet. Das Resultat darf sich sehen lassen. Bei dieser Gelegenheit sei auch gerne bereits zum Vortrag anlässlich des linuxday.at eingeladen, der am 19. Oktober 2019 stattfindet. Ein [&hellip;]</p>
