{"id":6245,"date":"2019-12-07T00:34:48","date_gmt":"2019-12-06T23:34:48","guid":{"rendered":"http:\/\/archivista.ch\/cms\/?page_id=6245"},"modified":"2019-12-20T16:27:50","modified_gmt":"2019-12-20T15:27:50","slug":"musik-videos","status":"publish","type":"page","link":"https:\/\/archivista.ch\/cms\/de\/aktuell-blog\/jahre-2008-2019\/blogs-2019\/musik-videos\/","title":{"rendered":"Musik &#038; Videos"},"content":{"rendered":"<h1>ArchivistaBox 2019\/XII: Multimediale Inhalte und mehr<\/h1>\n<p><em><strong>Egg, 6. Dezember 2019:<\/strong> Mit dem Release 2019\/XII k\u00f6nnen neu auch Musikdateien und Videos archiviert werden. Weiter erh\u00e4lt ArchivistaDMS f\u00fcr die Navigation zahlreiche neue Optionen. Abgerundet wird die Version 2019\/XI von neuen Editionen f\u00fcr selbstragende Archive sowie einem bequemem \u00dcberpr\u00fcfen der Sicherungen direkt auf dem Desktop einer jeden ArchivistaBox.<br \/>\n<\/em><\/p>\n<p><a href=\"https:\/\/archivista.ch\/cms\/wp-content\/uploads\/2019\/12\/nordkapp1.jpg\"><img loading=\"lazy\" decoding=\"async\" class=\"alignnone size-full wp-image-6251\" src=\"https:\/\/archivista.ch\/cms\/wp-content\/uploads\/2019\/12\/nordkapp1.jpg\" alt=\"\" width=\"1921\" height=\"1080\" srcset=\"https:\/\/archivista.ch\/cms\/wp-content\/uploads\/2019\/12\/nordkapp1.jpg 1921w, https:\/\/archivista.ch\/cms\/wp-content\/uploads\/2019\/12\/nordkapp1-300x169.jpg 300w, https:\/\/archivista.ch\/cms\/wp-content\/uploads\/2019\/12\/nordkapp1-768x432.jpg 768w, https:\/\/archivista.ch\/cms\/wp-content\/uploads\/2019\/12\/nordkapp1-1024x576.jpg 1024w, https:\/\/archivista.ch\/cms\/wp-content\/uploads\/2019\/12\/nordkapp1-600x337.jpg 600w, https:\/\/archivista.ch\/cms\/wp-content\/uploads\/2019\/12\/nordkapp1-624x351.jpg 624w\" sizes=\"auto, (max-width: 1921px) 100vw, 1921px\" \/><\/a><\/p>\n<h2>ArchivistaDMS als Digital-Kamera f\u00fcr Schriftgut<\/h2>\n<p>ArchivistaDMS-Kunden erhalten mehr als ein webbasiertes Dokumenten-Management-System. Seit mehr als 20 Jahren bietet die Archivista-L\u00f6sung ein Datenhaltungskonzept f\u00fcr die Langzeit-Archivierung. Was heisst das? Alle Daten, welche in ArchivistaDMS abgelegt werden, werden on-the-fly gerastert, d.h. die Inhalte werden abfotografiert. Damit ist sichergestellt, dass alle Inhalte langfristig lesbar bleiben.<\/p>\n<p>Ende des letzten Jahrtausends war das von den Datenmengen her nicht ganz einfach zu bewerkstelligen. Heute ist dies nicht mehr der Fall. Dazu ein Beispiel: 1 Mio Seiten (das sind immerhin ca. 2000 Ordner) ben\u00f6tigen in Schwarz\/Weiss ca. 50 GByte Platz. Vor einigen Jahrzehnten waren entsprechende Datentr\u00e4ger derart teuer, dass die Seiten auf externe Medien (Stichwort CDR) ausgelagert wurden.<\/p>\n<p>Heute passt selbst ein Vielfaches von 50 GByte auf kleine SD-Karten und Festplatten unter einigen Hundert GByte gibt es schon fast keine mehr. Selbst Festplatten im zweistelligen TByte-Bereich (10 TByte = 10024 GByte) sind heute f\u00fcr einige hundert Franken \/ Euro erh\u00e4ltlich.<\/p>\n<p><a href=\"https:\/\/archivista.ch\/cms\/wp-content\/uploads\/2019\/12\/avbox2019_12c.jpg\"><img loading=\"lazy\" decoding=\"async\" class=\"alignnone size-full wp-image-6252\" src=\"https:\/\/archivista.ch\/cms\/wp-content\/uploads\/2019\/12\/avbox2019_12c.jpg\" alt=\"\" width=\"1920\" height=\"1080\" srcset=\"https:\/\/archivista.ch\/cms\/wp-content\/uploads\/2019\/12\/avbox2019_12c.jpg 1920w, https:\/\/archivista.ch\/cms\/wp-content\/uploads\/2019\/12\/avbox2019_12c-300x169.jpg 300w, https:\/\/archivista.ch\/cms\/wp-content\/uploads\/2019\/12\/avbox2019_12c-768x432.jpg 768w, https:\/\/archivista.ch\/cms\/wp-content\/uploads\/2019\/12\/avbox2019_12c-1024x576.jpg 1024w, https:\/\/archivista.ch\/cms\/wp-content\/uploads\/2019\/12\/avbox2019_12c-600x338.jpg 600w, https:\/\/archivista.ch\/cms\/wp-content\/uploads\/2019\/12\/avbox2019_12c-624x351.jpg 624w\" sizes=\"auto, (max-width: 1920px) 100vw, 1920px\" \/><\/a><\/p>\n<p>Aus diesem Grund war es lange f\u00fcr bezahlbare DMS-Systeme sehr schwierig, Musik und Videos mit vertretbarem Aufwand zu archivieren. Den &#8222;alten&#8220; ArchivistaBoxen fehlte zudem auch der gesamte Multimedia-Unterbau, um entsprechende Dateien \u00fcberhaupt verarbeiten zu k\u00f6nnen.<\/p>\n<h2>Exorbitante Datenmengen bei Ton und Film<\/h2>\n<p>Mit der neuen ArchivistaBox, die auf dem Open Source Desktop AVMultimedia beruht, stehen s\u00e4mtliche Tools, die f\u00fcr multimediale Inhalte ben\u00f6tigt werden, zur Verf\u00fcgung. Allerdings, die dabei anfallenden Datenmengen sind auch heute noch erheblich.<\/p>\n<p>Eine Stunde Aufnahme in FullHD ben\u00f6tigt schnell einmal einige GByte an Daten. Dies ist weiter auch nicht verwunderlich, dann bei 3600 Sekunden pro Stunde und 30 Bildern pro Sekunde, ergeben sich 108&#8217;000 Farbbilder, die pro Stunde zu archivieren sind.<\/p>\n<p>Filmmaterial in 4K-Aufl\u00f6sung (vierfache Aufl\u00f6sung von FullHD) ben\u00f6tigt ben\u00f6tigt pro Stunde irgendwo zwischen 6 und 20 GByte. Wie bereits oben ausgef\u00fchrt, wer entsprechendes Material archivieren m\u00f6chte bzw. muss, findet auf dem Markt kaum DMS-L\u00f6sungen. Vielmehr werden die Inhalte unstrukturiert in Ordnern und Dateien abgelegt.<\/p>\n<p><a href=\"https:\/\/archivista.ch\/cms\/wp-content\/uploads\/2019\/12\/avbox2019_12d.jpg\"><img loading=\"lazy\" decoding=\"async\" class=\"alignnone size-full wp-image-6262\" src=\"https:\/\/archivista.ch\/cms\/wp-content\/uploads\/2019\/12\/avbox2019_12d.jpg\" alt=\"\" width=\"1920\" height=\"1080\" \/><\/a><\/p>\n<h2>ArchivistaDMS 2019\/XII als neue Schaltzentrale<\/h2>\n<p>Ab der Version 2019\/XII der ArchivistaBox k\u00f6nnen die entsprechenden Dateien bequem \u00fcber ArchivistaDMS im Browser verwaltet, archiviert, durchsucht und auch wieder extrahiert werden.<\/p>\n<p>F\u00fcr eine bequeme Vorschau und das Durchsuchen werden dabei alle paar Sekunden Bilder extrahiert. Einmal, damit in ArchivistaDMS die Vorschau deutlich flinker erfolgen kann, als wenn das Material angeschaut werden m\u00fcsste, weiter werden diese Bilder mittels OCR erfasst. Allf\u00e4llig im Filmmaterial eingeblendete Texte stehen damit direkt f\u00fcr eine Volltextrechere zur Verf\u00fcgung.<\/p>\n<p>Zudem k\u00f6nnen die Materialen direkt auf einer jeden ArchivistaBox auch bearbeitet werden. Dabei stehen s\u00e4mtliche Applikationen (beliebig erweiterbar) zur Verf\u00fcgung, die auch auf dem Open Source Desktop AVMultimedia zur Verf\u00fcgung stehen.<\/p>\n<h2>Erweiterte Navigation in ArchivistaDMS<\/h2>\n<p>ArchivistaDMS 2019\/XII bietet f\u00fcr das bequeme Navigieren einen stark erweiterten Vorschau-Modus an, sowohl in der Haupt- als auch der Seitenansicht. Im neuen Vorschau-Modus k\u00f6nnen jederzeit mit dem Scrollrad der Maus weitere Akten geladen werden (analog zur bisherigen Tabellenansicht) und in der Seitenansicht kann mit den Scrollrad bequem durch die Seiten bzw. Bilder gebl\u00e4tter werden.<\/p>\n<p><a href=\"https:\/\/archivista.ch\/cms\/wp-content\/uploads\/2019\/12\/avbox2019_12a.jpg\"><img loading=\"lazy\" decoding=\"async\" class=\"alignnone size-full wp-image-6254\" src=\"https:\/\/archivista.ch\/cms\/wp-content\/uploads\/2019\/12\/avbox2019_12a.jpg\" alt=\"\" width=\"1920\" height=\"1080\" srcset=\"https:\/\/archivista.ch\/cms\/wp-content\/uploads\/2019\/12\/avbox2019_12a.jpg 1920w, https:\/\/archivista.ch\/cms\/wp-content\/uploads\/2019\/12\/avbox2019_12a-300x169.jpg 300w, https:\/\/archivista.ch\/cms\/wp-content\/uploads\/2019\/12\/avbox2019_12a-768x432.jpg 768w, https:\/\/archivista.ch\/cms\/wp-content\/uploads\/2019\/12\/avbox2019_12a-1024x576.jpg 1024w, https:\/\/archivista.ch\/cms\/wp-content\/uploads\/2019\/12\/avbox2019_12a-600x338.jpg 600w, https:\/\/archivista.ch\/cms\/wp-content\/uploads\/2019\/12\/avbox2019_12a-624x351.jpg 624w\" sizes=\"auto, (max-width: 1920px) 100vw, 1920px\" \/><\/a><\/p>\n<p>Ebenso erh\u00e4lt ArchivistaDMS neue Icons, die skalierbar sind (Stichwort SVG). Damit hebt sich ArchivistaDMS 2019\/XII auch visuell von fr\u00fcheren Versionen ab.<\/p>\n<h2>Selbsttragende Archive und Datensicherung<\/h2>\n<p>Mit selbsttragenden Archiven kann eine ArchivistaBox f\u00fcr Dritte publiziert werden. Nat\u00fcrlich darf an dieser Stelle die Frage aufgeworfen werden, ob selbsttragende Archive bei der aktuellen Vernetzung von Computern noch einen Sinn ergibt, zumal ArchivistaDMS ja eine durch und durch webbasierte L\u00f6sung ist.<\/p>\n<p>Dem darf entgegengesetzt werden, dass z.B. bei einer Revision Pr\u00fcfstellen nur Zugriff auf die relevanten Daten ben\u00f6tigen. Treuhand-Firmen und Anwaltskanzleien sch\u00e4tzen es zudem, f\u00fcr ihre Mandanten jederzeit entsprechende Dossier-Archive erstellen zu k\u00f6nnen.<\/p>\n<p>Derartige Archive sind mit einer jeden ArchivistaBox schnell erstellt und k\u00f6nnen neu deutlich einfacher hochgefahren werden, weil auch hier der neue Desktop der ArchivistaBox zur Verf\u00fcgung steht (z.B. komfortables Einrichten im Netz mit DHCP und\/oder WLAN).<\/p>\n<p>Bei der Datensicherung besteht neu die M\u00f6glichkeit, Sicherungen jederzeit on-the-fly einzubinden, um die Daten live zu \u00fcberpr\u00fcfen. Bislang war dazu ein Neustart notwendig.<\/p>\n\n\n\n\t<div class=\"dkpdf-button-container\" style=\"            text-align:right \">\n\n\t\t<a class=\"dkpdf-button\" href=\"\/cms\/wp-json\/wp\/v2\/pages\/6245?pdf=6245\" target=\"_blank\"><span class=\"dkpdf-button-icon\"><i class=\"fa fa-file-pdf-o\"><\/i><\/span> PDF Button<\/a>\n\n\t<\/div>\n\n\n\n\n\n","protected":false},"excerpt":{"rendered":"<p>ArchivistaBox 2019\/XII: Multimediale Inhalte und mehr Egg, 6. Dezember 2019: Mit dem Release 2019\/XII k\u00f6nnen neu auch Musikdateien und Videos archiviert werden. Weiter erh\u00e4lt ArchivistaDMS f\u00fcr die Navigation zahlreiche neue Optionen. Abgerundet wird die Version 2019\/XI von neuen Editionen f\u00fcr selbstragende Archive sowie einem bequemem \u00dcberpr\u00fcfen der Sicherungen direkt auf dem Desktop einer jeden ArchivistaBox. [&hellip;]<\/p>\n","protected":false},"author":1,"featured_media":0,"parent":6274,"menu_order":173,"comment_status":"closed","ping_status":"closed","template":"","meta":{"_acf_changed":false,"footnotes":""},"class_list":["post-6245","page","type-page","status-publish","hentry"],"acf":[],"_links":{"self":[{"href":"https:\/\/archivista.ch\/cms\/wp-json\/wp\/v2\/pages\/6245","targetHints":{"allow":["GET"]}}],"collection":[{"href":"https:\/\/archivista.ch\/cms\/wp-json\/wp\/v2\/pages"}],"about":[{"href":"https:\/\/archivista.ch\/cms\/wp-json\/wp\/v2\/types\/page"}],"author":[{"embeddable":true,"href":"https:\/\/archivista.ch\/cms\/wp-json\/wp\/v2\/users\/1"}],"replies":[{"embeddable":true,"href":"https:\/\/archivista.ch\/cms\/wp-json\/wp\/v2\/comments?post=6245"}],"version-history":[{"count":10,"href":"https:\/\/archivista.ch\/cms\/wp-json\/wp\/v2\/pages\/6245\/revisions"}],"predecessor-version":[{"id":6272,"href":"https:\/\/archivista.ch\/cms\/wp-json\/wp\/v2\/pages\/6245\/revisions\/6272"}],"up":[{"embeddable":true,"href":"https:\/\/archivista.ch\/cms\/wp-json\/wp\/v2\/pages\/6274"}],"wp:attachment":[{"href":"https:\/\/archivista.ch\/cms\/wp-json\/wp\/v2\/media?parent=6245"}],"curies":[{"name":"wp","href":"https:\/\/api.w.org\/{rel}","templated":true}]}}