{"id":6274,"date":"2019-12-20T16:04:42","date_gmt":"2019-12-20T15:04:42","guid":{"rendered":"http:\/\/archivista.ch\/cms\/?page_id=6274"},"modified":"2023-01-10T01:20:27","modified_gmt":"2023-01-10T00:20:27","slug":"blogs-2019","status":"publish","type":"page","link":"https:\/\/archivista.ch\/cms\/de\/aktuell-blog\/jahre-2008-2019\/blogs-2019\/","title":{"rendered":"Blogs 2019"},"content":{"rendered":"<h1>R\u00fcckblick auf ein multimediales Jahr<\/h1>\n<p><em><strong>Egg, 20. Dezember 2019:<\/strong> Auch dieses Jahr neigt sich zielstrebig und stetig dem Ende zu. Zeit also, um kurz auf das vergangene Jahr zur\u00fcckzublicken. Die Zahl der Neuerungen ist 2019 derart hoch, dass auf eine Auflistung verzichtet werden soll, vielmehr soll es um einige grunds\u00e4tzliche Aspekte zur ArchivistaBox gehen.<br \/>\n<\/em><\/p>\n<p><a href=\"https:\/\/archivista.ch\/cms\/wp-content\/uploads\/2019\/12\/blog201912c.jpg\"><img loading=\"lazy\" decoding=\"async\" class=\"alignnone size-full wp-image-6283\" src=\"https:\/\/archivista.ch\/cms\/wp-content\/uploads\/2019\/12\/blog201912c.jpg\" alt=\"\" width=\"1920\" height=\"1080\" srcset=\"https:\/\/archivista.ch\/cms\/wp-content\/uploads\/2019\/12\/blog201912c.jpg 1920w, https:\/\/archivista.ch\/cms\/wp-content\/uploads\/2019\/12\/blog201912c-300x169.jpg 300w, https:\/\/archivista.ch\/cms\/wp-content\/uploads\/2019\/12\/blog201912c-768x432.jpg 768w, https:\/\/archivista.ch\/cms\/wp-content\/uploads\/2019\/12\/blog201912c-1024x576.jpg 1024w, https:\/\/archivista.ch\/cms\/wp-content\/uploads\/2019\/12\/blog201912c-600x338.jpg 600w, https:\/\/archivista.ch\/cms\/wp-content\/uploads\/2019\/12\/blog201912c-624x351.jpg 624w\" sizes=\"auto, (max-width: 1920px) 100vw, 1920px\" \/><\/a><\/p>\n<h2>AVMultimedia h\u00e4lt Einzug bei der ArchivistaBox<\/h2>\n<p>Was im M\u00e4rz 2018 mit AVMultimedia zum 20-j\u00e4hrigen Firmenjubli\u00e4um begann, konnte Mitte November mit der Freigabe der <strong><a href=\"https:\/\/archivista.ch\/cms\/de\/aktuell-blog\/archivistabox-2019-x1\/\">ArchivistaBox 2019\/XI<\/a><\/strong> vollendet werden. Die Neuerungen der Versionen <strong><a href=\"https:\/\/archivista.ch\/cms\/de\/aktuell-blog\/archivistabox-2019-x1\/\">2019\/XI<\/a><\/strong> und <strong><a href=\"https:\/\/archivista.ch\/cms\/de\/aktuell-blog\/musik-videos\/\">2019\/XII<\/a><\/strong> sind in den entsprechenden Blogs ausf\u00fchrlich beschrieben.<\/p>\n<p>An dieser Stelle sei einzig angef\u00fcgt, dass die neue Generation von ArchivistaBoxen viele weitere neue M\u00f6glichkeiten bieten werden, f\u00fcr die es im Jahre 2019 zwar nicht mehr reichte, die aber in den kommenden Jahren vermehrt in den Mittelpunkt r\u00fccken werden. Mehr dazu im n\u00e4chsten Jahr.<\/p>\n<p>All unseren Kunden m\u00f6chte ich herzlich f\u00fcr die Treue danken, ohne diese w\u00e4ren Entwicklungen wie der AVMultimedia-Unterbau nicht realisierbar. Und auch wenn dies kaum wahrgenommen wird: Wo sonst gibt es einen\u00a0 multimedialen Desktop, der in ca. 10 Sekunden automatisiert installiert ist?<\/p>\n<p><a href=\"https:\/\/archivista.ch\/cms\/wp-content\/uploads\/2019\/12\/blog201912b.jpg\"><img loading=\"lazy\" decoding=\"async\" class=\"alignnone size-full wp-image-6282\" src=\"https:\/\/archivista.ch\/cms\/wp-content\/uploads\/2019\/12\/blog201912b.jpg\" alt=\"\" width=\"1920\" height=\"1080\" srcset=\"https:\/\/archivista.ch\/cms\/wp-content\/uploads\/2019\/12\/blog201912b.jpg 1920w, https:\/\/archivista.ch\/cms\/wp-content\/uploads\/2019\/12\/blog201912b-300x169.jpg 300w, https:\/\/archivista.ch\/cms\/wp-content\/uploads\/2019\/12\/blog201912b-768x432.jpg 768w, https:\/\/archivista.ch\/cms\/wp-content\/uploads\/2019\/12\/blog201912b-1024x576.jpg 1024w, https:\/\/archivista.ch\/cms\/wp-content\/uploads\/2019\/12\/blog201912b-600x338.jpg 600w, https:\/\/archivista.ch\/cms\/wp-content\/uploads\/2019\/12\/blog201912b-624x351.jpg 624w\" sizes=\"auto, (max-width: 1920px) 100vw, 1920px\" \/><\/a><\/p>\n<h2>Das Ende des Desktops&#8230;<\/h2>\n<p>Nicht wenige angebliche Trendsetter prophezeien seit Jahren gar das Ende des klassischen Desktops, die Zukunft liege bei den Tablets und den Smartphones, alles andere sei altbacken und gar, lautet da landauf wie landab der Tenor.<\/p>\n<p>Dass Tablet und Smartphone ohne massiven Ausbau der r\u00fcckseitigen Infrastruktur (Cloud) f\u00fcr sich alleine kaum lauff\u00e4hig sind, f\u00e4llt in all den Mainstream-News meist komplett unter den Tisch. Fakt ist aber, Cloud-L\u00f6sungen verursachen hohe Kosten bei der Infrastruktur und bergen Risiken, die aktuell nicht einmal kalkulatorisch erfasst werden.<\/p>\n<h2>Hardware-Bugs und Cloud-Sicherheit<\/h2>\n<p>Die in den letzten Jahren aufgetretenen CPU-Fehler (Stichwort Spectre und Meltdown) werden von der Branche nur ungern angef\u00fchrt. Die CPU-Hersteller m\u00fcssten diese an sich ersetzen, wollen dies aber nicht (ist ja auch einfacher, neue CPUs zu verkaufen). L\u00f6sungsanbieter m\u00fcssten ihre Software in den Fundamenten anpassen, da nur damit diese CPU-Angriffe abgefangen werden k\u00f6nnen.<\/p>\n<p>Auf den ersten Blick war der Entscheid im Jahre 2010, eigene Kernel und einen eigenen Installer unseren ArchivistaBoxen zu spendieren, damals mutig. Heute profitieren unsere L\u00f6sungen davon, dass sie &#8212; gerade weil wir den Unterbau selber pflegen &#8212; einfach(er) gewartet werden k\u00f6nnen.<\/p>\n<p>Mit jedem Release wird jener Unterbau mitgeliefert, der dazu passt. Dies hat den Vorteil, dass wir sehr spezifisch auf Erfordernisse eingehen k\u00f6nnen. Jeder Kunde kann selber bestimmen, wann und wie Upgrades eingespielt werden.<\/p>\n<p>Mit der Cloud gibt es weder eine Autonomie der L\u00f6sung noch die Wahl des Zeitpunktes von Updates. Hard- und Software sind zudem deutlich direkter Angriffen ausgesetzt, weil in Cloud-Umgebungen nicht ein paar wenige Rechner stehen, sondern gesamte Rechnerfarmen mit meist tausenden identischen Servern.<\/p>\n<p><a href=\"https:\/\/archivista.ch\/cms\/wp-content\/uploads\/2019\/12\/blog201912a.jpg\"><img loading=\"lazy\" decoding=\"async\" class=\"alignnone size-full wp-image-6281\" src=\"https:\/\/archivista.ch\/cms\/wp-content\/uploads\/2019\/12\/blog201912a.jpg\" alt=\"\" width=\"1920\" height=\"1080\" srcset=\"https:\/\/archivista.ch\/cms\/wp-content\/uploads\/2019\/12\/blog201912a.jpg 1920w, https:\/\/archivista.ch\/cms\/wp-content\/uploads\/2019\/12\/blog201912a-300x169.jpg 300w, https:\/\/archivista.ch\/cms\/wp-content\/uploads\/2019\/12\/blog201912a-768x432.jpg 768w, https:\/\/archivista.ch\/cms\/wp-content\/uploads\/2019\/12\/blog201912a-1024x576.jpg 1024w, https:\/\/archivista.ch\/cms\/wp-content\/uploads\/2019\/12\/blog201912a-600x338.jpg 600w, https:\/\/archivista.ch\/cms\/wp-content\/uploads\/2019\/12\/blog201912a-624x351.jpg 624w\" sizes=\"auto, (max-width: 1920px) 100vw, 1920px\" \/><\/a><\/p>\n<p>Weder Kunden noch Lieferanten haben dabei die Wahl, Updates dann einzuspielen, wenn daf\u00fcr Zeit besteht. Ein einziger Angriff gen\u00fcgt, die gesamte Infrastruktur lahmzulegen. Dezentral aufgebaute L\u00f6sungen, die bei den Kunden stehen, bieten hier deutlich geringere Angriffszenarien.<\/p>\n<p>Ist eine ArchivistaBox betroffen, so werden weitere Archivista-Systeme nur dann auch betroffen sein, wenn eine gleichartige Informatik-Landschaft (z.B. gleiche ArchivistaBox-Version und Firewall) zum Einsatz kommt. Aus diesem Grunde ist es uns wichtig, dass unsere L\u00f6sungen auf einer breiten Palette von Hardware l\u00e4uft &#8212; und gerade dies ist mit dem neuen Unterbau bis hin zu Tablet-Ger\u00e4ten neu m\u00f6glich.<\/p>\n<h2>Darum ist und bleibt die ArchivistaBox einfach<\/h2>\n<p>Die ArchivistaBox war\/ist einfach. Dies daher, weil wir unsere L\u00f6sungen nicht manuell aufsetzen und pflegen. All diese Prozesse sind automatisiert. \u00dcberdies brauchen alle ArchivistaBoxen auch keine Client-Installationen. Jeder Web-Browser reicht dazu (selbst auf dem Smartphone). Nach 15 Jahren\u00a0 mit diesem Konzept darf hier auch einmal angef\u00fchrt werden, dass damit f\u00fcr Kunden extrem tiefe Kosten realisierbar sind.<\/p>\n<p>Sind wir 2008 mit dem Anspruch herangetreten, dass die Archivierung eines Beleges \u00fcber 10 Jahre nicht mehr als 5 Rappen (bzw. Cents) Kosten verursacht, so sehe ich heute L\u00f6sungen im Einsatz, bei denen Millionen von Belegen f\u00fcr deutlich unter 1 Rappen bzw. Cent \u00fcber 10 Jahre aufbewahrt werden k\u00f6nnen. Und damit wir uns richtig verstehen, mit ArchivistaDMS und ArchivistaERP lassen sich kosteneffizient ganze Workflows realisieren.<\/p>\n<p>Auch beim zweiten Standbein, der Virtualisierung, liefern wir seit vielen Jahren L\u00f6sungen aus, wo Mitbewerber nicht mithalten k\u00f6nnen. Sei es, weil ausschliesslich teure Server-Hardware verwendet wird, seil es weil komplexe L\u00f6sungen von Hand aufgesetzt werden.<\/p>\n<p><a href=\"https:\/\/archivista.ch\/cms\/wp-content\/uploads\/2019\/12\/blog201912d.jpg\"><img loading=\"lazy\" decoding=\"async\" class=\"alignnone size-full wp-image-6284\" src=\"https:\/\/archivista.ch\/cms\/wp-content\/uploads\/2019\/12\/blog201912d.jpg\" alt=\"\" width=\"1920\" height=\"1080\" srcset=\"https:\/\/archivista.ch\/cms\/wp-content\/uploads\/2019\/12\/blog201912d.jpg 1920w, https:\/\/archivista.ch\/cms\/wp-content\/uploads\/2019\/12\/blog201912d-300x169.jpg 300w, https:\/\/archivista.ch\/cms\/wp-content\/uploads\/2019\/12\/blog201912d-768x432.jpg 768w, https:\/\/archivista.ch\/cms\/wp-content\/uploads\/2019\/12\/blog201912d-1024x576.jpg 1024w, https:\/\/archivista.ch\/cms\/wp-content\/uploads\/2019\/12\/blog201912d-600x338.jpg 600w, https:\/\/archivista.ch\/cms\/wp-content\/uploads\/2019\/12\/blog201912d-624x351.jpg 624w\" sizes=\"auto, (max-width: 1920px) 100vw, 1920px\" \/><\/a><\/p>\n<p>Die Kompelxit\u00e4t von ArchivistaVM ist derart tief, dass wir so problemlos bei jeder ArchivistaDMS-L\u00f6sung mitliefern und zusammen mit Kunden auch einsetzen (z.B. bei selbsttragenden Archiven), ohne dass Kunden die Technologie der Virtualisierung verstehen m\u00fcssen.<\/p>\n<p>Diesem Leitgedanken sind wir auch mit dem neuen AVMultimedia-Unterbau f\u00fcr die ArchivistaBox treu geblieben. Einfacher l\u00e4sst sich kein Desktop aufsetzen und warten. Diese Arbeiten besch\u00e4ftigen uns 2018 und 2019 in hohem Masse. Darum freuen wir uns mit rundum erneuerten ArchivistaBoxen darauf, unseren Kunden heute wie in der Zukunft noch einfachere und aktuellere ArchivistaBox-Systeme anbieten zu k\u00f6nnen.<\/p>\n<h2>Betriebsferien 23.12.19-5.1.20 und frohe Festtage<\/h2>\n<p>F\u00fcr die n\u00e4chsten beiden Wochen bleiben unsere B\u00fcros geschlossen. Freuen Sie sich mit uns auf erholsame Tage \u00fcber Weihnachten und Neujahr. Selbstverst\u00e4ndlich erhalten all unsere Kunden gem\u00e4ss den Wartungsvertr\u00e4gen Support. Bestellungen im Shop werden im Januar 2020 ausgef\u00fchrt. F\u00fcr die Zeit \u00fcber Weihnachten und Neujahr w\u00fcnschen wir allen besinnliche und erholsame Festtage und schon jetzt einen guten Rutsch ins 2020.<\/p>\n\n\n\n\t<div class=\"dkpdf-button-container\" style=\"            text-align:right \">\n\n\t\t<a class=\"dkpdf-button\" href=\"\/cms\/wp-json\/wp\/v2\/pages\/6274?pdf=6274\" target=\"_blank\"><span class=\"dkpdf-button-icon\"><i class=\"fa fa-file-pdf-o\"><\/i><\/span> PDF Button<\/a>\n\n\t<\/div>\n\n\n\n\n\n","protected":false},"excerpt":{"rendered":"<p>R\u00fcckblick auf ein multimediales Jahr Egg, 20. Dezember 2019: Auch dieses Jahr neigt sich zielstrebig und stetig dem Ende zu. Zeit also, um kurz auf das vergangene Jahr zur\u00fcckzublicken. Die Zahl der Neuerungen ist 2019 derart hoch, dass auf eine Auflistung verzichtet werden soll, vielmehr soll es um einige grunds\u00e4tzliche Aspekte zur ArchivistaBox gehen. AVMultimedia [&hellip;]<\/p>\n","protected":false},"author":1,"featured_media":0,"parent":9613,"menu_order":0,"comment_status":"closed","ping_status":"closed","template":"","meta":{"_acf_changed":false,"footnotes":""},"class_list":["post-6274","page","type-page","status-publish","hentry"],"acf":[],"_links":{"self":[{"href":"https:\/\/archivista.ch\/cms\/wp-json\/wp\/v2\/pages\/6274","targetHints":{"allow":["GET"]}}],"collection":[{"href":"https:\/\/archivista.ch\/cms\/wp-json\/wp\/v2\/pages"}],"about":[{"href":"https:\/\/archivista.ch\/cms\/wp-json\/wp\/v2\/types\/page"}],"author":[{"embeddable":true,"href":"https:\/\/archivista.ch\/cms\/wp-json\/wp\/v2\/users\/1"}],"replies":[{"embeddable":true,"href":"https:\/\/archivista.ch\/cms\/wp-json\/wp\/v2\/comments?post=6274"}],"version-history":[{"count":12,"href":"https:\/\/archivista.ch\/cms\/wp-json\/wp\/v2\/pages\/6274\/revisions"}],"predecessor-version":[{"id":6291,"href":"https:\/\/archivista.ch\/cms\/wp-json\/wp\/v2\/pages\/6274\/revisions\/6291"}],"up":[{"embeddable":true,"href":"https:\/\/archivista.ch\/cms\/wp-json\/wp\/v2\/pages\/9613"}],"wp:attachment":[{"href":"https:\/\/archivista.ch\/cms\/wp-json\/wp\/v2\/media?parent=6274"}],"curies":[{"name":"wp","href":"https:\/\/api.w.org\/{rel}","templated":true}]}}

<h1>Rückblick auf ein multimediales Jahr</h1>
<p><em><strong>Egg, 20. Dezember 2019:</strong> Auch dieses Jahr neigt sich zielstrebig und stetig dem Ende zu. Zeit also, um kurz auf das vergangene Jahr zurückzublicken. Die Zahl der Neuerungen ist 2019 derart hoch, dass auf eine Auflistung verzichtet werden soll, vielmehr soll es um einige grundsätzliche Aspekte zur ArchivistaBox gehen.<br />
</em></p>
<p><a href="https://archivista.ch/cms/wp-content/uploads/2019/12/blog201912c.jpg"><img loading="lazy" decoding="async" class="alignnone size-full wp-image-6283" src="https://archivista.ch/cms/wp-content/uploads/2019/12/blog201912c.jpg" alt="" width="1920" height="1080" srcset="https://archivista.ch/cms/wp-content/uploads/2019/12/blog201912c.jpg 1920w, https://archivista.ch/cms/wp-content/uploads/2019/12/blog201912c-300x169.jpg 300w, https://archivista.ch/cms/wp-content/uploads/2019/12/blog201912c-768x432.jpg 768w, https://archivista.ch/cms/wp-content/uploads/2019/12/blog201912c-1024x576.jpg 1024w, https://archivista.ch/cms/wp-content/uploads/2019/12/blog201912c-600x338.jpg 600w, https://archivista.ch/cms/wp-content/uploads/2019/12/blog201912c-624x351.jpg 624w" sizes="auto, (max-width: 1920px) 100vw, 1920px" /></a></p>
<h2>AVMultimedia hält Einzug bei der ArchivistaBox</h2>
<p>Was im März 2018 mit AVMultimedia zum 20-jährigen Firmenjubliäum begann, konnte Mitte November mit der Freigabe der <strong><a href="https://archivista.ch/cms/de/aktuell-blog/archivistabox-2019-x1/">ArchivistaBox 2019/XI</a></strong> vollendet werden. Die Neuerungen der Versionen <strong><a href="https://archivista.ch/cms/de/aktuell-blog/archivistabox-2019-x1/">2019/XI</a></strong> und <strong><a href="https://archivista.ch/cms/de/aktuell-blog/musik-videos/">2019/XII</a></strong> sind in den entsprechenden Blogs ausführlich beschrieben.</p>
<p>An dieser Stelle sei einzig angefügt, dass die neue Generation von ArchivistaBoxen viele weitere neue Möglichkeiten bieten werden, für die es im Jahre 2019 zwar nicht mehr reichte, die aber in den kommenden Jahren vermehrt in den Mittelpunkt rücken werden. Mehr dazu im nächsten Jahr.</p>
<p>All unseren Kunden möchte ich herzlich für die Treue danken, ohne diese wären Entwicklungen wie der AVMultimedia-Unterbau nicht realisierbar. Und auch wenn dies kaum wahrgenommen wird: Wo sonst gibt es einen  multimedialen Desktop, der in ca. 10 Sekunden automatisiert installiert ist?</p>
<p><a href="https://archivista.ch/cms/wp-content/uploads/2019/12/blog201912b.jpg"><img loading="lazy" decoding="async" class="alignnone size-full wp-image-6282" src="https://archivista.ch/cms/wp-content/uploads/2019/12/blog201912b.jpg" alt="" width="1920" height="1080" srcset="https://archivista.ch/cms/wp-content/uploads/2019/12/blog201912b.jpg 1920w, https://archivista.ch/cms/wp-content/uploads/2019/12/blog201912b-300x169.jpg 300w, https://archivista.ch/cms/wp-content/uploads/2019/12/blog201912b-768x432.jpg 768w, https://archivista.ch/cms/wp-content/uploads/2019/12/blog201912b-1024x576.jpg 1024w, https://archivista.ch/cms/wp-content/uploads/2019/12/blog201912b-600x338.jpg 600w, https://archivista.ch/cms/wp-content/uploads/2019/12/blog201912b-624x351.jpg 624w" sizes="auto, (max-width: 1920px) 100vw, 1920px" /></a></p>
<h2>Das Ende des Desktops&#8230;</h2>
<p>Nicht wenige angebliche Trendsetter prophezeien seit Jahren gar das Ende des klassischen Desktops, die Zukunft liege bei den Tablets und den Smartphones, alles andere sei altbacken und gar, lautet da landauf wie landab der Tenor.</p>
<p>Dass Tablet und Smartphone ohne massiven Ausbau der rückseitigen Infrastruktur (Cloud) für sich alleine kaum lauffähig sind, fällt in all den Mainstream-News meist komplett unter den Tisch. Fakt ist aber, Cloud-Lösungen verursachen hohe Kosten bei der Infrastruktur und bergen Risiken, die aktuell nicht einmal kalkulatorisch erfasst werden.</p>
<h2>Hardware-Bugs und Cloud-Sicherheit</h2>
<p>Die in den letzten Jahren aufgetretenen CPU-Fehler (Stichwort Spectre und Meltdown) werden von der Branche nur ungern angeführt. Die CPU-Hersteller müssten diese an sich ersetzen, wollen dies aber nicht (ist ja auch einfacher, neue CPUs zu verkaufen). Lösungsanbieter müssten ihre Software in den Fundamenten anpassen, da nur damit diese CPU-Angriffe abgefangen werden können.</p>
<p>Auf den ersten Blick war der Entscheid im Jahre 2010, eigene Kernel und einen eigenen Installer unseren ArchivistaBoxen zu spendieren, damals mutig. Heute profitieren unsere Lösungen davon, dass sie &#8212; gerade weil wir den Unterbau selber pflegen &#8212; einfach(er) gewartet werden können.</p>
<p>Mit jedem Release wird jener Unterbau mitgeliefert, der dazu passt. Dies hat den Vorteil, dass wir sehr spezifisch auf Erfordernisse eingehen können. Jeder Kunde kann selber bestimmen, wann und wie Upgrades eingespielt werden.</p>
<p>Mit der Cloud gibt es weder eine Autonomie der Lösung noch die Wahl des Zeitpunktes von Updates. Hard- und Software sind zudem deutlich direkter Angriffen ausgesetzt, weil in Cloud-Umgebungen nicht ein paar wenige Rechner stehen, sondern gesamte Rechnerfarmen mit meist tausenden identischen Servern.</p>
<p><a href="https://archivista.ch/cms/wp-content/uploads/2019/12/blog201912a.jpg"><img loading="lazy" decoding="async" class="alignnone size-full wp-image-6281" src="https://archivista.ch/cms/wp-content/uploads/2019/12/blog201912a.jpg" alt="" width="1920" height="1080" srcset="https://archivista.ch/cms/wp-content/uploads/2019/12/blog201912a.jpg 1920w, https://archivista.ch/cms/wp-content/uploads/2019/12/blog201912a-300x169.jpg 300w, https://archivista.ch/cms/wp-content/uploads/2019/12/blog201912a-768x432.jpg 768w, https://archivista.ch/cms/wp-content/uploads/2019/12/blog201912a-1024x576.jpg 1024w, https://archivista.ch/cms/wp-content/uploads/2019/12/blog201912a-600x338.jpg 600w, https://archivista.ch/cms/wp-content/uploads/2019/12/blog201912a-624x351.jpg 624w" sizes="auto, (max-width: 1920px) 100vw, 1920px" /></a></p>
<p>Weder Kunden noch Lieferanten haben dabei die Wahl, Updates dann einzuspielen, wenn dafür Zeit besteht. Ein einziger Angriff genügt, die gesamte Infrastruktur lahmzulegen. Dezentral aufgebaute Lösungen, die bei den Kunden stehen, bieten hier deutlich geringere Angriffszenarien.</p>
<p>Ist eine ArchivistaBox betroffen, so werden weitere Archivista-Systeme nur dann auch betroffen sein, wenn eine gleichartige Informatik-Landschaft (z.B. gleiche ArchivistaBox-Version und Firewall) zum Einsatz kommt. Aus diesem Grunde ist es uns wichtig, dass unsere Lösungen auf einer breiten Palette von Hardware läuft &#8212; und gerade dies ist mit dem neuen Unterbau bis hin zu Tablet-Geräten neu möglich.</p>
<h2>Darum ist und bleibt die ArchivistaBox einfach</h2>
<p>Die ArchivistaBox war/ist einfach. Dies daher, weil wir unsere Lösungen nicht manuell aufsetzen und pflegen. All diese Prozesse sind automatisiert. Überdies brauchen alle ArchivistaBoxen auch keine Client-Installationen. Jeder Web-Browser reicht dazu (selbst auf dem Smartphone). Nach 15 Jahren  mit diesem Konzept darf hier auch einmal angeführt werden, dass damit für Kunden extrem tiefe Kosten realisierbar sind.</p>
<p>Sind wir 2008 mit dem Anspruch herangetreten, dass die Archivierung eines Beleges über 10 Jahre nicht mehr als 5 Rappen (bzw. Cents) Kosten verursacht, so sehe ich heute Lösungen im Einsatz, bei denen Millionen von Belegen für deutlich unter 1 Rappen bzw. Cent über 10 Jahre aufbewahrt werden können. Und damit wir uns richtig verstehen, mit ArchivistaDMS und ArchivistaERP lassen sich kosteneffizient ganze Workflows realisieren.</p>
<p>Auch beim zweiten Standbein, der Virtualisierung, liefern wir seit vielen Jahren Lösungen aus, wo Mitbewerber nicht mithalten können. Sei es, weil ausschliesslich teure Server-Hardware verwendet wird, seil es weil komplexe Lösungen von Hand aufgesetzt werden.</p>
<p><a href="https://archivista.ch/cms/wp-content/uploads/2019/12/blog201912d.jpg"><img loading="lazy" decoding="async" class="alignnone size-full wp-image-6284" src="https://archivista.ch/cms/wp-content/uploads/2019/12/blog201912d.jpg" alt="" width="1920" height="1080" srcset="https://archivista.ch/cms/wp-content/uploads/2019/12/blog201912d.jpg 1920w, https://archivista.ch/cms/wp-content/uploads/2019/12/blog201912d-300x169.jpg 300w, https://archivista.ch/cms/wp-content/uploads/2019/12/blog201912d-768x432.jpg 768w, https://archivista.ch/cms/wp-content/uploads/2019/12/blog201912d-1024x576.jpg 1024w, https://archivista.ch/cms/wp-content/uploads/2019/12/blog201912d-600x338.jpg 600w, https://archivista.ch/cms/wp-content/uploads/2019/12/blog201912d-624x351.jpg 624w" sizes="auto, (max-width: 1920px) 100vw, 1920px" /></a></p>
<p>Die Kompelxität von ArchivistaVM ist derart tief, dass wir so problemlos bei jeder ArchivistaDMS-Lösung mitliefern und zusammen mit Kunden auch einsetzen (z.B. bei selbsttragenden Archiven), ohne dass Kunden die Technologie der Virtualisierung verstehen müssen.</p>
<p>Diesem Leitgedanken sind wir auch mit dem neuen AVMultimedia-Unterbau für die ArchivistaBox treu geblieben. Einfacher lässt sich kein Desktop aufsetzen und warten. Diese Arbeiten beschäftigen uns 2018 und 2019 in hohem Masse. Darum freuen wir uns mit rundum erneuerten ArchivistaBoxen darauf, unseren Kunden heute wie in der Zukunft noch einfachere und aktuellere ArchivistaBox-Systeme anbieten zu können.</p>
<h2>Betriebsferien 23.12.19-5.1.20 und frohe Festtage</h2>
<p>Für die nächsten beiden Wochen bleiben unsere Büros geschlossen. Freuen Sie sich mit uns auf erholsame Tage über Weihnachten und Neujahr. Selbstverständlich erhalten all unsere Kunden gemäss den Wartungsverträgen Support. Bestellungen im Shop werden im Januar 2020 ausgeführt. Für die Zeit über Weihnachten und Neujahr wünschen wir allen besinnliche und erholsame Festtage und schon jetzt einen guten Rutsch ins 2020.</p>



	<div class="dkpdf-button-container" style="            text-align:right ">

		<a class="dkpdf-button" href="/cms/wp-json/wp/v2/pages/6274?pdf=6274" target="_blank"><span class="dkpdf-button-icon"><i class="fa fa-file-pdf-o"></i></span> PDF Button</a>

	</div>

<p>Rückblick auf ein multimediales Jahr Egg, 20. Dezember 2019: Auch dieses Jahr neigt sich zielstrebig und stetig dem Ende zu. Zeit also, um kurz auf das vergangene Jahr zurückzublicken. Die Zahl der Neuerungen ist 2019 derart hoch, dass auf eine Auflistung verzichtet werden soll, vielmehr soll es um einige grundsätzliche Aspekte zur ArchivistaBox gehen. AVMultimedia [&hellip;]</p>
