{"id":6688,"date":"2020-11-16T15:43:01","date_gmt":"2020-11-16T14:43:01","guid":{"rendered":"http:\/\/archivista.ch\/cms\/?page_id=6688"},"modified":"2025-06-15T07:47:48","modified_gmt":"2025-06-15T05:47:48","slug":"streaming-und-audio","status":"publish","type":"page","link":"https:\/\/archivista.ch\/cms\/de\/aktuell-blog\/blogs-2020\/streaming-und-audio\/","title":{"rendered":"Streaming und Audio"},"content":{"rendered":"<h1>Musik-Archivierung im Online-Zeitalter<\/h1>\n<p><em><strong>Egg, 16. November 2020:<\/strong> Schon wieder ein Blog? Keine Bange, der nahe Zeitabstand zum letzten Beitrag ergibt sich aus dem Thema Multimedia. Das Thema Audio h\u00e4tte den letzten Blog einfach gesprengt, und darum soll dies eine Woche sp\u00e4ter nachgeholt werden.<br \/>\n<\/em><\/p>\n<p><a href=\"https:\/\/archivista.ch\/cms\/wp-content\/uploads\/2020\/11\/avaudio4.jpg\"><img loading=\"lazy\" decoding=\"async\" class=\"alignnone size-full wp-image-6709\" src=\"https:\/\/archivista.ch\/cms\/wp-content\/uploads\/2020\/11\/avaudio4.jpg\" alt=\"\" width=\"3840\" height=\"2160\" \/><\/a><\/p>\n<h2>Streamen statt CD-Sammlung<\/h2>\n<p>Die gute alte CD-Sammlung hat in vielen Haushalten ausgedient. Bei den heutigen Streaming-Angeboten erscheint der Griff zum CD-Player gar antiquiert. Seit Jahren bietet AVMultimedia mit ASunder an, CDs zu erfassen und zu speichern. Allerdings kann die CD-Sammlung mit den Streaming-Anbeboten vom Handling her (welcher Computer hat noch ein CD-Laufwerk) als auch vom Komfort nicht mithalten.<\/p>\n<p>Die Online-Angebote sind extrem leicht zu bedienen. Die Auswahl ist unersch\u00f6pflich bzw. gar erdr\u00fcckend. Allerdings geht es bei den Online-Angeboten nicht darum, eigene Archive zu erstellen oder zu pflegen. Zwar gibt es Playlists (Zusammenstellung mit Songs). Grundgedanke ist jedoch, die Musik wird gestreamt. Das geht solange gut, wie das Angebot besteht.<\/p>\n<h2>Von Nabster zu Spotify, Deezer und anderen<\/h2>\n<p>Vor ca. 20 Jahren trat Nabster mit Anspruch an, dass User\/innen Musikst\u00fccke, die sie erworben hatten, online austauschen k\u00f6nnen sollten. Im Rahmen der Privatkopie ist dies ja erlaubt. Bei Nabster war schnell klar, dass alle derat viele Freunde hatten, dass es nicht legal sein konnte.<\/p>\n<p>Nabster wurde zeitweilig gar geschlossen, den Trend stoppen, dass Musik nicht mehr auf CD-Scheiben gekauft werden wollte, liess sich nicht aufhalten. Im hohen Norden trat mit Spotify ein Anbieter auf den Plan, der von Anfang an versuchte, mit der Musikindustrie zusammen ein Gesch\u00e4fstmodell zu etablieren.<\/p>\n<p>Letztlich blieb der Branche gar nichts anderes \u00fcbrig. Die Verk\u00e4ufe von CDs brachen regelrecht ein. Nicht nur wegen Nabster, vielmehr erschien das Gesch\u00e4ftsmodell mit Alben nicht mehr zeitgem\u00e4ss. Daran \u00e4nderte sich auch nichts, als die Labels versuchten, einzelne Songs online zu verkaufen. Streamen bzw. das &#8222;Mieten&#8220; von Musik setzte sich fl\u00e4chendeckend durch.<\/p>\n<p><a href=\"https:\/\/archivista.ch\/cms\/wp-content\/uploads\/2020\/11\/avaudio5.jpg\"><img loading=\"lazy\" decoding=\"async\" class=\"alignnone size-full wp-image-6710\" src=\"https:\/\/archivista.ch\/cms\/wp-content\/uploads\/2020\/11\/avaudio5.jpg\" alt=\"\" width=\"3840\" height=\"2160\" \/><\/a><\/p>\n<h2>Einsatz und Kosten bei den Streaming-Anbietern<\/h2>\n<p>Die legale Nutzung wird damit sichergestellt, dass die Musik mit einer Software abgespielt wird, die ein Digital-Rights-Managment-System (DRM) enth\u00e4lt. Dies f\u00fchrt dazu, dass das Abspielen mit einem &#8222;normalen&#8220; Musik-Player (z.B. VLC) nicht funktioniert. Vielmehr ist eine eigene App oder ein Browser notwendig, der mit dem DRM-System des Anbieters kompatibel ist.<\/p>\n<p>Bei einem Test mit AVMultimedia ergab sich, dass es relativ einfach war, die Spotify-App zu installieren, es aber nicht gelang, das Web-Angebot zu nutzen, weder mit Ungoogled Chrome noch mit Firefox (mit der neusten AVMultimedia-Version geht es). Deezer hatte mit beiden Web-Browsern kein Problem, nur gibt es bei Deezer keine App f\u00fcr Linux.<\/p>\n<p>Die Kosten f\u00fcr das musikalische Universum betragen pro Monat in der Schweiz ca. 13 Franken pro Nutzer bzw. 23 Franken f\u00fcr die Familie. Wer rechnet, stellt familienintern f\u00fcr die Zeit des Aufwachsens der Kinder fest: 15 Jahre * 12 Monate * 23 Franken ergibt 4140 Franken. Dazu kommt der doppelte Betrag f\u00fcr die Smartphone-Abos, mit Netflix und anderen Nettigkeiten ergeben sich schnell Kosten von \u00fcber 100 Franken pro Monat.<\/p>\n<h2>Darum ergibt die lokale Privatkopie Sinn<\/h2>\n<p>Bei Streaming-Angeboten gibt es die Offline-Kopie nur \u00fcber eine spezielle App. Nicht nur mit Linux, auch mit Smartphones und anderen Betriebssystemen ist l\u00e4ngst nicht sichergestellt, dass Programme \u00fcber die n\u00e4chsten Jahre lauff\u00e4hig bleiben. Die lokale Sicherung als Privatkopie kennt diese Problematik nicht. Sowohl MP3 wie auch OGG sind Standards.<\/p>\n<p>Dazu kommt, wie oben ausgef\u00fchrt, die Kosten bei den Abos sind nicht unerheblich und bei den &#8222;Gratis&#8220;-Angeboten gibt es Online-Zwang und Werbung. Eine privat angelegte Kopie ist daher sinnvoll. Es gibt viele alte Smartphones, die sich ohne SIM-Karte zum Musik-H\u00f6ren eignen. Nat\u00fcrlich braucht es etwas Disziplin, um Musik-Archive zu pflegen. Sowohl bei AVMultimedia als auch der ArchivistaBox gibt es viele Tools, um eine eigene private Sammlung zu &#8222;managen&#8220;.<\/p>\n<p><a href=\"https:\/\/archivista.ch\/cms\/wp-content\/uploads\/2020\/11\/avaudio6.jpg\"><img loading=\"lazy\" decoding=\"async\" class=\"alignnone size-full wp-image-6711\" src=\"https:\/\/archivista.ch\/cms\/wp-content\/uploads\/2020\/11\/avaudio6.jpg\" alt=\"\" width=\"943\" height=\"688\" srcset=\"https:\/\/archivista.ch\/cms\/wp-content\/uploads\/2020\/11\/avaudio6.jpg 943w, https:\/\/archivista.ch\/cms\/wp-content\/uploads\/2020\/11\/avaudio6-300x219.jpg 300w, https:\/\/archivista.ch\/cms\/wp-content\/uploads\/2020\/11\/avaudio6-768x560.jpg 768w, https:\/\/archivista.ch\/cms\/wp-content\/uploads\/2020\/11\/avaudio6-600x438.jpg 600w, https:\/\/archivista.ch\/cms\/wp-content\/uploads\/2020\/11\/avaudio6-624x455.jpg 624w\" sizes=\"auto, (max-width: 943px) 100vw, 943px\" \/><\/a><\/p>\n<h2>Musik mit AVMultimedia offline h\u00f6ren<\/h2>\n<p>Fakt ist, die Privatkopie ist (zumindest in Europa) zul\u00e4ssig, und diese l\u00e4sst sich \u00fcber vertragliche Regelungen auch nicht aushebeln. Wer mit Audacity Songs aufzeichnet, agiert im Rahmen der Privatkopie. Er riskiert allenfalls, dass der Anbieter den Vertrag aufl\u00f6st. Allerdings besteht dieses Recht aktuell (f\u00fcr beide Parteien) bei allen Angeboten ohnehin. Um nun eine Privatkopie zu erstellen, kann beim Abpsielen der Playlist die Aufnahme in Audacity aufgezeichnet werden.<\/p>\n<p>Bei gewissen Anbietern wird der Stream zu laut angeliefert, hier lohnt es sich, mit &#8218;alsamixer&#8216; die Lautst\u00e4rke auf 85 zu setzen. Danach kann eine Playlist gestartet werden. Nach dem Abspielen dieser kann die Audacity-Datei als MP3-Stream gespeichert werden (Namen der Playlist verwenden).Um die einzelnen Tracks der Aufnahme zu erhalten, m\u00fcssen diese anhand der Pausen &#8222;gesplittet&#8220; werden. Dazu bietet sich das Tool <strong>&#8218;mp3splt -s -p min=1 stream.mp3&#8216;<\/strong> an. Damit wird die Aufnahme bei allen Pausen gesplittet.<\/p>\n<p>Nun k\u00f6nnen die Sound-Dateien beschlagwortet werden. Bei fast allen Streaming-Portalen lassen sich die Playlists exportieren. Dazu eignen sich <strong><a href=\"https:\/\/www.spotmybackup.com\">https:\/\/www.spotmybackup.com<\/a><\/strong> oder <strong><a href=\"https:\/\/watsonbox.github.io\/exportify\">https:\/\/watsonbox.github.io\/exportify<\/a><\/strong> (beide Tools sind Open Source). Um den gesamten Prozess zu vereinfachen, gibt es bei AVMultimedia neu das Tool <strong>&#8218;mp3tocd stream.mp3 playlist.csv&#8216;.<\/strong> Damit l\u00e4sst sich ein MP3-Stream mit einer Playlist <strong><a href=\"https:\/\/de.wikipedia.org\/wiki\/CSV_(Dateiformat)\">(CSV-Format)<\/a><\/strong> beschlagworten. Die Tracks finden sich danach im Ordner mit dem Namens des Streams. Mit grafischer Oberfl\u00e4che kann das Tool \u00fcber das Men\u00fc &#8218;Sonstige&#8216; und &#8218;MP3toCD&#8216; gestartet werden.<strong><br \/>\n<\/strong><\/p>\n<h2>EasyTag neu bei AVMultimedia mit dabei<\/h2>\n<p>Audio-Dateien im MP3- oder OGG-Format enthalten ID3-Tags. Diese Tags sind Informationen, die in den Audio-Dateien abbgelegt werden, um die Songs zu beschreiben. Dabei geht es um Titel, Album und K\u00fcnstler\/in (Artist-Tag). Oft enthalten die Dateien auch Cover-Bilder. Diese Informationen lassen sich sowohl mit Audacity und bequemer in EasyTag bearbeiten.<\/p>\n<p><a href=\"https:\/\/archivista.ch\/cms\/wp-content\/uploads\/2020\/11\/avaudio1.jpg\"><img loading=\"lazy\" decoding=\"async\" class=\"alignnone size-full wp-image-6704\" src=\"https:\/\/archivista.ch\/cms\/wp-content\/uploads\/2020\/11\/avaudio1.jpg\" alt=\"\" width=\"1208\" height=\"737\" srcset=\"https:\/\/archivista.ch\/cms\/wp-content\/uploads\/2020\/11\/avaudio1.jpg 1208w, https:\/\/archivista.ch\/cms\/wp-content\/uploads\/2020\/11\/avaudio1-300x183.jpg 300w, https:\/\/archivista.ch\/cms\/wp-content\/uploads\/2020\/11\/avaudio1-768x469.jpg 768w, https:\/\/archivista.ch\/cms\/wp-content\/uploads\/2020\/11\/avaudio1-1024x625.jpg 1024w, https:\/\/archivista.ch\/cms\/wp-content\/uploads\/2020\/11\/avaudio1-600x366.jpg 600w, https:\/\/archivista.ch\/cms\/wp-content\/uploads\/2020\/11\/avaudio1-624x381.jpg 624w\" sizes=\"auto, (max-width: 1208px) 100vw, 1208px\" \/><\/a><\/p>\n<p>Nach dem Programstart werden s\u00e4mtliche Musik-Dateien innerhalb eines Verzeichnisbaumes durchsucht. Die gefundenen Audio-Inhalte k\u00f6nnen nun elegant &#8222;beschlagwortet&#8220; werden. Dazu ein Beispiel: Datei eines Albums anw\u00e4hlen, dann z.B. im Kommentarfeld eine Anmerkung erfassen und mit Strg+Enter auf s\u00e4mtliche aktivierten Musikst\u00fccke \u00fcbertragen.<\/p>\n<p>Auf Wunsch k\u00f6nnen die ID3-Tags online abgeglichen werden. Es ist gar m\u00f6glich, diese Informationen (nur die Tags, nicht die Songs!) zu teilen. \u00dcber lange Jahre diente der Dienst &#8218;freedb.freedb.org&#8216; als Server. Nun wurde der Dienst der Firma Magix abgeschaltet, obwohl diese 2006 versprach, dass dies nicht passieren werde. Anstelle von <strong>&#8218;freedb.freedb.org&#8216;<\/strong> ist neu <strong>&#8218;gnudb.gnudb.org&#8216;<\/strong> notwendig.<\/p>\n<p>Bei neuen Installationen von AVMultimedia oder der ArchivistaBox sind die Daten korrekt eingestellt, bei Updates kann es sein, dass die Angabe des Servers ge\u00e4ndert werden muss (bei EasyTag Men\u00fc Bearbeiten, bei Einstellungen und CDDB). Danach sind die Desktop-Einstellungen zu sichern (auch m\u00f6glich \u00fcber Sichern der Einstellungen beim Herunterfahren).<\/p>\n<p><strong>Tipp f\u00fcr Technisch-Versierte:<\/strong> Viele Audio-Dateien liegen im MP3-Format vor. Wer diese lieber im freien OGG-Format archivieren m\u00f6chte, kann bei der Konvertierung mit dem folgenden Befehl die ID3-Tags erhalten: <strong>&#8218;ffmpeg -i input.mp3 -id3v2_version 3 output.ogg&#8216;<\/strong><\/p>\n<p><a href=\"https:\/\/archivista.ch\/cms\/wp-content\/uploads\/2020\/11\/avaudio2.jpg\"><img loading=\"lazy\" decoding=\"async\" class=\"alignnone size-full wp-image-6705\" src=\"https:\/\/archivista.ch\/cms\/wp-content\/uploads\/2020\/11\/avaudio2.jpg\" alt=\"\" width=\"1085\" height=\"635\" srcset=\"https:\/\/archivista.ch\/cms\/wp-content\/uploads\/2020\/11\/avaudio2.jpg 1085w, https:\/\/archivista.ch\/cms\/wp-content\/uploads\/2020\/11\/avaudio2-300x176.jpg 300w, https:\/\/archivista.ch\/cms\/wp-content\/uploads\/2020\/11\/avaudio2-768x449.jpg 768w, https:\/\/archivista.ch\/cms\/wp-content\/uploads\/2020\/11\/avaudio2-1024x599.jpg 1024w, https:\/\/archivista.ch\/cms\/wp-content\/uploads\/2020\/11\/avaudio2-600x351.jpg 600w, https:\/\/archivista.ch\/cms\/wp-content\/uploads\/2020\/11\/avaudio2-624x365.jpg 624w\" sizes=\"auto, (max-width: 1085px) 100vw, 1085px\" \/><\/a><\/p>\n<p><strong>Tipp f\u00fcr Alle:<\/strong> Die Audio-Tag-Datenbank &#8218;gnudb.gnudb.org&#8216; kann auch manuell konsultiert werden. Dazu einfach <strong><a href=\"http:\/\/www.gnudb.org\/search.php\">http:\/\/www.gnudb.org\/search.php<\/a><\/strong> und die Suchabfrage eingeben.<\/p>\n<h2>Der neue Audio-Player bei ArchivistaDMS<\/h2>\n<p>Wie im letzten Blog erw\u00e4hnt, gibt es bei der ArchivistaBox einen neuen Medien-Player, um Inhalte direkt im Browser darstellen zu k\u00f6nnen. Bei Audio-Dateien sind zwei Funktionen neu, die erw\u00e4hnt werden sollen. Neben dem Upload \u00fcber den Browser werden Audio-Dateien als Stapel \u00fcber das Freigabelaufwerk hinzugef\u00fcgt. Zust\u00e4ndig f\u00fcr den Import ist der Office-Ordner bzw. dort der Ordner mit der gew\u00fcnschten Datenbank.<\/p>\n<p>Werden nun Audio-Dateien ins Archiv \u00fcbertragen, so entsteht aus jeder Audio-Datei eine Akte. Da Musikdateien aber oft in Alben bzw. Playlists verwaltet werden, w\u00e4re das Abspielen einzelner Dateien wenig zielf\u00fchrend. Auch w\u00e4re es umst\u00e4ndlich, jedes Mal eine Zusammenstellung in einzelnen Schritten bzw. pro Datei exportieren zu m\u00fcssen.<\/p>\n<p><a href=\"https:\/\/archivista.ch\/cms\/wp-content\/uploads\/2020\/11\/avaudio3.jpg\"><img loading=\"lazy\" decoding=\"async\" class=\"alignnone size-full wp-image-6706\" src=\"https:\/\/archivista.ch\/cms\/wp-content\/uploads\/2020\/11\/avaudio3.jpg\" alt=\"\" width=\"1773\" height=\"684\" srcset=\"https:\/\/archivista.ch\/cms\/wp-content\/uploads\/2020\/11\/avaudio3.jpg 1773w, https:\/\/archivista.ch\/cms\/wp-content\/uploads\/2020\/11\/avaudio3-300x116.jpg 300w, https:\/\/archivista.ch\/cms\/wp-content\/uploads\/2020\/11\/avaudio3-768x296.jpg 768w, https:\/\/archivista.ch\/cms\/wp-content\/uploads\/2020\/11\/avaudio3-1024x395.jpg 1024w, https:\/\/archivista.ch\/cms\/wp-content\/uploads\/2020\/11\/avaudio3-600x231.jpg 600w, https:\/\/archivista.ch\/cms\/wp-content\/uploads\/2020\/11\/avaudio3-624x241.jpg 624w\" sizes=\"auto, (max-width: 1773px) 100vw, 1773px\" \/><\/a><\/p>\n<p>Aus diesem Grund ist es neu m\u00f6glich, Alben anhand von Ordnern zu erfassen. Dazu gen\u00fcgt es, die gew\u00fcnschten Audio-Dateien in einen Ordner zu legen und diesen in den Office-Freigabepfad zu stellen. ArchivistaDMS erfasst neu die Dateien des Unterordners (Feld MediaName) und den Namen des Ordners (Feld MediaDevice). So erfasste Audio-Dateien werden beim ArchivistaDMS Medien-Player als Ablum betrachtet.<\/p>\n<p>Die Titel werden in aufsteigender Reihenfolge abgespielt; eine Numerierung mit &#8217;01- Titel eins&#8216; bzw. &#8217;02 &#8211; Titel zwei&#8216; ist folglich hilfeich. Das Album l\u00e4sst sich auch manuell mit einer Suche im Feld &#8218;MediaDevice&#8216; aktivieren. Das Verwalten von Ordnern steht neu f\u00fcr s\u00e4mtliche Office-Daten zur Verf\u00fcgung. Neu und einzig bei Audio-Dateien ist dagegen, dass Cover-Dateien automatisch nach ArchivistaDMS als Titel-Bild importiert werden.<\/p>\n<p><a href=\"https:\/\/archivista.ch\/cms\/wp-content\/uploads\/2020\/11\/avaudio7.jpg\"><img loading=\"lazy\" decoding=\"async\" class=\"alignnone size-full wp-image-6712\" src=\"https:\/\/archivista.ch\/cms\/wp-content\/uploads\/2020\/11\/avaudio7.jpg\" alt=\"\" width=\"600\" height=\"338\" srcset=\"https:\/\/archivista.ch\/cms\/wp-content\/uploads\/2020\/11\/avaudio7.jpg 600w, https:\/\/archivista.ch\/cms\/wp-content\/uploads\/2020\/11\/avaudio7-300x169.jpg 300w\" sizes=\"auto, (max-width: 600px) 100vw, 600px\" \/><\/a><\/p>\n<h2>Medien-Archive optional neu ab ArchivistaBox Rigi<\/h2>\n<p>Bei den bisherigen ArchivistaBox-L\u00f6sungen sind die Festplatten zu klein bemessen, als dass Medien-Archive gepflegt werden k\u00f6nnten. Neu steht diese M\u00f6glichkeit allen Kunden zur Verf\u00fcgung, die \u00fcber minimal eine ArchivistaBox Rigi-Lizenz verf\u00fcgen. F\u00fcr einen Aufpreis k\u00f6nnen wahlweise 2, 4 oder 8 TByte (einfach, zweifach und\/oder redundant) ausgeliefert werden. Die &#8222;kleinste&#8220; L\u00f6sung mit 2 TByte startet dabei (exkl. MwSt) bei 990 Franken, die Variante mit 4 TByte (2 x 2) kostet aktuell 1090 Franken.<\/p>\n<p>Aktuell k\u00f6nnen diese Box-Systeme nicht im Online-Shop erworben werden. Trotz aller Leichtigkeit der ArchivistaBoxen sollte der Aufbau eines Medien-Archivs \u00fcberlegt erfolgen. Darum bieten wir gerne eine professionelle (und selbstverst\u00e4ndlich kostenfreie) Beratung an. Rufen Sie unter +41 44 350 05 60 an oder senden Sie eine Mail an <strong><a href=\"mailto:webmaster@archivista.ch\">webmaster@archivista.ch<\/a><\/strong> (idealerweise mit den Eckdaten der Anforderungen).<\/p>\n<p><a href=\"https:\/\/archivista.ch\/cms\/wp-content\/uploads\/2020\/11\/avmu\u00f6ltimedia2020xi.jpg\"><img loading=\"lazy\" decoding=\"async\" class=\"alignnone size-full wp-image-6748\" src=\"https:\/\/archivista.ch\/cms\/wp-content\/uploads\/2020\/11\/avmu\u00f6ltimedia2020xi.jpg\" alt=\"\" width=\"1920\" height=\"1080\" srcset=\"https:\/\/archivista.ch\/cms\/wp-content\/uploads\/2020\/11\/avmu\u00f6ltimedia2020xi.jpg 1920w, https:\/\/archivista.ch\/cms\/wp-content\/uploads\/2020\/11\/avmu\u00f6ltimedia2020xi-300x169.jpg 300w, https:\/\/archivista.ch\/cms\/wp-content\/uploads\/2020\/11\/avmu\u00f6ltimedia2020xi-768x432.jpg 768w, https:\/\/archivista.ch\/cms\/wp-content\/uploads\/2020\/11\/avmu\u00f6ltimedia2020xi-1024x576.jpg 1024w, https:\/\/archivista.ch\/cms\/wp-content\/uploads\/2020\/11\/avmu\u00f6ltimedia2020xi-600x338.jpg 600w, https:\/\/archivista.ch\/cms\/wp-content\/uploads\/2020\/11\/avmu\u00f6ltimedia2020xi-624x351.jpg 624w\" sizes=\"auto, (max-width: 1920px) 100vw, 1920px\" \/><\/a><\/p>\n<h2>Bonus: TV-Browser<\/h2>\n<p>Wer schon immer mal bequem und auch offline das gesamte TV-Programm durchst\u00f6bern wollte, der findet in TV-Browser eine extrem praktische Anwendung f\u00fcr genau diesen Zweck. An sich l\u00e4uft TV-Browser als Open Source sowohl auf Windows, Mac und Linux. Aber, die korrekte Konfiguration ist ziemlich umst\u00e4ndlich. Aus diesem Grunde wurde TV-Browser in das aktuelle Release aufgenommen.<\/p>\n<p><em>P.S: Das Tool <strong><a href=\"\/cms\/wp-content\/uploads\/2021\/07\/mp3tocd.zip\">mp3tocd<\/a> <\/strong>ist Open Source (GPLv2) und kann hier frei bezogen werden. F\u00fcr die Arbeit ist eine Perl-Umgebung notwendig. Das Tool ist Bestandteil jeder ArchivistaBox-Instanz, l\u00e4uft aber auch auf jedem AVMultimedia-Desktop.<\/em><\/p>\n<p><em><strong>P.S II: Update vom Juni 2025:<\/strong> Die exportierten Playlists f\u00fchrten die L\u00e4nge der Songs neu an 13 Position (bisher 9). Das Programm <a href=\"https:\/\/archivista.ch\/cms\/wp-content\/uploads\/2025\/06\/mp3tocd-2025.zip\"><strong>mp3tocd (Version 2025)<\/strong><\/a> wurde daher entsprechend angepasst:<\/em><\/p>\n\n\n\n\t<div class=\"dkpdf-button-container\" style=\"            text-align:right \">\n\n\t\t<a class=\"dkpdf-button\" href=\"\/cms\/wp-json\/wp\/v2\/pages\/6688?pdf=6688\" target=\"_blank\"><span class=\"dkpdf-button-icon\"><i class=\"fa fa-file-pdf-o\"><\/i><\/span> PDF Button<\/a>\n\n\t<\/div>\n\n\n\n\n\n","protected":false},"excerpt":{"rendered":"<p>Musik-Archivierung im Online-Zeitalter Egg, 16. November 2020: Schon wieder ein Blog? Keine Bange, der nahe Zeitabstand zum letzten Beitrag ergibt sich aus dem Thema Multimedia. Das Thema Audio h\u00e4tte den letzten Blog einfach gesprengt, und darum soll dies eine Woche sp\u00e4ter nachgeholt werden. Streamen statt CD-Sammlung Die gute alte CD-Sammlung hat in vielen Haushalten ausgedient. [&hellip;]<\/p>\n","protected":false},"author":1,"featured_media":0,"parent":6768,"menu_order":156,"comment_status":"closed","ping_status":"closed","template":"","meta":{"_acf_changed":false,"footnotes":""},"class_list":["post-6688","page","type-page","status-publish","hentry"],"acf":[],"_links":{"self":[{"href":"https:\/\/archivista.ch\/cms\/wp-json\/wp\/v2\/pages\/6688","targetHints":{"allow":["GET"]}}],"collection":[{"href":"https:\/\/archivista.ch\/cms\/wp-json\/wp\/v2\/pages"}],"about":[{"href":"https:\/\/archivista.ch\/cms\/wp-json\/wp\/v2\/types\/page"}],"author":[{"embeddable":true,"href":"https:\/\/archivista.ch\/cms\/wp-json\/wp\/v2\/users\/1"}],"replies":[{"embeddable":true,"href":"https:\/\/archivista.ch\/cms\/wp-json\/wp\/v2\/comments?post=6688"}],"version-history":[{"count":32,"href":"https:\/\/archivista.ch\/cms\/wp-json\/wp\/v2\/pages\/6688\/revisions"}],"predecessor-version":[{"id":11177,"href":"https:\/\/archivista.ch\/cms\/wp-json\/wp\/v2\/pages\/6688\/revisions\/11177"}],"up":[{"embeddable":true,"href":"https:\/\/archivista.ch\/cms\/wp-json\/wp\/v2\/pages\/6768"}],"wp:attachment":[{"href":"https:\/\/archivista.ch\/cms\/wp-json\/wp\/v2\/media?parent=6688"}],"curies":[{"name":"wp","href":"https:\/\/api.w.org\/{rel}","templated":true}]}}