{"id":9156,"date":"2021-08-11T18:48:46","date_gmt":"2021-08-11T16:48:46","guid":{"rendered":"https:\/\/archivista.ch\/cms\/?page_id=9156"},"modified":"2021-12-17T00:20:49","modified_gmt":"2021-12-16T23:20:49","slug":"2021-viii-filme-beschlagworten","status":"publish","type":"page","link":"https:\/\/archivista.ch\/cms\/de\/aktuell-blog\/blogs-2021\/2021-viii-filme-beschlagworten\/","title":{"rendered":"2021\/VIII: Filme beschlagworten"},"content":{"rendered":"<h1>Integration der Open Media Database (OMDB.org)<\/h1>\n<p><em><strong>Egg, 11. August 2021:<\/strong> Das manuelle Beschlagworten von aufgezeichneten Filmen war bislang ziemlich zeitaufw\u00e4ndig. Mit der Integration der Daten aus omdb.org ist es neu m\u00f6glich, diesen Job massiv zu vereinfachen.<\/em><\/p>\n<p><a href=\"https:\/\/archivista.ch\/cms\/wp-content\/uploads\/2021\/08\/webdms.jpg\"><img loading=\"lazy\" decoding=\"async\" class=\"alignnone wp-image-9162 size-large\" src=\"https:\/\/archivista.ch\/cms\/wp-content\/uploads\/2021\/08\/webdms-1024x576.jpg\" alt=\"\" width=\"625\" height=\"352\" srcset=\"https:\/\/archivista.ch\/cms\/wp-content\/uploads\/2021\/08\/webdms-1024x576.jpg 1024w, https:\/\/archivista.ch\/cms\/wp-content\/uploads\/2021\/08\/webdms-300x169.jpg 300w, https:\/\/archivista.ch\/cms\/wp-content\/uploads\/2021\/08\/webdms-768x432.jpg 768w, https:\/\/archivista.ch\/cms\/wp-content\/uploads\/2021\/08\/webdms-600x338.jpg 600w, https:\/\/archivista.ch\/cms\/wp-content\/uploads\/2021\/08\/webdms-1536x864.jpg 1536w, https:\/\/archivista.ch\/cms\/wp-content\/uploads\/2021\/08\/webdms-624x351.jpg 624w, https:\/\/archivista.ch\/cms\/wp-content\/uploads\/2021\/08\/webdms.jpg 1920w\" sizes=\"auto, (max-width: 625px) 100vw, 625px\" \/><\/a><\/p>\n<h2>Metadaten zu Filmen im Internet<\/h2>\n<p>Gerade diesen Sommer werden bzw. wurden viele Spielfilme am Fernsehen ausgestrahlt, die bequem den Weg in das private Medienarchiv des Gesch\u00e4ftf\u00fchrers fanden. Mit der Zeit allerdings machte sich Ern\u00fcchterung breit. Einmal brauchte es relativ viel Zeit, um f\u00fcr jeden Film in einer externen Quelle (meist wikipedia.org) die passenden Schlagworte zu einem Film herauszusuchen, weiter stellte sich aber auch heraus, dass z.B. das Suchen nach Mitwirkenden in einem Film (Regie, Darsteller etc) doch sehr w\u00fcnschenswert w\u00e4re.<\/p>\n<p>Im Internet gibt es dazu einige Ans\u00e4tze. Am bekanntesten sind wohl die Homepages <strong><a href=\"https:\/\/tmdb.org\">tmdb.org<\/a><\/strong> und <strong><a href=\"https:\/\/imdb.com\">imdb.com.<\/a><\/strong> Bei beiden Portalen finden sich gute Inhaltsangaben zu fast allen Spielfilmen und Serien. Die Datenbest\u00e4nde werden dabei \u00fcberwiegend von Freiwilligen gepflegt. Daher sollte eigentlich davon ausgegangen werden, dass die Daten frei genutzt werden k\u00f6nnen. Dem ist allerdings nicht so.<\/p>\n<p>Bei <strong><a href=\"https:\/\/imdb.com\">imdb.com<\/a><\/strong> d\u00fcrfen die Daten nur zu nicht kommerziellen Zwecken verwendet werden und bei <strong><a href=\"https:\/\/thmd.org\">thmd.org<\/a><\/strong> gibt es zwar ein API (Schnittstelle f\u00fcr den automatisierten Zugriff auf die Daten), doch ehe die Daten genutzt werden d\u00fcrfen, muss eine Registrierung erfolgen, um anhand eines Schl\u00fcssels Zugriff zu erhalten. Bei den <strong><a href=\"https:\/\/www.themoviedb.org\/faq\/general\">FAQs<\/a><\/strong> steht, dass 2008 der Start mit ca. 10&#8217;000 Titel aus <strong><a href=\"https:\/\/omdb.org\">omdb.org<\/a><\/strong> erfolgte.<\/p>\n<h2>Integration der Daten aus <a href=\"https:\/\/omdb.org\">omdb.org<\/a><\/h2>\n<p>Im Unterschied zu den anderen beiden Kandidaten k\u00f6nnen die Daten von <strong><a href=\"https:\/\/omdb.org\">omdb.org<\/a><\/strong> frei genutzt werden. Allerdings gibt es kein API-Interface. Vielmehr m\u00fcssen die Daten als &#8218;csv&#8216;-Dateien bezogen werden. Dazu gibt es in der ArchivistaBox 2021\/VIII in WebConfig unter &#8218;Jobs verwalten&#8216; die neue Option &#8218;Filmdatenbank (OMDB) erstellen&#8216;. Mit diesem Job kann eine lokale Instanz der OMDB-Daten erstellt werden.<\/p>\n<p>Um die OMDB-Daten einer Archivista-Datenbank zur Verf\u00fcgung zu stellen, muss das Feld &#8218;omdbID&#8216; hinzugef\u00fcgt werden. Optional k\u00f6nnen die Felder &#8218;omdbArtists&#8216;, &#8218;omdbCategories&#8216;, &#8218;omdbCountries&#8216; und &#8218;omdbRating&#8216; eingerichtet werden.<\/p>\n<h2>Beschlagwortung im Video-Player<\/h2>\n<p>Um nun Filme beschlagworten zu k\u00f6nnen, ist der Video-Player der Archivista-Datenbank aufzurufen.<\/p>\n<p><a href=\"https:\/\/archivista.ch\/cms\/wp-content\/uploads\/2021\/08\/omdb1.jpg\"><img loading=\"lazy\" decoding=\"async\" class=\"alignnone size-full wp-image-9160\" src=\"https:\/\/archivista.ch\/cms\/wp-content\/uploads\/2021\/08\/omdb1.jpg\" alt=\"\" width=\"1281\" height=\"400\" srcset=\"https:\/\/archivista.ch\/cms\/wp-content\/uploads\/2021\/08\/omdb1.jpg 1281w, https:\/\/archivista.ch\/cms\/wp-content\/uploads\/2021\/08\/omdb1-300x94.jpg 300w, https:\/\/archivista.ch\/cms\/wp-content\/uploads\/2021\/08\/omdb1-1024x320.jpg 1024w, https:\/\/archivista.ch\/cms\/wp-content\/uploads\/2021\/08\/omdb1-768x240.jpg 768w, https:\/\/archivista.ch\/cms\/wp-content\/uploads\/2021\/08\/omdb1-600x187.jpg 600w, https:\/\/archivista.ch\/cms\/wp-content\/uploads\/2021\/08\/omdb1-624x195.jpg 624w\" sizes=\"auto, (max-width: 1281px) 100vw, 1281px\" \/><\/a><\/p>\n<p>Bei noch nicht beschlagworteten Filmen erscheinen m\u00f6glichst passende Filme direkt zur Auswahl. Das entsprechende H\u00e4kchen ist zu setzen und die Beschlagwortung ist mit &#8218;Absenden&#8216; zu best\u00e4tigen. Damit ist der Film korrekt erfasst. Anstelle einer Auswahlliste erfolgt nur noch der exakte Eintrag passend zum Film.<\/p>\n<p><a href=\"https:\/\/archivista.ch\/cms\/wp-content\/uploads\/2021\/08\/omdb2.jpg\"><img loading=\"lazy\" decoding=\"async\" class=\"alignnone size-full wp-image-9159\" src=\"https:\/\/archivista.ch\/cms\/wp-content\/uploads\/2021\/08\/omdb2.jpg\" alt=\"\" width=\"1315\" height=\"373\" srcset=\"https:\/\/archivista.ch\/cms\/wp-content\/uploads\/2021\/08\/omdb2.jpg 1315w, https:\/\/archivista.ch\/cms\/wp-content\/uploads\/2021\/08\/omdb2-300x85.jpg 300w, https:\/\/archivista.ch\/cms\/wp-content\/uploads\/2021\/08\/omdb2-1024x290.jpg 1024w, https:\/\/archivista.ch\/cms\/wp-content\/uploads\/2021\/08\/omdb2-768x218.jpg 768w, https:\/\/archivista.ch\/cms\/wp-content\/uploads\/2021\/08\/omdb2-600x170.jpg 600w, https:\/\/archivista.ch\/cms\/wp-content\/uploads\/2021\/08\/omdb2-624x177.jpg 624w\" sizes=\"auto, (max-width: 1315px) 100vw, 1315px\" \/><\/a><\/p>\n<p>Neu in der Version 2021\/VIII ist zudem, dass die Navigation zwischen den Filmen direkt im Video-Player erfolgen kann. Ebenfalls m\u00f6glich ist es, im Video-Player sowohl nach weiteren Filmen oder auch Personen zu suchen.<\/p>\n<p><a href=\"https:\/\/archivista.ch\/cms\/wp-content\/uploads\/2021\/08\/omdb3.jpg\"><img loading=\"lazy\" decoding=\"async\" class=\"alignnone size-full wp-image-9158\" src=\"https:\/\/archivista.ch\/cms\/wp-content\/uploads\/2021\/08\/omdb3.jpg\" alt=\"\" width=\"1261\" height=\"357\" srcset=\"https:\/\/archivista.ch\/cms\/wp-content\/uploads\/2021\/08\/omdb3.jpg 1261w, https:\/\/archivista.ch\/cms\/wp-content\/uploads\/2021\/08\/omdb3-300x85.jpg 300w, https:\/\/archivista.ch\/cms\/wp-content\/uploads\/2021\/08\/omdb3-1024x290.jpg 1024w, https:\/\/archivista.ch\/cms\/wp-content\/uploads\/2021\/08\/omdb3-768x217.jpg 768w, https:\/\/archivista.ch\/cms\/wp-content\/uploads\/2021\/08\/omdb3-600x170.jpg 600w, https:\/\/archivista.ch\/cms\/wp-content\/uploads\/2021\/08\/omdb3-624x177.jpg 624w\" sizes=\"auto, (max-width: 1261px) 100vw, 1261px\" \/><\/a><\/p>\n<p>Nach dem Klicken auf &#8218;Absenden&#8216; erfolgt eine Liste der passenden Treffer.<\/p>\n<p><a href=\"https:\/\/archivista.ch\/cms\/wp-content\/uploads\/2021\/08\/omdb4.jpg\"><img loading=\"lazy\" decoding=\"async\" class=\"alignnone size-full wp-image-9157\" src=\"https:\/\/archivista.ch\/cms\/wp-content\/uploads\/2021\/08\/omdb4.jpg\" alt=\"\" width=\"1305\" height=\"504\" srcset=\"https:\/\/archivista.ch\/cms\/wp-content\/uploads\/2021\/08\/omdb4.jpg 1305w, https:\/\/archivista.ch\/cms\/wp-content\/uploads\/2021\/08\/omdb4-300x116.jpg 300w, https:\/\/archivista.ch\/cms\/wp-content\/uploads\/2021\/08\/omdb4-1024x395.jpg 1024w, https:\/\/archivista.ch\/cms\/wp-content\/uploads\/2021\/08\/omdb4-768x297.jpg 768w, https:\/\/archivista.ch\/cms\/wp-content\/uploads\/2021\/08\/omdb4-600x232.jpg 600w, https:\/\/archivista.ch\/cms\/wp-content\/uploads\/2021\/08\/omdb4-624x241.jpg 624w\" sizes=\"auto, (max-width: 1305px) 100vw, 1305px\" \/><\/a><\/p>\n<p>Bei Filmen, die bereits im lokalen Archiv vorhanden sind, wird die passende Aktennummer ebenfalls dargestellt.<\/p>\n<h2>Lange Feldwerte und mehr<\/h2>\n<p>Mit der Version 2021\/VIII werden \u00fcberlange Felder bei der Ansicht nicht mehr \u00fcberlappend \u00fcber die nachfolgenden Felder dargestellt, sondern einfach rechts abgeschnitten. Der gesamte Inhalt kann neu entweder durch Klicken auf den Feldnamen oder mit dem &#8218;\u00dcberfahren&#8216; des Feldes mit der Maus aktiviert werden.<\/p>\n<p><a href=\"https:\/\/archivista.ch\/cms\/wp-content\/uploads\/2021\/08\/longfields.jpg\"><img loading=\"lazy\" decoding=\"async\" class=\"alignnone size-full wp-image-9161\" src=\"https:\/\/archivista.ch\/cms\/wp-content\/uploads\/2021\/08\/longfields.jpg\" alt=\"\" width=\"1173\" height=\"709\" srcset=\"https:\/\/archivista.ch\/cms\/wp-content\/uploads\/2021\/08\/longfields.jpg 1173w, https:\/\/archivista.ch\/cms\/wp-content\/uploads\/2021\/08\/longfields-300x181.jpg 300w, https:\/\/archivista.ch\/cms\/wp-content\/uploads\/2021\/08\/longfields-1024x619.jpg 1024w, https:\/\/archivista.ch\/cms\/wp-content\/uploads\/2021\/08\/longfields-768x464.jpg 768w, https:\/\/archivista.ch\/cms\/wp-content\/uploads\/2021\/08\/longfields-600x363.jpg 600w, https:\/\/archivista.ch\/cms\/wp-content\/uploads\/2021\/08\/longfields-624x377.jpg 624w\" sizes=\"auto, (max-width: 1173px) 100vw, 1173px\" \/><\/a><\/p>\n<p>Gerade bei Smartphones ist damit eine weitaus einfache Navigation m\u00f6glich als bisher. Ebenfalls verfeinert wurde die Darstellung der Feldbreiten. Und zu guter Letzt sei noch angemerkt, dass die ArchivistaBox aufgrund eines schwerwiegenden Bugs im Linux-Kernel mit neuen Versionen ausgeliefert wird.<\/p>\n\n\n\n\t<div class=\"dkpdf-button-container\" style=\"            text-align:right \">\n\n\t\t<a class=\"dkpdf-button\" href=\"\/cms\/wp-json\/wp\/v2\/pages\/9156?pdf=9156\" target=\"_blank\"><span class=\"dkpdf-button-icon\"><i class=\"fa fa-file-pdf-o\"><\/i><\/span> PDF Button<\/a>\n\n\t<\/div>\n\n\n\n\n\n","protected":false},"excerpt":{"rendered":"<p>Integration der Open Media Database (OMDB.org) Egg, 11. August 2021: Das manuelle Beschlagworten von aufgezeichneten Filmen war bislang ziemlich zeitaufw\u00e4ndig. Mit der Integration der Daten aus omdb.org ist es neu m\u00f6glich, diesen Job massiv zu vereinfachen. Metadaten zu Filmen im Internet Gerade diesen Sommer werden bzw. wurden viele Spielfilme am Fernsehen ausgestrahlt, die bequem den [&hellip;]<\/p>\n","protected":false},"author":1,"featured_media":0,"parent":9255,"menu_order":75,"comment_status":"closed","ping_status":"closed","template":"","meta":{"_acf_changed":false,"footnotes":""},"class_list":["post-9156","page","type-page","status-publish","hentry"],"acf":[],"_links":{"self":[{"href":"https:\/\/archivista.ch\/cms\/wp-json\/wp\/v2\/pages\/9156","targetHints":{"allow":["GET"]}}],"collection":[{"href":"https:\/\/archivista.ch\/cms\/wp-json\/wp\/v2\/pages"}],"about":[{"href":"https:\/\/archivista.ch\/cms\/wp-json\/wp\/v2\/types\/page"}],"author":[{"embeddable":true,"href":"https:\/\/archivista.ch\/cms\/wp-json\/wp\/v2\/users\/1"}],"replies":[{"embeddable":true,"href":"https:\/\/archivista.ch\/cms\/wp-json\/wp\/v2\/comments?post=9156"}],"version-history":[{"count":7,"href":"https:\/\/archivista.ch\/cms\/wp-json\/wp\/v2\/pages\/9156\/revisions"}],"predecessor-version":[{"id":9178,"href":"https:\/\/archivista.ch\/cms\/wp-json\/wp\/v2\/pages\/9156\/revisions\/9178"}],"up":[{"embeddable":true,"href":"https:\/\/archivista.ch\/cms\/wp-json\/wp\/v2\/pages\/9255"}],"wp:attachment":[{"href":"https:\/\/archivista.ch\/cms\/wp-json\/wp\/v2\/media?parent=9156"}],"curies":[{"name":"wp","href":"https:\/\/api.w.org\/{rel}","templated":true}]}}