{"id":9467,"date":"2022-08-23T17:22:03","date_gmt":"2022-08-23T15:22:03","guid":{"rendered":"https:\/\/archivista.ch\/cms\/?page_id=9467"},"modified":"2023-01-10T01:19:10","modified_gmt":"2023-01-10T00:19:10","slug":"euro-zu-franken","status":"publish","type":"page","link":"https:\/\/archivista.ch\/cms\/de\/aktuell-blog\/blogs-2022\/euro-zu-franken\/","title":{"rendered":"Euro zu Franken"},"content":{"rendered":"<h1>R\u00fcckblick auf Einf\u00fchrung, Hoch und Abstieg zur Parit\u00e4t<\/h1>\n<p><em><strong>Egg, 23. August 2022:<\/strong> Der heutige Blog-Eintrag d\u00fcrfte als einer der k\u00fcrzesten Beitr\u00e4ge in die Geschichte unserer Firma eingehen. Zwei oder drei S\u00e4tze zum neu verwendeten Wechselkurs zwischen dem Euro und dem Schweizer Franken sollen aber doch angef\u00fcgt werden, auch wenn neu einfach die Parit\u00e4t von 1 zu 1 zur Anwendung gelangt.<br \/>\n<\/em><\/p>\n<p><a href=\"https:\/\/archivista.ch\/cms\/wp-content\/uploads\/2022\/08\/gotthard.jpg\"><img loading=\"lazy\" decoding=\"async\" class=\"alignnone size-full wp-image-9469\" src=\"https:\/\/archivista.ch\/cms\/wp-content\/uploads\/2022\/08\/gotthard.jpg\" alt=\"\" width=\"1280\" height=\"720\" srcset=\"https:\/\/archivista.ch\/cms\/wp-content\/uploads\/2022\/08\/gotthard.jpg 1280w, https:\/\/archivista.ch\/cms\/wp-content\/uploads\/2022\/08\/gotthard-300x169.jpg 300w, https:\/\/archivista.ch\/cms\/wp-content\/uploads\/2022\/08\/gotthard-1024x576.jpg 1024w, https:\/\/archivista.ch\/cms\/wp-content\/uploads\/2022\/08\/gotthard-768x432.jpg 768w, https:\/\/archivista.ch\/cms\/wp-content\/uploads\/2022\/08\/gotthard-600x338.jpg 600w, https:\/\/archivista.ch\/cms\/wp-content\/uploads\/2022\/08\/gotthard-624x351.jpg 624w\" sizes=\"auto, (max-width: 1280px) 100vw, 1280px\" \/><\/a><\/p>\n<h2>Kleine Eurogeschichte anhand unserer Preise<\/h2>\n<p>Ein Blick in die firmeneigene Datenbank zeigt, zum ersten Mal taucht der Euro am 8. Juni 1998 auf. Die Postfinance k\u00fcndigt an, dass per 1.1.1999 der Euro eingef\u00fchrt w\u00fcrde und dass es neu auch Euro-Konten gebe. Mitte 1999 wurde der Euro (neben den DM) auch auf unserer Preisliste aufgef\u00fchrt.<\/p>\n<p><a href=\"https:\/\/archivista.ch\/cms\/wp-content\/uploads\/2022\/08\/preisechfdmeuro1999.jpg\"><img loading=\"lazy\" decoding=\"async\" class=\"alignnone size-full wp-image-9468\" src=\"https:\/\/archivista.ch\/cms\/wp-content\/uploads\/2022\/08\/preisechfdmeuro1999.jpg\" alt=\"\" width=\"1371\" height=\"915\" srcset=\"https:\/\/archivista.ch\/cms\/wp-content\/uploads\/2022\/08\/preisechfdmeuro1999.jpg 1371w, https:\/\/archivista.ch\/cms\/wp-content\/uploads\/2022\/08\/preisechfdmeuro1999-300x200.jpg 300w, https:\/\/archivista.ch\/cms\/wp-content\/uploads\/2022\/08\/preisechfdmeuro1999-1024x683.jpg 1024w, https:\/\/archivista.ch\/cms\/wp-content\/uploads\/2022\/08\/preisechfdmeuro1999-768x513.jpg 768w, https:\/\/archivista.ch\/cms\/wp-content\/uploads\/2022\/08\/preisechfdmeuro1999-600x400.jpg 600w, https:\/\/archivista.ch\/cms\/wp-content\/uploads\/2022\/08\/preisechfdmeuro1999-624x416.jpg 624w\" sizes=\"auto, (max-width: 1371px) 100vw, 1371px\" \/><\/a><\/p>\n<p>Nebenbei erw\u00e4hnt sei, die Preise in Schweizer Franken wurden zwischen 1998 und 2022 eher reduziert, die Einstiegsversion kostet heute 90 Franken\/Euro, dies mit der Texterkennung. Damals waren es (OCR-Option) 199.80. Die ersten Euro-Buchungen finden sich aus dem Jahre 2000.<\/p>\n<h2>Kurzes Euro-Hoch mit stetigem Abstieg zur (Unter-)Parit\u00e4t<\/h2>\n<p>Zwischenzeitlich (2005-2007) notierte der Euro gegen\u00fcber dem Schweizer Franken bei ca. 1.70. Dokumentiert ist ferner, dass der Wechselkurs Euro zu CHF im Jahre 2010 von 1.50 auf 1.40 angepasst wurde, dazu <strong><a href=\"https:\/\/archivista.ch\/cms\/de\/aktuell-blog\/blogs-2010\/euro-und-scanning\/\">https:\/\/archivista.ch\/cms\/de\/aktuell-blog\/blogs-2010\/euro-und-scanning.\u00a0<\/a><\/strong>Letzmals angepasst wurde der Kurs auf 1.1 im Mai 2015, dazu <strong><a href=\"https:\/\/archivista.ch\/cms\/de\/aktuell-blog\/blogs-2015\/version-2015v\/\">https:\/\/archivista.ch\/cms\/de\/aktuell-blog\/blogs-2015\/version-2015v.<\/a><\/strong><\/p>\n<p>Per sofort werden die Preise nun 1 zu 1 gef\u00fchrt, auch wenn der Euro-Kurs aktuell noch bei 0.96 Franken notiert. An dieser Stelle sei zudem noch kurz angef\u00fchrt, wie der Wechselkurs bei unseren Produkten festgelegt wird. Grunds\u00e4tzlich werden nur 0.1-Euro-Schritte kalkuliert. Dabei versuchen wir den Wechselkurs m\u00f6glichst lange gleich zu belassen. Konkret w\u00fcrde der Euro-Kurs auf 0.9 gesetzt, sofern der Euro auf unter 0.91 zum Schweizer Franken fallen w\u00fcrde. Auf der anderen Seite w\u00fcrde der Euro erst dann wieder auf 1.1 gesetzt, wenn der Euro bei 1.09 notieren wird.<\/p>\n\n\n\n\t<div class=\"dkpdf-button-container\" style=\"            text-align:right \">\n\n\t\t<a class=\"dkpdf-button\" href=\"\/cms\/wp-json\/wp\/v2\/pages\/9467?pdf=9467\" target=\"_blank\"><span class=\"dkpdf-button-icon\"><i class=\"fa fa-file-pdf-o\"><\/i><\/span> PDF Button<\/a>\n\n\t<\/div>\n\n\n\n\n\n","protected":false},"excerpt":{"rendered":"<p>R\u00fcckblick auf Einf\u00fchrung, Hoch und Abstieg zur Parit\u00e4t Egg, 23. August 2022: Der heutige Blog-Eintrag d\u00fcrfte als einer der k\u00fcrzesten Beitr\u00e4ge in die Geschichte unserer Firma eingehen. Zwei oder drei S\u00e4tze zum neu verwendeten Wechselkurs zwischen dem Euro und dem Schweizer Franken sollen aber doch angef\u00fcgt werden, auch wenn neu einfach die Parit\u00e4t von 1 [&hellip;]<\/p>\n","protected":false},"author":1,"featured_media":0,"parent":9616,"menu_order":64,"comment_status":"closed","ping_status":"closed","template":"","meta":{"_acf_changed":false,"footnotes":""},"class_list":["post-9467","page","type-page","status-publish","hentry"],"acf":[],"_links":{"self":[{"href":"https:\/\/archivista.ch\/cms\/wp-json\/wp\/v2\/pages\/9467","targetHints":{"allow":["GET"]}}],"collection":[{"href":"https:\/\/archivista.ch\/cms\/wp-json\/wp\/v2\/pages"}],"about":[{"href":"https:\/\/archivista.ch\/cms\/wp-json\/wp\/v2\/types\/page"}],"author":[{"embeddable":true,"href":"https:\/\/archivista.ch\/cms\/wp-json\/wp\/v2\/users\/1"}],"replies":[{"embeddable":true,"href":"https:\/\/archivista.ch\/cms\/wp-json\/wp\/v2\/comments?post=9467"}],"version-history":[{"count":3,"href":"https:\/\/archivista.ch\/cms\/wp-json\/wp\/v2\/pages\/9467\/revisions"}],"predecessor-version":[{"id":9472,"href":"https:\/\/archivista.ch\/cms\/wp-json\/wp\/v2\/pages\/9467\/revisions\/9472"}],"up":[{"embeddable":true,"href":"https:\/\/archivista.ch\/cms\/wp-json\/wp\/v2\/pages\/9616"}],"wp:attachment":[{"href":"https:\/\/archivista.ch\/cms\/wp-json\/wp\/v2\/media?parent=9467"}],"curies":[{"name":"wp","href":"https:\/\/api.w.org\/{rel}","templated":true}]}}

<h1>Rückblick auf Einführung, Hoch und Abstieg zur Parität</h1>
<p><em><strong>Egg, 23. August 2022:</strong> Der heutige Blog-Eintrag dürfte als einer der kürzesten Beiträge in die Geschichte unserer Firma eingehen. Zwei oder drei Sätze zum neu verwendeten Wechselkurs zwischen dem Euro und dem Schweizer Franken sollen aber doch angefügt werden, auch wenn neu einfach die Parität von 1 zu 1 zur Anwendung gelangt.<br />
</em></p>
<p><a href="https://archivista.ch/cms/wp-content/uploads/2022/08/gotthard.jpg"><img loading="lazy" decoding="async" class="alignnone size-full wp-image-9469" src="https://archivista.ch/cms/wp-content/uploads/2022/08/gotthard.jpg" alt="" width="1280" height="720" srcset="https://archivista.ch/cms/wp-content/uploads/2022/08/gotthard.jpg 1280w, https://archivista.ch/cms/wp-content/uploads/2022/08/gotthard-300x169.jpg 300w, https://archivista.ch/cms/wp-content/uploads/2022/08/gotthard-1024x576.jpg 1024w, https://archivista.ch/cms/wp-content/uploads/2022/08/gotthard-768x432.jpg 768w, https://archivista.ch/cms/wp-content/uploads/2022/08/gotthard-600x338.jpg 600w, https://archivista.ch/cms/wp-content/uploads/2022/08/gotthard-624x351.jpg 624w" sizes="auto, (max-width: 1280px) 100vw, 1280px" /></a></p>
<h2>Kleine Eurogeschichte anhand unserer Preise</h2>
<p>Ein Blick in die firmeneigene Datenbank zeigt, zum ersten Mal taucht der Euro am 8. Juni 1998 auf. Die Postfinance kündigt an, dass per 1.1.1999 der Euro eingeführt würde und dass es neu auch Euro-Konten gebe. Mitte 1999 wurde der Euro (neben den DM) auch auf unserer Preisliste aufgeführt.</p>
<p><a href="https://archivista.ch/cms/wp-content/uploads/2022/08/preisechfdmeuro1999.jpg"><img loading="lazy" decoding="async" class="alignnone size-full wp-image-9468" src="https://archivista.ch/cms/wp-content/uploads/2022/08/preisechfdmeuro1999.jpg" alt="" width="1371" height="915" srcset="https://archivista.ch/cms/wp-content/uploads/2022/08/preisechfdmeuro1999.jpg 1371w, https://archivista.ch/cms/wp-content/uploads/2022/08/preisechfdmeuro1999-300x200.jpg 300w, https://archivista.ch/cms/wp-content/uploads/2022/08/preisechfdmeuro1999-1024x683.jpg 1024w, https://archivista.ch/cms/wp-content/uploads/2022/08/preisechfdmeuro1999-768x513.jpg 768w, https://archivista.ch/cms/wp-content/uploads/2022/08/preisechfdmeuro1999-600x400.jpg 600w, https://archivista.ch/cms/wp-content/uploads/2022/08/preisechfdmeuro1999-624x416.jpg 624w" sizes="auto, (max-width: 1371px) 100vw, 1371px" /></a></p>
<p>Nebenbei erwähnt sei, die Preise in Schweizer Franken wurden zwischen 1998 und 2022 eher reduziert, die Einstiegsversion kostet heute 90 Franken/Euro, dies mit der Texterkennung. Damals waren es (OCR-Option) 199.80. Die ersten Euro-Buchungen finden sich aus dem Jahre 2000.</p>
<h2>Kurzes Euro-Hoch mit stetigem Abstieg zur (Unter-)Parität</h2>
<p>Zwischenzeitlich (2005-2007) notierte der Euro gegenüber dem Schweizer Franken bei ca. 1.70. Dokumentiert ist ferner, dass der Wechselkurs Euro zu CHF im Jahre 2010 von 1.50 auf 1.40 angepasst wurde, dazu <strong><a href="https://archivista.ch/cms/de/aktuell-blog/blogs-2010/euro-und-scanning/">https://archivista.ch/cms/de/aktuell-blog/blogs-2010/euro-und-scanning. </a></strong>Letzmals angepasst wurde der Kurs auf 1.1 im Mai 2015, dazu <strong><a href="https://archivista.ch/cms/de/aktuell-blog/blogs-2015/version-2015v/">https://archivista.ch/cms/de/aktuell-blog/blogs-2015/version-2015v.</a></strong></p>
<p>Per sofort werden die Preise nun 1 zu 1 geführt, auch wenn der Euro-Kurs aktuell noch bei 0.96 Franken notiert. An dieser Stelle sei zudem noch kurz angeführt, wie der Wechselkurs bei unseren Produkten festgelegt wird. Grundsätzlich werden nur 0.1-Euro-Schritte kalkuliert. Dabei versuchen wir den Wechselkurs möglichst lange gleich zu belassen. Konkret würde der Euro-Kurs auf 0.9 gesetzt, sofern der Euro auf unter 0.91 zum Schweizer Franken fallen würde. Auf der anderen Seite würde der Euro erst dann wieder auf 1.1 gesetzt, wenn der Euro bei 1.09 notieren wird.</p>



	<div class="dkpdf-button-container" style="            text-align:right ">

		<a class="dkpdf-button" href="/cms/wp-json/wp/v2/pages/9467?pdf=9467" target="_blank"><span class="dkpdf-button-icon"><i class="fa fa-file-pdf-o"></i></span> PDF Button</a>

	</div>

<p>Rückblick auf Einführung, Hoch und Abstieg zur Parität Egg, 23. August 2022: Der heutige Blog-Eintrag dürfte als einer der kürzesten Beiträge in die Geschichte unserer Firma eingehen. Zwei oder drei Sätze zum neu verwendeten Wechselkurs zwischen dem Euro und dem Schweizer Franken sollen aber doch angefügt werden, auch wenn neu einfach die Parität von 1 [&hellip;]</p>
