{"id":9477,"date":"2022-09-07T13:26:00","date_gmt":"2022-09-07T11:26:00","guid":{"rendered":"https:\/\/archivista.ch\/cms\/?page_id=9477"},"modified":"2023-01-10T01:19:15","modified_gmt":"2023-01-10T00:19:15","slug":"2022-viii-und-neue-preise","status":"publish","type":"page","link":"https:\/\/archivista.ch\/cms\/de\/aktuell-blog\/blogs-2022\/2022-viii-und-neue-preise\/","title":{"rendered":"2022\/VIII und neue Preise"},"content":{"rendered":"<h1>Mehr Sicherheit und Anpassungen bei Konditionen<\/h1>\n<p><em><strong>Egg, 7. September 2022:<\/strong> Warum erfolgt erst im September das August-Release 2022\/VIII? Ganz einfach, weil viele Aspekte der Sicherheit \u00fcberpr\u00fcft und entsprechend verfeinert wurden. Dieser Prozess dauerte etwas l\u00e4nger, und darum kann das neue Release erst heute offiziell vorgestellt werden. Mit Stichdatum heute werden unsere Preise im Schnitt um ca. 5 Prozent angehoben. Zum Schluss des Beitrags gibt es einen Spartipp, mit dem die Stromkosten einer jeden ArchivistaBox oder AVMultimedia um ca. 50 Prozent gesenkt werden k\u00f6nnen.<br \/>\n<\/em><\/p>\n<p><a href=\"https:\/\/archivista.ch\/cms\/wp-content\/uploads\/2022\/09\/ticino3.jpg\"><img loading=\"lazy\" decoding=\"async\" class=\"alignnone size-full wp-image-9481\" src=\"https:\/\/archivista.ch\/cms\/wp-content\/uploads\/2022\/09\/ticino3.jpg\" alt=\"\" width=\"1920\" height=\"1080\" srcset=\"https:\/\/archivista.ch\/cms\/wp-content\/uploads\/2022\/09\/ticino3.jpg 1920w, https:\/\/archivista.ch\/cms\/wp-content\/uploads\/2022\/09\/ticino3-300x169.jpg 300w, https:\/\/archivista.ch\/cms\/wp-content\/uploads\/2022\/09\/ticino3-1024x576.jpg 1024w, https:\/\/archivista.ch\/cms\/wp-content\/uploads\/2022\/09\/ticino3-768x432.jpg 768w, https:\/\/archivista.ch\/cms\/wp-content\/uploads\/2022\/09\/ticino3-600x338.jpg 600w, https:\/\/archivista.ch\/cms\/wp-content\/uploads\/2022\/09\/ticino3-1536x864.jpg 1536w, https:\/\/archivista.ch\/cms\/wp-content\/uploads\/2022\/09\/ticino3-624x351.jpg 624w\" sizes=\"auto, (max-width: 1920px) 100vw, 1920px\" \/><\/a><\/p>\n<h2>Version 2022\/VIII mit viel Liebe zu Sicherheit<\/h2>\n<p>Nach dem Motto &#8218;Wer rastet, der rostet&#8216; werden Software-L\u00f6sungen gegenw\u00e4rtig in einer Geschwindigkeit weiterentwickelt, dass dabei oftmals die Liebe zum Detail, vor allem aber die Aspekte der Sicherheit zu kurz kommen. Aus diesem Grund wurde die ArchivistaBox die letzten beiden Monate quasi eingefroren. Anstelle von neue Funktionen, wurde die Software dort verbessert, wo mehr Finetuning viel Sinn ergibt. Zudem wurde der Linux-Unterbau mit den neusten stabilen Versionen ausgestattet.<\/p>\n<p>Gem\u00e4ss <strong><a href=\"https:\/\/stack.watch\/product\/linux\/linux-kernel\">https:\/\/stack.watch\/product\/linux\/linux-kernel<\/a><\/strong> gibt es im Linux-Kernel bis zum September 2022 bereits 178 Bugs, die beseitigt werden mussten. Wer jetzt meinte, mit Windows w\u00fcrde dies nicht passieren, dem darf entgegnet werden, dass bei Windows 11 gem\u00e4ss <strong><a href=\"https:\/\/stack.watch\/product\/microsoft\/windows-11\">https:\/\/stack.watch\/product\/microsoft\/windows-11<\/a><\/strong> f\u00fcr 2022 bislang 333 Bugs gemeldet sind. Nicht enthalten sind dabei Bugs auf tieferer Stufe (BIOS). Diese sogenannten UEFI-Bugs sind weit gef\u00e4hrlicher, weil bei Befall ein Austausch bzw. Neuinstallation der Software (Linux\/Windows) keine Abhilfe schafft. Der Bug liegt tiefer. Stellvertretend f\u00fcr viele ein <strong><a href=\"https:\/\/www.heise.de\/news\/Updates-notwendig-Sicherheitsluecken-im-UEFI-BIOS-erleichtern-Rootkitverankerung-6346108.html\">Beitrag von 2.2.22 (das Datum ist Programm -;) von heise.de.<\/a><\/strong><\/p>\n<p>Daher an dieser Stelle die dringende Empfehlung. Bitte Update auf 2022\/XIII beziehen und einspielen. Mit WebConfig ist der Vorgang sehr einfach.<\/p>\n<p><a href=\"https:\/\/archivista.ch\/cms\/wp-content\/uploads\/2022\/09\/ticino2.jpg\"><img loading=\"lazy\" decoding=\"async\" class=\"alignnone size-full wp-image-9482\" src=\"https:\/\/archivista.ch\/cms\/wp-content\/uploads\/2022\/09\/ticino2.jpg\" alt=\"\" width=\"1920\" height=\"1080\" srcset=\"https:\/\/archivista.ch\/cms\/wp-content\/uploads\/2022\/09\/ticino2.jpg 1920w, https:\/\/archivista.ch\/cms\/wp-content\/uploads\/2022\/09\/ticino2-300x169.jpg 300w, https:\/\/archivista.ch\/cms\/wp-content\/uploads\/2022\/09\/ticino2-1024x576.jpg 1024w, https:\/\/archivista.ch\/cms\/wp-content\/uploads\/2022\/09\/ticino2-768x432.jpg 768w, https:\/\/archivista.ch\/cms\/wp-content\/uploads\/2022\/09\/ticino2-600x338.jpg 600w, https:\/\/archivista.ch\/cms\/wp-content\/uploads\/2022\/09\/ticino2-1536x864.jpg 1536w, https:\/\/archivista.ch\/cms\/wp-content\/uploads\/2022\/09\/ticino2-624x351.jpg 624w\" sizes=\"auto, (max-width: 1920px) 100vw, 1920px\" \/><\/a><\/p>\n<h2>Angepasste Preise ab September 2022<\/h2>\n<p>Nat\u00fcrlich ist es nicht erfreulich, die Preise anheben zu m\u00fcssen. Trotzdem l\u00e4sst es sich in diesem Jahr (die letzte Preisanpassung datiert aus dem Jahr 2008) nicht vermeiden. Im Durchschnitt steigen die Preise unserer Dienstleistungen und Produkte um die 5 Prozent. Dabei gibt es zwei wichtige Ausnahmen: Erstens, die Preise steigen aktuell nicht bei den Modulen (z.B. Barcode-Erkennung) und zweitens werden die Wartungsvertr\u00e4ge aktuell nicht angepasst. Ob dies f\u00fcr das Jahr 2023 auch noch der Fall sein wird, kann Stand heute nicht abschliessend gesagt werden.<\/p>\n<p>Bis zum n\u00e4chsten Versand der Rechnungen werden bei Projekten und im Support noch die alten Preise verwendet. Im Web-Shop <strong><a href=\"http:\/\/shop.archivista.ch\">http:\/\/shop.archivista.ch<\/a><\/strong> finden sich bereits die neuen Preise. Bestellungen werden ab sofort mit den neuen Preisen verarbeitet. Auch hier gibt es die Ausnahme, dass ausgestellte Offerten ihre G\u00fcltigkeit behalten. Massgebend ist die auf der Offerte verzeichnete Ablauffrist (i.d.R. 30 Tage).<\/p>\n<p><a href=\"https:\/\/archivista.ch\/cms\/wp-content\/uploads\/2022\/09\/ticino1.jpg\"><img loading=\"lazy\" decoding=\"async\" class=\"alignnone size-full wp-image-9483\" src=\"https:\/\/archivista.ch\/cms\/wp-content\/uploads\/2022\/09\/ticino1.jpg\" alt=\"\" width=\"1920\" height=\"1080\" srcset=\"https:\/\/archivista.ch\/cms\/wp-content\/uploads\/2022\/09\/ticino1.jpg 1920w, https:\/\/archivista.ch\/cms\/wp-content\/uploads\/2022\/09\/ticino1-300x169.jpg 300w, https:\/\/archivista.ch\/cms\/wp-content\/uploads\/2022\/09\/ticino1-1024x576.jpg 1024w, https:\/\/archivista.ch\/cms\/wp-content\/uploads\/2022\/09\/ticino1-768x432.jpg 768w, https:\/\/archivista.ch\/cms\/wp-content\/uploads\/2022\/09\/ticino1-600x338.jpg 600w, https:\/\/archivista.ch\/cms\/wp-content\/uploads\/2022\/09\/ticino1-1536x864.jpg 1536w, https:\/\/archivista.ch\/cms\/wp-content\/uploads\/2022\/09\/ticino1-624x351.jpg 624w\" sizes=\"auto, (max-width: 1920px) 100vw, 1920px\" \/><\/a><\/p>\n<p>An dieser Stelle sei noch angef\u00fchrt, dass mit unseren ArchivistaBoxen ganz grunds\u00e4tzlich ein hohes Sparpotential besteht. Alleine dadurch, dass unsere L\u00f6sungen sehr energieeffizient laufen (die Scan-Box ben\u00f6tigt ca. 1-3 Watt), d\u00fcrfte bei im Schnitt ca. 30 Prozent h\u00f6heren Energiepreisen das Strom-Sparpotential h\u00f6her als die Preisanpassung bei unseren Produkten liegen. Dies einfach aus dem Grunde, dass wir bereits seit Jahren massiv in die Energieeffizienz unserer Produkte investiert haben. Dazu ein (nicht abschliessendes) Beispiel: Da die ArchivistaBox im Hauptspeicher l\u00e4uft, sind um Faktoren geringere Festplattenzugriffe (entsprechende l\u00e4ngere Lebensdauer und tieferer Strombedarf) zu verzeichnen.<\/p>\n<p>Nochmals um den Faktor 2 zur Stromreduktion beitragen kann der Tiefschlafmodus unserer ArchivistaBoxen, siehe dazu der <strong><a href=\"https:\/\/archivista.ch\/cms\/de\/aktuell-blog\/blogs-2021\/2021-vii-mehr-als-optimierung\/\">Blogeintrag vom letzten Juli.<\/a> <\/strong>Der Strombedarf einer voll ausgestatteten ArchivistaBox liegt im Leerlauf je nach Modell zwischen 5 und 20 Watt. Mit dem Tiefschlafmodus l\u00e4sst sich der Strombedarf auf einen Bruchteil (weit unter 1 Watt) dr\u00fccken. Werden die Rechner z.B. nur nachts f\u00fcr 8 Stunden und \u00fcber das Wochenende in den Tiefschlaf versetzt, ergibt dies Einsparungen von \u00fcber 50 Prozent der Stromkosten. Selbstverst\u00e4ndlich funktioniert dies sowohl mit der ArchivistaBox als auch mit AVMultimedia. Enjoy!<\/p>\n\n\n\n\t<div class=\"dkpdf-button-container\" style=\"            text-align:right \">\n\n\t\t<a class=\"dkpdf-button\" href=\"\/cms\/wp-json\/wp\/v2\/pages\/9477?pdf=9477\" target=\"_blank\"><span class=\"dkpdf-button-icon\"><i class=\"fa fa-file-pdf-o\"><\/i><\/span> PDF Button<\/a>\n\n\t<\/div>\n\n\n\n\n\n","protected":false},"excerpt":{"rendered":"<p>Mehr Sicherheit und Anpassungen bei Konditionen Egg, 7. September 2022: Warum erfolgt erst im September das August-Release 2022\/VIII? Ganz einfach, weil viele Aspekte der Sicherheit \u00fcberpr\u00fcft und entsprechend verfeinert wurden. Dieser Prozess dauerte etwas l\u00e4nger, und darum kann das neue Release erst heute offiziell vorgestellt werden. Mit Stichdatum heute werden unsere Preise im Schnitt um [&hellip;]<\/p>\n","protected":false},"author":1,"featured_media":0,"parent":9616,"menu_order":65,"comment_status":"closed","ping_status":"closed","template":"","meta":{"_acf_changed":false,"footnotes":""},"class_list":["post-9477","page","type-page","status-publish","hentry"],"acf":[],"_links":{"self":[{"href":"https:\/\/archivista.ch\/cms\/wp-json\/wp\/v2\/pages\/9477","targetHints":{"allow":["GET"]}}],"collection":[{"href":"https:\/\/archivista.ch\/cms\/wp-json\/wp\/v2\/pages"}],"about":[{"href":"https:\/\/archivista.ch\/cms\/wp-json\/wp\/v2\/types\/page"}],"author":[{"embeddable":true,"href":"https:\/\/archivista.ch\/cms\/wp-json\/wp\/v2\/users\/1"}],"replies":[{"embeddable":true,"href":"https:\/\/archivista.ch\/cms\/wp-json\/wp\/v2\/comments?post=9477"}],"version-history":[{"count":2,"href":"https:\/\/archivista.ch\/cms\/wp-json\/wp\/v2\/pages\/9477\/revisions"}],"predecessor-version":[{"id":9484,"href":"https:\/\/archivista.ch\/cms\/wp-json\/wp\/v2\/pages\/9477\/revisions\/9484"}],"up":[{"embeddable":true,"href":"https:\/\/archivista.ch\/cms\/wp-json\/wp\/v2\/pages\/9616"}],"wp:attachment":[{"href":"https:\/\/archivista.ch\/cms\/wp-json\/wp\/v2\/media?parent=9477"}],"curies":[{"name":"wp","href":"https:\/\/api.w.org\/{rel}","templated":true}]}}

<h1>Mehr Sicherheit und Anpassungen bei Konditionen</h1>
<p><em><strong>Egg, 7. September 2022:</strong> Warum erfolgt erst im September das August-Release 2022/VIII? Ganz einfach, weil viele Aspekte der Sicherheit überprüft und entsprechend verfeinert wurden. Dieser Prozess dauerte etwas länger, und darum kann das neue Release erst heute offiziell vorgestellt werden. Mit Stichdatum heute werden unsere Preise im Schnitt um ca. 5 Prozent angehoben. Zum Schluss des Beitrags gibt es einen Spartipp, mit dem die Stromkosten einer jeden ArchivistaBox oder AVMultimedia um ca. 50 Prozent gesenkt werden können.<br />
</em></p>
<p><a href="https://archivista.ch/cms/wp-content/uploads/2022/09/ticino3.jpg"><img loading="lazy" decoding="async" class="alignnone size-full wp-image-9481" src="https://archivista.ch/cms/wp-content/uploads/2022/09/ticino3.jpg" alt="" width="1920" height="1080" srcset="https://archivista.ch/cms/wp-content/uploads/2022/09/ticino3.jpg 1920w, https://archivista.ch/cms/wp-content/uploads/2022/09/ticino3-300x169.jpg 300w, https://archivista.ch/cms/wp-content/uploads/2022/09/ticino3-1024x576.jpg 1024w, https://archivista.ch/cms/wp-content/uploads/2022/09/ticino3-768x432.jpg 768w, https://archivista.ch/cms/wp-content/uploads/2022/09/ticino3-600x338.jpg 600w, https://archivista.ch/cms/wp-content/uploads/2022/09/ticino3-1536x864.jpg 1536w, https://archivista.ch/cms/wp-content/uploads/2022/09/ticino3-624x351.jpg 624w" sizes="auto, (max-width: 1920px) 100vw, 1920px" /></a></p>
<h2>Version 2022/VIII mit viel Liebe zu Sicherheit</h2>
<p>Nach dem Motto &#8218;Wer rastet, der rostet&#8216; werden Software-Lösungen gegenwärtig in einer Geschwindigkeit weiterentwickelt, dass dabei oftmals die Liebe zum Detail, vor allem aber die Aspekte der Sicherheit zu kurz kommen. Aus diesem Grund wurde die ArchivistaBox die letzten beiden Monate quasi eingefroren. Anstelle von neue Funktionen, wurde die Software dort verbessert, wo mehr Finetuning viel Sinn ergibt. Zudem wurde der Linux-Unterbau mit den neusten stabilen Versionen ausgestattet.</p>
<p>Gemäss <strong><a href="https://stack.watch/product/linux/linux-kernel">https://stack.watch/product/linux/linux-kernel</a></strong> gibt es im Linux-Kernel bis zum September 2022 bereits 178 Bugs, die beseitigt werden mussten. Wer jetzt meinte, mit Windows würde dies nicht passieren, dem darf entgegnet werden, dass bei Windows 11 gemäss <strong><a href="https://stack.watch/product/microsoft/windows-11">https://stack.watch/product/microsoft/windows-11</a></strong> für 2022 bislang 333 Bugs gemeldet sind. Nicht enthalten sind dabei Bugs auf tieferer Stufe (BIOS). Diese sogenannten UEFI-Bugs sind weit gefährlicher, weil bei Befall ein Austausch bzw. Neuinstallation der Software (Linux/Windows) keine Abhilfe schafft. Der Bug liegt tiefer. Stellvertretend für viele ein <strong><a href="https://www.heise.de/news/Updates-notwendig-Sicherheitsluecken-im-UEFI-BIOS-erleichtern-Rootkitverankerung-6346108.html">Beitrag von 2.2.22 (das Datum ist Programm -;) von heise.de.</a></strong></p>
<p>Daher an dieser Stelle die dringende Empfehlung. Bitte Update auf 2022/XIII beziehen und einspielen. Mit WebConfig ist der Vorgang sehr einfach.</p>
<p><a href="https://archivista.ch/cms/wp-content/uploads/2022/09/ticino2.jpg"><img loading="lazy" decoding="async" class="alignnone size-full wp-image-9482" src="https://archivista.ch/cms/wp-content/uploads/2022/09/ticino2.jpg" alt="" width="1920" height="1080" srcset="https://archivista.ch/cms/wp-content/uploads/2022/09/ticino2.jpg 1920w, https://archivista.ch/cms/wp-content/uploads/2022/09/ticino2-300x169.jpg 300w, https://archivista.ch/cms/wp-content/uploads/2022/09/ticino2-1024x576.jpg 1024w, https://archivista.ch/cms/wp-content/uploads/2022/09/ticino2-768x432.jpg 768w, https://archivista.ch/cms/wp-content/uploads/2022/09/ticino2-600x338.jpg 600w, https://archivista.ch/cms/wp-content/uploads/2022/09/ticino2-1536x864.jpg 1536w, https://archivista.ch/cms/wp-content/uploads/2022/09/ticino2-624x351.jpg 624w" sizes="auto, (max-width: 1920px) 100vw, 1920px" /></a></p>
<h2>Angepasste Preise ab September 2022</h2>
<p>Natürlich ist es nicht erfreulich, die Preise anheben zu müssen. Trotzdem lässt es sich in diesem Jahr (die letzte Preisanpassung datiert aus dem Jahr 2008) nicht vermeiden. Im Durchschnitt steigen die Preise unserer Dienstleistungen und Produkte um die 5 Prozent. Dabei gibt es zwei wichtige Ausnahmen: Erstens, die Preise steigen aktuell nicht bei den Modulen (z.B. Barcode-Erkennung) und zweitens werden die Wartungsverträge aktuell nicht angepasst. Ob dies für das Jahr 2023 auch noch der Fall sein wird, kann Stand heute nicht abschliessend gesagt werden.</p>
<p>Bis zum nächsten Versand der Rechnungen werden bei Projekten und im Support noch die alten Preise verwendet. Im Web-Shop <strong><a href="http://shop.archivista.ch">http://shop.archivista.ch</a></strong> finden sich bereits die neuen Preise. Bestellungen werden ab sofort mit den neuen Preisen verarbeitet. Auch hier gibt es die Ausnahme, dass ausgestellte Offerten ihre Gültigkeit behalten. Massgebend ist die auf der Offerte verzeichnete Ablauffrist (i.d.R. 30 Tage).</p>
<p><a href="https://archivista.ch/cms/wp-content/uploads/2022/09/ticino1.jpg"><img loading="lazy" decoding="async" class="alignnone size-full wp-image-9483" src="https://archivista.ch/cms/wp-content/uploads/2022/09/ticino1.jpg" alt="" width="1920" height="1080" srcset="https://archivista.ch/cms/wp-content/uploads/2022/09/ticino1.jpg 1920w, https://archivista.ch/cms/wp-content/uploads/2022/09/ticino1-300x169.jpg 300w, https://archivista.ch/cms/wp-content/uploads/2022/09/ticino1-1024x576.jpg 1024w, https://archivista.ch/cms/wp-content/uploads/2022/09/ticino1-768x432.jpg 768w, https://archivista.ch/cms/wp-content/uploads/2022/09/ticino1-600x338.jpg 600w, https://archivista.ch/cms/wp-content/uploads/2022/09/ticino1-1536x864.jpg 1536w, https://archivista.ch/cms/wp-content/uploads/2022/09/ticino1-624x351.jpg 624w" sizes="auto, (max-width: 1920px) 100vw, 1920px" /></a></p>
<p>An dieser Stelle sei noch angeführt, dass mit unseren ArchivistaBoxen ganz grundsätzlich ein hohes Sparpotential besteht. Alleine dadurch, dass unsere Lösungen sehr energieeffizient laufen (die Scan-Box benötigt ca. 1-3 Watt), dürfte bei im Schnitt ca. 30 Prozent höheren Energiepreisen das Strom-Sparpotential höher als die Preisanpassung bei unseren Produkten liegen. Dies einfach aus dem Grunde, dass wir bereits seit Jahren massiv in die Energieeffizienz unserer Produkte investiert haben. Dazu ein (nicht abschliessendes) Beispiel: Da die ArchivistaBox im Hauptspeicher läuft, sind um Faktoren geringere Festplattenzugriffe (entsprechende längere Lebensdauer und tieferer Strombedarf) zu verzeichnen.</p>
<p>Nochmals um den Faktor 2 zur Stromreduktion beitragen kann der Tiefschlafmodus unserer ArchivistaBoxen, siehe dazu der <strong><a href="https://archivista.ch/cms/de/aktuell-blog/blogs-2021/2021-vii-mehr-als-optimierung/">Blogeintrag vom letzten Juli.</a> </strong>Der Strombedarf einer voll ausgestatteten ArchivistaBox liegt im Leerlauf je nach Modell zwischen 5 und 20 Watt. Mit dem Tiefschlafmodus lässt sich der Strombedarf auf einen Bruchteil (weit unter 1 Watt) drücken. Werden die Rechner z.B. nur nachts für 8 Stunden und über das Wochenende in den Tiefschlaf versetzt, ergibt dies Einsparungen von über 50 Prozent der Stromkosten. Selbstverständlich funktioniert dies sowohl mit der ArchivistaBox als auch mit AVMultimedia. Enjoy!</p>



	<div class="dkpdf-button-container" style="            text-align:right ">

		<a class="dkpdf-button" href="/cms/wp-json/wp/v2/pages/9477?pdf=9477" target="_blank"><span class="dkpdf-button-icon"><i class="fa fa-file-pdf-o"></i></span> PDF Button</a>

	</div>

<p>Mehr Sicherheit und Anpassungen bei Konditionen Egg, 7. September 2022: Warum erfolgt erst im September das August-Release 2022/VIII? Ganz einfach, weil viele Aspekte der Sicherheit überprüft und entsprechend verfeinert wurden. Dieser Prozess dauerte etwas länger, und darum kann das neue Release erst heute offiziell vorgestellt werden. Mit Stichdatum heute werden unsere Preise im Schnitt um [&hellip;]</p>
