{"id":95,"date":"2010-09-27T15:04:45","date_gmt":"2010-09-27T13:04:45","guid":{"rendered":"http:\/\/schulenwegg.ch\/cms\/?page_id=95"},"modified":"2015-06-10T12:03:27","modified_gmt":"2015-06-10T10:03:27","slug":"euro-und-scanning","status":"publish","type":"page","link":"https:\/\/archivista.ch\/cms\/de\/aktuell-blog\/jahre-2008-2019\/blogs-2010\/euro-und-scanning\/","title":{"rendered":"Euro und Scanning"},"content":{"rendered":"<h1>Euro-Wechselkurs und Rent-\u00e0-Scanner-Angebote<\/h1>\n<p><strong>Pfaffhausen, 17. Mai 2010: <\/strong>Heute m\u00f6chten wir zwei Themen aufgreifen, die in letzter Zeit vermehrt im Verkauf nachgefragt wurden. Es geht einmal um den verwendeten Wechselkurs zwischen Euro und Franken sowie um die Frage, zu welchen Konditionen wir Scanner vermieten bzw. Scanning-Dienstleistungen erbringen k\u00f6nnen.<\/p>\n<h2><img loading=\"lazy\" decoding=\"async\" border=\"0\" align=\"right\" width=\"240\" vspace=\"5\" hspace=\"5\" height=\"319\" src=\"\/de\/media\/tschungel2.jpg\" alt=\"\" \/>Euro-Wechselkurs neu bei 1.40<\/h2>\n<p>Wir wurden in letzter Zeit mehrfach gefragt, wie die Euro-Preise in unserem Shop kalkuliert werden. Als Schweizer Firma arbeiten wir bei der Leitw\u00e4hrung (d.h. bei der Preiskalkulation) in Franken. Im Shop wird der Euro entsprechend umgerechnet, wobei die letzten beiden Jahren der Umrechnungssatz bei 1.50 (1 Euro=1.50 Franken) lag.<\/p>\n<p>Mittlerweile ist der <strong>Euro im Vergleich zum Franken gefallen, d.h. er liegt gegenw\u00e4rtig irgendwo bei 1.40xy. Daher haben wir den Euro-Wechselkurs auf 1.40 gesetzt.<\/strong> Bei dieser Gelegenheit m\u00f6chten wir kurz erkl\u00e4ren, wie der Wechselkurs gehandhabt wird. Der Kurs wird von Hand angepasst. Dies deshalb, weil die meisten ArchivistaBox-Systeme projektbezogen eingesetzt werden, d.h. es kann einige Zeit dauern zwischen der Evaluation und der Bestellung. Da wir w\u00e4hrend dieser Zeitspanne (meist zwischen 1 Woche und 1 Monat) die Preise konstant haben m\u00f6chten, passen wir die Wechselkurse sehr konservativ und in 0,10 Euro-Schritten an.<\/p>\n<p>So konnten Kunden, die im M\u00e4rz 2010 bestellten, noch von einem Umrechnungskurs von 1.50 profitieren, obwohl der Kurs bereits bei 1.45 lag. Mittlerweile (Mitte Mai) liegt der Kurs bei 1.40xy, sodass wir den Wechselkurs ab sofort bei 1.40 kalkulieren. <strong>Steigt der Kurs wieder auf mehr als 1.49, erfolgt eine Anpassung auf 1.50, f\u00e4llt der Kurs dagegen auf unter 1.31, so wird er auf 1.30 gesenkt.<\/strong> Weiter sei noch darauf hingewiesen, dass die Preise immer die Mehrwertsteuer (MwSt) enthalten, d.h. f\u00fcr die Schweiz fallen im Moment 7,6 Prozent an, bei den Euro-Preisen gelten die je nach Land g\u00fcltigen Prozents\u00e4tze (in Deutschland z.B. derzeit 19 Prozent).<\/p>\n<h2>Rent-\u00e0-Scanner und Scanning-Dienstleistungen<\/h2>\n<p>Zu beiden Punkten erhalten wir relativ h\u00e4ufig Anfragen. Zun\u00e4chst zum Mieten von Scannern. Bereits seit 2005 vermieten wir keine Scanner mehr. In den Jahren 2005 bis 2007 konnten Scanner noch zusammen mit den ArchivistaBox-Systemen gemietet werden. Die damaligen Packages lagen bei ca. sFr. 1000.&#8211; f\u00fcr den ersten Monat bzw. weiteren sFr. 700.&#8211; f\u00fcr die Folge-Monate (ein Depot \u00fcber sFr. 1000.&#8211; nicht eingerechnet).<\/p>\n<p>Heute kostet die <strong>ArchivistaBox Dolder zusammen mit dem Fujitsu s1500 (20 Seiten\/Minute, max. 1000 Seiten pro Tag) noch ganze sFr. 1678.55 (inkl. MwSt).<\/strong> Es d\u00fcrfte sich von alleine verstehen, dass sich das Vermieten bei diesen Preisen nicht mehr lohnt, weder f\u00fcr Sie noch f\u00fcr uns.<\/p>\n<p>\u00c4hnlich sieht die Sache bei den Scanning-Dienstleistungen aus. Hier wurden beim Scannen von Farbseiten (Farbe, 300dpi, durchsuchbare PDF-Dateien) bei 900 Seiten sFr. 1.80 verrechnet. Daraus resultierten Kosten von sFr. 1650.&#8211; (exkl. MwSt), bzw. sFr. 1743.10 inkl. MwSt. Auch hier gilt deshalb, die <strong>Anschaffung einer ArchivistaBox samt Scanner ist kosteng\u00fcnstiger als eine Miet-Variante.<\/strong><\/p>\n<p>Und noch etwas, sofern Sie die Seiten gut vorbereiten, k\u00f6nnen wir das System vor Ort bei Ihnen schulen und diese 900 Belege gleich verarbeiten. 2 bis 3 Stunden (Schulung und Scannen der Belege!) d\u00fcrften dazu reichen, d.h. f\u00fcr ca. sFr. 2000.&#8211; (exkl. MwSt und Wegpauschale) w\u00e4re dieser Job erfolgreich abgeschlossen. Sowohl die ArchivistaBox Dolder als auch den Fujitsu-Scanner s1500 d\u00fcrfen Sie in jedem Falle behalten, genauso wie die ArchivistaBox-Preise bereits das erste Jahr der Wartung enthalten.<\/p>\n<p>\u00dcber den Daumen gepeilt kann gesagt werden, dass unabh\u00e4ngig vom Scan-Volumen der Einsatz neuer Ger\u00e4te (ArchivistaBox und entsprechender Dokumenten-Scanner) g\u00fcnstiger sein wird als entsprechende Miet-Angebote. Sollten Sie Scan-Volumen jenseits von 100&#8217;000 Seiten pro Jahr haben, so k\u00f6nnte ein Outsourcing der Arbeiten kosteng\u00fcnstiger sein, gerne unterbreiten wir Ihnen in solchen F\u00e4llen eine <a href=\"mailto:webmaster@archivista.ch?subject=Scanning-Dienstleistungen&#038;body=Wir%20m%C3%B6chten%20mehr%20erfahren%20zu%20den%20Scanning-Dienstleistungen.%20Nehmen%20Sie%20mit%20uns%20Kontakt%20auf.%20Unsere%20Adresse%3A%0A\"><strong>detaillierte Offerte betr. Scanning-Dienstleistungen.<\/strong><\/a><em><br \/><\/em><\/p>\n\n\n\n\t<div class=\"dkpdf-button-container\" style=\"            text-align:right \">\n\n\t\t<a class=\"dkpdf-button\" href=\"\/cms\/wp-json\/wp\/v2\/pages\/95?pdf=95\" target=\"_blank\"><span class=\"dkpdf-button-icon\"><i class=\"fa fa-file-pdf-o\"><\/i><\/span> PDF Button<\/a>\n\n\t<\/div>\n\n\n\n\n\n","protected":false},"excerpt":{"rendered":"<p>Euro-Wechselkurs und Rent-\u00e0-Scanner-Angebote Pfaffhausen, 17. Mai 2010: Heute m\u00f6chten wir zwei Themen aufgreifen, die in letzter Zeit vermehrt im Verkauf nachgefragt wurden. Es geht einmal um den verwendeten Wechselkurs zwischen Euro und Franken sowie um die Frage, zu welchen Konditionen wir Scanner vermieten bzw. Scanning-Dienstleistungen erbringen k\u00f6nnen. Euro-Wechselkurs neu bei 1.40 Wir wurden in letzter [&hellip;]<\/p>\n","protected":false},"author":1,"featured_media":0,"parent":224,"menu_order":334,"comment_status":"closed","ping_status":"closed","template":"","meta":{"_acf_changed":false,"footnotes":""},"class_list":["post-95","page","type-page","status-publish","hentry"],"acf":[],"_links":{"self":[{"href":"https:\/\/archivista.ch\/cms\/wp-json\/wp\/v2\/pages\/95","targetHints":{"allow":["GET"]}}],"collection":[{"href":"https:\/\/archivista.ch\/cms\/wp-json\/wp\/v2\/pages"}],"about":[{"href":"https:\/\/archivista.ch\/cms\/wp-json\/wp\/v2\/types\/page"}],"author":[{"embeddable":true,"href":"https:\/\/archivista.ch\/cms\/wp-json\/wp\/v2\/users\/1"}],"replies":[{"embeddable":true,"href":"https:\/\/archivista.ch\/cms\/wp-json\/wp\/v2\/comments?post=95"}],"version-history":[{"count":0,"href":"https:\/\/archivista.ch\/cms\/wp-json\/wp\/v2\/pages\/95\/revisions"}],"up":[{"embeddable":true,"href":"https:\/\/archivista.ch\/cms\/wp-json\/wp\/v2\/pages\/224"}],"wp:attachment":[{"href":"https:\/\/archivista.ch\/cms\/wp-json\/wp\/v2\/media?parent=95"}],"curies":[{"name":"wp","href":"https:\/\/api.w.org\/{rel}","templated":true}]}}